63.246.149.117 - - [22/Dec/2023:13:41:07 +0000] "GET /cPanel_magic_revision_1648610195/unprotected/cpanel/fonts/open_sans/OpenSans-Bold-webfont.woff HTTP/1.1" 200 22295 "https://whm.ornateshopinc.com.infinitibizsol.com/cPanel_magic_revision_1648610195/unprotected/cpanel/fonts/open_sans/open_sans.min.css" "Mozilla/5.0 (Windows NT 10.0; WOW64) AppleWebKit/537.36 (KHTML, like Gecko) Chrome/110.0.0.0 Safari/537.36"
63.246.149.117 - - [22/Dec/2023:13:41:07 +0000] "GET /cPanel_magic_revision_1648610195/unprotected/cpanel/fonts/open_sans/OpenSans-Semibold-webfont.woff HTTP/1.1" 200 22776 "https://whm.ornateshopinc.com.infinitibizsol.com/cPanel_magic_revision_1648610195/unprotected/cpanel/fonts/open_sans/open_sans.min.css" "Mozilla/5.0 (Windows NT 10.0; WOW64) AppleWebKit/537.36 (KHTML, like Gecko) Chrome/110.0.0.0 Safari/537.36"
63.246.149.117 - - [22/Dec/2023:13:41:07 +0000] "GET /cPanel_magic_revision_1696277153/unprotected/cpanel/images/icon-password.png HTTP/1.1" 200 450 "https://whm.ornateshopinc.com.infinitibizsol.com/cPanel_magic_revision_1696278722/unprotected/cpanel/style_v2_optimized.css" "Mozilla/5.0 (Windows NT 10.0; WOW64) AppleWebKit/537.36 (KHTML, like Gecko) Chrome/110.0.0.0 Safari/537.36"
63.246.149.117 - - [22/Dec/2023:13:41:07 +0000] "GET /cPanel_magic_revision_1696277153/unprotected/cpanel/images/notice-info.png HTTP/1.1" 200 976 "https://whm.ornateshopinc.com.infinitibizsol.com/cPanel_magic_revision_1696278722/unprotected/cpanel/style_v2_optimized.css" "Mozilla/5.0 (Windows NT 10.0; WOW64) AppleWebKit/537.36 (KHTML, like Gecko) Chrome/110.0.0.0 Safari/537.36"
63.246.149.117 - - [22/Dec/2023:13:41:07 +0000] "GET /cPanel_magic_revision_1696277153/unprotected/cpanel/images/notice-success.png HTTP/1.1" 200 962 "https://whm.ornateshopinc.com.infinitibizsol.com/cPanel_magic_revision_1696278722/unprotected/cpanel/style_v2_optimized.css" "Mozilla/5.0 (Windows NT 10.0; WOW64) AppleWebKit/537.36 (KHTML, like Gecko) Chrome/110.0.0.0 Safari/537.36"
63.246.149.117 - - [22/Dec/2023:13:41:07 +0000] "GET /cPanel_magic_revision_1696277153/unprotected/cpanel/images/cp-logo_white.svg HTTP/1.1" 200 894 "https://whm.ornateshopinc.com.infinitibizsol.com/cPanel_magic_revision_1696278722/unprotected/cpanel/style_v2_optimized.css" "Mozilla/5.0 (Windows NT 10.0; WOW64) AppleWebKit/537.36 (KHTML, like Gecko) Chrome/110.0.0.0 Safari/537.36"
63.246.149.117 - - [22/Dec/2023:13:41:07 +0000] "GET /cPanel_magic_revision_1696277153/unprotected/cpanel/images/warning.png HTTP/1.1" 200 1060 "https://whm.ornateshopinc.com.infinitibizsol.com/cPanel_magic_revision_1696278722/unprotected/cpanel/style_v2_optimized.css" "Mozilla/5.0 (Windows NT 10.0; WOW64) AppleWebKit/537.36 (KHTML, like Gecko) Chrome/110.0.0.0 Safari/537.36"
::1 - - [22/Dec/2023:13:41:18 +0000] "OPTIONS * HTTP/1.0" 200 - "-" "Apache/2.4.58 (cPanel) OpenSSL/1.1.1k mod_bwlimited/1.4 (internal dummy connection)"
::1 - - [22/Dec/2023:13:41:19 +0000] "OPTIONS * HTTP/1.0" 200 - "-" "Apache/2.4.58 (cPanel) OpenSSL/1.1.1k mod_bwlimited/1.4 (internal dummy connection)"
::1 - - [22/Dec/2023:13:41:20 +0000] "OPTIONS * HTTP/1.0" 200 - "-" "Apache/2.4.58 (cPanel) OpenSSL/1.1.1k mod_bwlimited/1.4 (internal dummy connection)"
::1 - - [22/Dec/2023:13:42:07 +0000] "OPTIONS * HTTP/1.0" 200 - "-" "Apache/2.4.58 (cPanel) OpenSSL/1.1.1k mod_bwlimited/1.4 (internal dummy connection)"
::1 - - [22/Dec/2023:13:42:21 +0000] "OPTIONS * HTTP/1.0" 200 - "-" "Apache/2.4.58 (cPanel) OpenSSL/1.1.1k mod_bwlimited/1.4 (internal dummy connection)"
1.72.4.181 - - [22/Dec/2023:13:43:36 +0000] "GET / HTTP/1.1" 200 12777 "-" "Mozilla/5.0 (Macintosh; Intel Mac OS X 10_15_7) AppleWebKit/605.1.15 (KHTML, like Gecko) Version/16.0 Safari/605.1.15"
1.72.4.181 - - [22/Dec/2023:13:43:37 +0000] "GET / HTTP/1.1" 200 12777 "-" "Mozilla/5.0 (Macintosh; Intel Mac OS X 10_15_7) AppleWebKit/605.1.15 (KHTML, like Gecko) Version/16.0 Safari/605.1.15"
::1 - - [22/Dec/2023:13:43:46 +0000] "OPTIONS * HTTP/1.0" 200 - "-" "Apache/2.4.58 (cPanel) OpenSSL/1.1.1k mod_bwlimited/1.4 (internal dummy connection)"
106.154.144.94 - - [22/Dec/2023:13:43:50 +0000] "GET / HTTP/1.1" 200 12704 "-" "Mozilla/5.0 (Windows NT 10.0; Win64; x64; rv:109.0) Gecko/20100101 Firefox/117.0"
106.154.144.94 - - [22/Dec/2023:13:43:50 +0000] "GET / HTTP/1.1" 200 12704 "-" "Mozilla/5.0 (Windows NT 10.0; Win64; x64; rv:109.0) Gecko/20100101 Firefox/117.0"
34.212.137.44 - - [22/Dec/2023:13:44:08 +0000] "GET / HTTP/1.1" 200 163 "-" "Mozilla/5.0 (X11; Linux x86_64) AppleWebKit/537.36 (KHTML, like Gecko) Chrome/83.0.4103.97 Safari/537.36"
54.200.175.115 - - [22/Dec/2023:13:44:29 +0000] "GET /favicon.ico HTTP/1.1" 404 10075 "-" "Mozilla/5.0 (X11; Linux x86_64) AppleWebKit/537.36 (KHTML, like Gecko) Chrome/83.0.4103.97 Safari/537.36"
54.200.175.115 - - [22/Dec/2023:13:44:34 +0000] "GET / HTTP/1.1" 200 163 "-" "Mozilla/5.0 (X11; Linux x86_64) AppleWebKit/537.36 (KHTML, like Gecko) Chrome/83.0.4103.97 Safari/537.36"
127.0.0.1 - - [22/Dec/2023:13:45:01 +0000] "GET /whm-server-status HTTP/1.0" 200 23061 "-" "-"
1.66.103.17 - - [22/Dec/2023:13:45:04 +0000] "GET / HTTP/1.1" 200 12777 "-" "Mozilla/5.0 (iPhone; CPU iPhone OS 16_6 like Mac OS X) AppleWebKit/605.1.15 (KHTML, like Gecko) CriOS/118.0.5993.69 Mobile/15E148 Safari/604.1"
1.66.103.17 - - [22/Dec/2023:13:45:04 +0000] "GET / HTTP/1.1" 200 12777 "-" "Mozilla/5.0 (iPhone; CPU iPhone OS 16_6 like Mac OS X) AppleWebKit/605.1.15 (KHTML, like Gecko) CriOS/118.0.5993.69 Mobile/15E148 Safari/604.1"
::1 - - [22/Dec/2023:13:47:23 +0000] "OPTIONS * HTTP/1.0" 200 - "-" "Apache/2.4.58 (cPanel) OpenSSL/1.1.1k mod_bwlimited/1.4 (internal dummy connection)"
45.33.87.154 - - [22/Dec/2023:13:47:33 +0000] "GET / HTTP/1.1" 200 163 "-" "Mozilla/5.0 zgrab/0.x"
::1 - - [22/Dec/2023:13:47:36 +0000] "OPTIONS * HTTP/1.0" 200 - "-" "Apache/2.4.58 (cPanel) OpenSSL/1.1.1k mod_bwlimited/1.4 (internal dummy connection)"
104.129.18.39 - - [22/Dec/2023:13:47:52 +0000] "GET / HTTP/1.1" 200 37217 "https://whm.ornateshopinc.com.infinitibizsol.com/" "Mozilla/5.0 (iPhone; CPU iPhone OS 16_1_1 like Mac OS X) AppleWebKit/605.1.15 (KHTML, like Gecko) Version/16.1 Mobile/15E148 Safari/604.1"
51.178.81.195 - - [22/Dec/2023:13:47:52 +0000] "GET / HTTP/1.1" 200 37736 "https://whm.ornateshopinc.com.infinitibizsol.com/" "Mozilla/5.0 (Windows NT 10.0; Win64; x64) AppleWebKit/537.36 (KHTML, like Gecko) Chrome/120.0.0.0 Safari/537.36 Edg/120.0.0.0"
38.95.13.131 - - [22/Dec/2023:13:47:54 +0000] "GET / HTTP/1.1" 200 37217 "https://whm.ornateshopinc.com.infinitibizsol.com/" "Mozilla/5.0 (iPhone; CPU iPhone OS 17_1 like Mac OS X) AppleWebKit/605.1.15 (KHTML, like Gecko) CriOS/119.0.6045.169 Mobile/15E148 Safari/604.1"
185.206.225.135 - - [22/Dec/2023:13:47:55 +0000] "GET / HTTP/1.1" 200 37217 "https://whm.ornateshopinc.com.infinitibizsol.com/" "Mozilla/5.0 (iPhone; CPU iPhone OS 16_3_1 like Mac OS X) AppleWebKit/605.1.15 (KHTML, like Gecko) Version/16.3 Mobile/15E148 Safari/604.1"
104.129.18.39 - - [22/Dec/2023:13:48:01 +0000] "GET /cPanel_magic_revision_1696277153/unprotected/cpanel/images/whm-logo_white.svg HTTP/1.1" 200 3309 "https://whm.ornateshopinc.com.infinitibizsol.com/cPanel_magic_revision_1696277153/unprotected/cpanel/images/whm-logo_white.svg" "Mozilla/5.0 (iPhone; CPU iPhone OS 16_1_1 like Mac OS X) AppleWebKit/605.1.15 (KHTML, like Gecko) Version/16.1 Mobile/15E148 Safari/604.1"
51.178.81.195 - - [22/Dec/2023:13:48:02 +0000] "GET /cPanel_magic_revision_1696277153/unprotected/cpanel/images/whm-logo_white.svg HTTP/1.1" 200 3309 "https://whm.ornateshopinc.com.infinitibizsol.com/cPanel_magic_revision_1696277153/unprotected/cpanel/images/whm-logo_white.svg" "Mozilla/5.0 (Windows NT 10.0; Win64; x64) AppleWebKit/537.36 (KHTML, like Gecko) Chrome/120.0.0.0 Safari/537.36 Edg/120.0.0.0"
45.79.181.223 - - [22/Dec/2023:13:48:04 +0000] "GET / HTTP/1.1" 200 163 "-" "Mozilla/5.0 (Macintosh; Intel Mac OS X 13_1) AppleWebKit/537.36 (KHTML, like Gecko) Chrome/108.0.0.0 Safari/537.36"
185.206.225.135 - - [22/Dec/2023:13:48:10 +0000] "GET /cPanel_magic_revision_1696277153/unprotected/cpanel/images/whm-logo_white.svg HTTP/1.1" 200 3309 "https://whm.ornateshopinc.com.infinitibizsol.com/cPanel_magic_revision_1696277153/unprotected/cpanel/images/whm-logo_white.svg" "Mozilla/5.0 (iPhone; CPU iPhone OS 16_3_1 like Mac OS X) AppleWebKit/605.1.15 (KHTML, like Gecko) Version/16.3 Mobile/15E148 Safari/604.1"
38.95.13.131 - - [22/Dec/2023:13:48:11 +0000] "GET /cPanel_magic_revision_1696277153/unprotected/cpanel/images/whm-logo_white.svg HTTP/1.1" 200 3309 "https://whm.ornateshopinc.com.infinitibizsol.com/cPanel_magic_revision_1696277153/unprotected/cpanel/images/whm-logo_white.svg" "Mozilla/5.0 (iPhone; CPU iPhone OS 17_1 like Mac OS X) AppleWebKit/605.1.15 (KHTML, like Gecko) CriOS/119.0.6045.169 Mobile/15E148 Safari/604.1"
127.0.0.1 - - [22/Dec/2023:13:48:18 +0000] "GET / HTTP/1.0" 200 163 "-" "-"
38.95.13.131 - - [22/Dec/2023:13:48:30 +0000] "GET /favicon.ico HTTP/1.1" 200 37217 "https://whm.ornateshopinc.com.infinitibizsol.com/favicon.ico" "Mozilla/5.0 (iPhone; CPU iPhone OS 17_1 like Mac OS X) AppleWebKit/605.1.15 (KHTML, like Gecko) CriOS/119.0.6045.169 Mobile/15E148 Safari/604.1"
102.129.153.151 - - [22/Dec/2023:13:48:48 +0000] "GET / HTTP/1.1" 200 37217 "https://whm.erofdallastx.com.infinitibizsol.com/" "Mozilla/5.0 (iPhone; CPU iPhone OS 16_3_1 like Mac OS X) AppleWebKit/605.1.15 (KHTML, like Gecko) Version/16.3 Mobile/15E148 Safari/604.1"
82.102.31.43 - - [22/Dec/2023:13:48:49 +0000] "GET / HTTP/1.1" 200 37217 "https://whm.erofdallastx.com.infinitibizsol.com/" "Mozilla/5.0 (iPhone; CPU iPhone OS 17_1 like Mac OS X) AppleWebKit/605.1.15 (KHTML, like Gecko) CriOS/119.0.6045.169 Mobile/15E148 Safari/604.1"
185.206.225.135 - - [22/Dec/2023:13:48:49 +0000] "GET / HTTP/1.1" 200 37217 "https://whm.erofdallastx.com.infinitibizsol.com/" "Mozilla/5.0 (Windows NT 10.0; Win64; x64) AppleWebKit/537.36 (KHTML, like Gecko) Chrome/120.0.0.0 Safari/537.36 Edg/120.0.0.0"
51.178.81.195 - - [22/Dec/2023:13:48:51 +0000] "GET / HTTP/1.1" 200 37736 "https://whm.erofdallastx.com.infinitibizsol.com/" "Mozilla/5.0 (Macintosh; Intel Mac OS X 10_15_7) AppleWebKit/605.1.15 (KHTML, like Gecko) Version/15.6.1 Safari/605.1.15"
185.206.225.135 - - [22/Dec/2023:13:49:00 +0000] "GET /cPanel_magic_revision_1696277153/unprotected/cpanel/images/whm-logo_white.svg HTTP/1.1" 200 3309 "https://whm.erofdallastx.com.infinitibizsol.com/cPanel_magic_revision_1696277153/unprotected/cpanel/images/whm-logo_white.svg" "Mozilla/5.0 (Windows NT 10.0; Win64; x64) AppleWebKit/537.36 (KHTML, like Gecko) Chrome/120.0.0.0 Safari/537.36 Edg/120.0.0.0"
102.129.153.151 - - [22/Dec/2023:13:49:00 +0000] "GET /cPanel_magic_revision_1696277153/unprotected/cpanel/images/whm-logo_white.svg HTTP/1.1" 200 3309 "https://whm.erofdallastx.com.infinitibizsol.com/cPanel_magic_revision_1696277153/unprotected/cpanel/images/whm-logo_white.svg" "Mozilla/5.0 (iPhone; CPU iPhone OS 16_3_1 like Mac OS X) AppleWebKit/605.1.15 (KHTML, like Gecko) Version/16.3 Mobile/15E148 Safari/604.1"
82.102.31.43 - - [22/Dec/2023:13:49:10 +0000] "GET /cPanel_magic_revision_1696277153/unprotected/cpanel/images/whm-logo_white.svg HTTP/1.1" 200 3309 "https://whm.erofdallastx.com.infinitibizsol.com/cPanel_magic_revision_1696277153/unprotected/cpanel/images/whm-logo_white.svg" "Mozilla/5.0 (iPhone; CPU iPhone OS 17_1 like Mac OS X) AppleWebKit/605.1.15 (KHTML, like Gecko) CriOS/119.0.6045.169 Mobile/15E148 Safari/604.1"
92.10.126.113 - - [22/Dec/2023:13:49:46 +0000] "GET /favicon.ico HTTP/1.1" 200 37217 "https://whm.erofdallastx.com.infinitibizsol.com/favicon.ico" "Mozilla/5.0 (iPhone; CPU iPhone OS 17_1 like Mac OS X) AppleWebKit/605.1.15 (KHTML, like Gecko) CriOS/119.0.6045.169 Mobile/15E148 Safari/604.1"
127.0.0.1 - - [22/Dec/2023:13:50:02 +0000] "GET /whm-server-status HTTP/1.0" 200 22960 "-" "-"
45.79.128.205 - - [22/Dec/2023:13:50:48 +0000] "\x16\x03\x01" 400 10075 "-" "-"
1.72.4.181 - - [22/Dec/2023:13:51:04 +0000] "GET / HTTP/1.1" 200 12704 "-" "Mozilla/5.0 (Windows NT 10.0; Win64; x64; rv:109.0) Gecko/20100101 Firefox/117.0"
1.72.4.181 - - [22/Dec/2023:13:51:04 +0000] "GET / HTTP/1.1" 200 12704 "-" "Mozilla/5.0 (Windows NT 10.0; Win64; x64; rv:109.0) Gecko/20100101 Firefox/117.0"
::1 - - [22/Dec/2023:13:51:29 +0000] "OPTIONS * HTTP/1.0" 200 - "-" "Apache/2.4.58 (cPanel) OpenSSL/1.1.1k mod_bwlimited/1.4 (internal dummy connection)"
::1 - - [22/Dec/2023:13:52:03 +0000] "OPTIONS * HTTP/1.0" 200 - "-" "Apache/2.4.58 (cPanel) OpenSSL/1.1.1k mod_bwlimited/1.4 (internal dummy connection)"
::1 - - [22/Dec/2023:13:52:04 +0000] "OPTIONS * HTTP/1.0" 200 - "-" "Apache/2.4.58 (cPanel) OpenSSL/1.1.1k mod_bwlimited/1.4 (internal dummy connection)"
172.94.94.10 - - [22/Dec/2023:13:52:07 +0000] "GET / HTTP/1.1" 200 12293 "-" "Mozilla/5.0 (X11; Linux x86_64) AppleWebKit/537.36 (KHTML, like Gecko) HeadlessChrome/109.0.5414.46 Safari/537.36"
172.94.94.10 - - [22/Dec/2023:13:52:08 +0000] "GET /cPanel_magic_revision_1648610195/unprotected/cpanel/fonts/open_sans/open_sans.min.css HTTP/1.1" 200 522 "https://whm.ornateshopinc.com.infinitibizsol.com/" "Mozilla/5.0 (X11; Linux x86_64) AppleWebKit/537.36 (KHTML, like Gecko) HeadlessChrome/109.0.5414.46 Safari/537.36"
172.94.94.10 - - [22/Dec/2023:13:52:08 +0000] "GET /cPanel_magic_revision_1696278722/unprotected/cpanel/style_v2_optimized.css HTTP/1.1" 200 33186 "https://whm.ornateshopinc.com.infinitibizsol.com/" "Mozilla/5.0 (X11; Linux x86_64) AppleWebKit/537.36 (KHTML, like Gecko) HeadlessChrome/109.0.5414.46 Safari/537.36"
172.94.94.10 - - [22/Dec/2023:13:52:10 +0000] "GET /cPanel_magic_revision_1696277153/unprotected/cpanel/images/whm-logo_white.svg HTTP/1.1" 200 1516 "https://whm.ornateshopinc.com.infinitibizsol.com/" "Mozilla/5.0 (X11; Linux x86_64) AppleWebKit/537.36 (KHTML, like Gecko) HeadlessChrome/109.0.5414.46 Safari/537.36"
172.94.94.10 - - [22/Dec/2023:13:52:10 +0000] "GET /cPanel_magic_revision_1696277153/unprotected/cpanel/images/notice-error.png HTTP/1.1" 200 1026 "https://whm.ornateshopinc.com.infinitibizsol.com/cPanel_magic_revision_1696278722/unprotected/cpanel/style_v2_optimized.css" "Mozilla/5.0 (X11; Linux x86_64) AppleWebKit/537.36 (KHTML, like Gecko) HeadlessChrome/109.0.5414.46 Safari/537.36"
172.94.94.10 - - [22/Dec/2023:13:52:10 +0000] "GET /cPanel_magic_revision_1696277153/unprotected/cpanel/images/icon-username.png HTTP/1.1" 200 320 "https://whm.ornateshopinc.com.infinitibizsol.com/cPanel_magic_revision_1696278722/unprotected/cpanel/style_v2_optimized.css" "Mozilla/5.0 (X11; Linux x86_64) AppleWebKit/537.36 (KHTML, like Gecko) HeadlessChrome/109.0.5414.46 Safari/537.36"
172.94.94.10 - - [22/Dec/2023:13:52:10 +0000] "GET /cPanel_magic_revision_1648610195/unprotected/cpanel/fonts/open_sans/OpenSans-Regular-webfont.woff HTTP/1.1" 200 22521 "https://whm.ornateshopinc.com.infinitibizsol.com/cPanel_magic_revision_1648610195/unprotected/cpanel/fonts/open_sans/open_sans.min.css" "Mozilla/5.0 (X11; Linux x86_64) AppleWebKit/537.36 (KHTML, like Gecko) HeadlessChrome/109.0.5414.46 Safari/537.36"
172.94.94.10 - - [22/Dec/2023:13:52:10 +0000] "GET /cPanel_magic_revision_1648610195/unprotected/cpanel/fonts/open_sans/OpenSans-Semibold-webfont.woff HTTP/1.1" 200 22776 "https://whm.ornateshopinc.com.infinitibizsol.com/cPanel_magic_revision_1648610195/unprotected/cpanel/fonts/open_sans/open_sans.min.css" "Mozilla/5.0 (X11; Linux x86_64) AppleWebKit/537.36 (KHTML, like Gecko) HeadlessChrome/109.0.5414.46 Safari/537.36"
172.94.94.10 - - [22/Dec/2023:13:52:10 +0000] "GET /cPanel_magic_revision_1648610195/unprotected/cpanel/fonts/open_sans/OpenSans-Bold-webfont.woff HTTP/1.1" 200 22295 "https://whm.ornateshopinc.com.infinitibizsol.com/cPanel_magic_revision_1648610195/unprotected/cpanel/fonts/open_sans/open_sans.min.css" "Mozilla/5.0 (X11; Linux x86_64) AppleWebKit/537.36 (KHTML, like Gecko) HeadlessChrome/109.0.5414.46 Safari/537.36"
172.94.94.10 - - [22/Dec/2023:13:52:11 +0000] "GET /cPanel_magic_revision_1696277153/unprotected/cpanel/images/cp-logo_white.svg HTTP/1.1" 200 894 "https://whm.ornateshopinc.com.infinitibizsol.com/cPanel_magic_revision_1696278722/unprotected/cpanel/style_v2_optimized.css" "Mozilla/5.0 (X11; Linux x86_64) AppleWebKit/537.36 (KHTML, like Gecko) HeadlessChrome/109.0.5414.46 Safari/537.36"
172.94.94.10 - - [22/Dec/2023:13:52:11 +0000] "GET /cPanel_magic_revision_1696277153/unprotected/cpanel/images/icon-password.png HTTP/1.1" 200 450 "https://whm.ornateshopinc.com.infinitibizsol.com/cPanel_magic_revision_1696278722/unprotected/cpanel/style_v2_optimized.css" "Mozilla/5.0 (X11; Linux x86_64) AppleWebKit/537.36 (KHTML, like Gecko) HeadlessChrome/109.0.5414.46 Safari/537.36"
172.94.94.10 - - [22/Dec/2023:13:52:11 +0000] "GET /cPanel_magic_revision_1696277153/unprotected/cpanel/images/notice-info.png HTTP/1.1" 200 976 "https://whm.ornateshopinc.com.infinitibizsol.com/cPanel_magic_revision_1696278722/unprotected/cpanel/style_v2_optimized.css" "Mozilla/5.0 (X11; Linux x86_64) AppleWebKit/537.36 (KHTML, like Gecko) HeadlessChrome/109.0.5414.46 Safari/537.36"
172.94.94.10 - - [22/Dec/2023:13:52:12 +0000] "GET /cPanel_magic_revision_1696277153/unprotected/cpanel/images/warning.png HTTP/1.1" 200 1060 "https://whm.ornateshopinc.com.infinitibizsol.com/cPanel_magic_revision_1696278722/unprotected/cpanel/style_v2_optimized.css" "Mozilla/5.0 (X11; Linux x86_64) AppleWebKit/537.36 (KHTML, like Gecko) HeadlessChrome/109.0.5414.46 Safari/537.36"
172.94.94.10 - - [22/Dec/2023:13:52:12 +0000] "GET /cPanel_magic_revision_1696277153/unprotected/cpanel/images/notice-success.png HTTP/1.1" 200 962 "https://whm.ornateshopinc.com.infinitibizsol.com/cPanel_magic_revision_1696278722/unprotected/cpanel/style_v2_optimized.css" "Mozilla/5.0 (X11; Linux x86_64) AppleWebKit/537.36 (KHTML, like Gecko) HeadlessChrome/109.0.5414.46 Safari/537.36"
::1 - - [22/Dec/2023:13:52:31 +0000] "OPTIONS * HTTP/1.0" 200 - "-" "Apache/2.4.58 (cPanel) OpenSSL/1.1.1k mod_bwlimited/1.4 (internal dummy connection)"
167.88.60.251 - - [22/Dec/2023:13:53:06 +0000] "GET / HTTP/1.1" 200 37217 "https://whm.ornateshopinc.com.infinitibizsol.com/" "Mozilla/5.0 (iPhone; CPU iPhone OS 17_1 like Mac OS X) AppleWebKit/605.1.15 (KHTML, like Gecko) CriOS/120.0.6099.101 Mobile/15E148 Safari/604.1"
106.161.65.206 - - [22/Dec/2023:13:53:07 +0000] "GET / HTTP/1.1" 200 37934 "https://whm.ornateshopinc.com.infinitibizsol.com/" "Mozilla/5.0 (iPhone; CPU iPhone OS 16_1_1 like Mac OS X) AppleWebKit/605.1.15 (KHTML, like Gecko) Version/16.1 Mobile/15E148 Safari/604.1"
103.27.227.238 - - [22/Dec/2023:13:53:07 +0000] "GET / HTTP/1.1" 200 37217 "https://whm.ornateshopinc.com.infinitibizsol.com/" "Mozilla/5.0 (iPhone; CPU iPhone OS 16_1_1 like Mac OS X) AppleWebKit/605.1.15 (KHTML, like Gecko) Version/16.1 Mobile/15E148 Safari/604.1"
203.57.115.146 - - [22/Dec/2023:13:53:07 +0000] "GET / HTTP/1.1" 200 37217 "https://whm.ornateshopinc.com.infinitibizsol.com/" "Mozilla/5.0 (Windows NT 10.0; Win64; x64) AppleWebKit/537.36 (KHTML, like Gecko) Chrome/119.0.0.0 Safari/537.36 Edg/119.0.0.0"
103.27.227.238 - - [22/Dec/2023:13:53:19 +0000] "GET /cPanel_magic_revision_1696277153/unprotected/cpanel/images/whm-logo_white.svg HTTP/1.1" 200 3309 "https://whm.ornateshopinc.com.infinitibizsol.com/cPanel_magic_revision_1696277153/unprotected/cpanel/images/whm-logo_white.svg" "Mozilla/5.0 (iPhone; CPU iPhone OS 16_1_1 like Mac OS X) AppleWebKit/605.1.15 (KHTML, like Gecko) Version/16.1 Mobile/15E148 Safari/604.1"
167.88.60.251 - - [22/Dec/2023:13:53:26 +0000] "GET /cPanel_magic_revision_1696277153/unprotected/cpanel/images/whm-logo_white.svg HTTP/1.1" 200 3309 "https://whm.ornateshopinc.com.infinitibizsol.com/cPanel_magic_revision_1696277153/unprotected/cpanel/images/whm-logo_white.svg" "Mozilla/5.0 (iPhone; CPU iPhone OS 17_1 like Mac OS X) AppleWebKit/605.1.15 (KHTML, like Gecko) CriOS/120.0.6099.101 Mobile/15E148 Safari/604.1"
106.161.65.206 - - [22/Dec/2023:13:53:27 +0000] "GET /cPanel_magic_revision_1696277153/unprotected/cpanel/images/whm-logo_white.svg HTTP/1.1" 200 3309 "https://whm.ornateshopinc.com.infinitibizsol.com/cPanel_magic_revision_1696277153/unprotected/cpanel/images/whm-logo_white.svg" "Mozilla/5.0 (iPhone; CPU iPhone OS 16_1_1 like Mac OS X) AppleWebKit/605.1.15 (KHTML, like Gecko) Version/16.1 Mobile/15E148 Safari/604.1"
203.57.115.146 - - [22/Dec/2023:13:53:43 +0000] "GET /cPanel_magic_revision_1696277153/unprotected/cpanel/images/whm-logo_white.svg HTTP/1.1" 200 3309 "https://whm.ornateshopinc.com.infinitibizsol.com/cPanel_magic_revision_1696277153/unprotected/cpanel/images/whm-logo_white.svg" "Mozilla/5.0 (Windows NT 10.0; Win64; x64) AppleWebKit/537.36 (KHTML, like Gecko) Chrome/119.0.0.0 Safari/537.36 Edg/119.0.0.0"
103.27.227.238 - - [22/Dec/2023:13:53:46 +0000] "GET /favicon.ico HTTP/1.1" 200 37217 "https://whm.ornateshopinc.com.infinitibizsol.com/favicon.ico" "Mozilla/5.0 (iPhone; CPU iPhone OS 16_1_1 like Mac OS X) AppleWebKit/605.1.15 (KHTML, like Gecko) Version/16.1 Mobile/15E148 Safari/604.1"
127.0.0.1 - - [22/Dec/2023:13:54:44 +0000] "GET / HTTP/1.0" 200 163 "-" "-"
127.0.0.1 - - [22/Dec/2023:13:55:01 +0000] "GET /whm-server-status HTTP/1.0" 200 22974 "-" "-"
159.65.120.34 - - [22/Dec/2023:13:57:14 +0000] "GET / HTTP/1.1" 200 163 "-" "Mozilla/5.0 (Windows NT 10.0; Win64; x64; rv:109.0) Gecko/20100101 Firefox/118.0"
127.0.0.1 - - [22/Dec/2023:13:59:45 +0000] "GET / HTTP/1.0" 200 163 "-" "-"
127.0.0.1 - - [22/Dec/2023:14:00:02 +0000] "GET /whm-server-status HTTP/1.0" 200 22882 "-" "-"
45.33.87.154 - - [22/Dec/2023:14:00:16 +0000] "GET / HTTP/1.1" 200 163 "-" "Mozilla/5.0 zgrab/0.x"
184.105.247.252 - - [22/Dec/2023:14:00:43 +0000] "GET / HTTP/1.1" 200 163 "-" "Mozilla/5.0 (Windows NT 10.0; Win64; x64; rv:108.0) Gecko/20100101 Firefox/108.0"
172.104.11.34 - - [22/Dec/2023:14:00:58 +0000] "GET / HTTP/1.1" 200 163 "-" "Mozilla/5.0 (Macintosh; Intel Mac OS X 13_1) AppleWebKit/537.36 (KHTML, like Gecko) Chrome/108.0.0.0 Safari/537.36"
1.72.4.181 - - [22/Dec/2023:14:02:03 +0000] "GET / HTTP/1.1" 200 12777 "-" "Mozilla/5.0 (Windows NT 10.0; Win64; x64; rv:109.0) Gecko/20100101 Firefox/117.0"
1.72.4.181 - - [22/Dec/2023:14:02:04 +0000] "GET / HTTP/1.1" 200 12777 "-" "Mozilla/5.0 (Windows NT 10.0; Win64; x64; rv:109.0) Gecko/20100101 Firefox/117.0"
184.105.247.252 - - [22/Dec/2023:14:03:03 +0000] "GET /favicon.ico HTTP/1.1" 404 10069 "-" "Mozilla/5.0 (Windows NT 10.0; rv:102.0) Gecko/20100101 Firefox/102.0"
184.105.247.252 - - [22/Dec/2023:14:03:45 +0000] "GET /geoserver/web/ HTTP/1.1" 404 10075 "-" "Mozilla/5.0 (Windows NT 10.0; Win64; x64; rv:108.0) Gecko/20100101 Firefox/108.0"
127.0.0.1 - - [22/Dec/2023:14:05:02 +0000] "GET /whm-server-status HTTP/1.0" 200 22885 "-" "-"
127.0.0.1 - - [22/Dec/2023:14:08:17 +0000] "GET / HTTP/1.0" 200 163 "-" "-"
127.0.0.1 - - [22/Dec/2023:14:10:01 +0000] "GET /whm-server-status HTTP/1.0" 200 23123 "-" "-"
127.0.0.1 - - [22/Dec/2023:14:14:46 +0000] "GET / HTTP/1.0" 200 163 "-" "-"
127.0.0.1 - - [22/Dec/2023:14:15:02 +0000] "GET /whm-server-status HTTP/1.0" 200 23107 "-" "-"
1.72.0.73 - - [22/Dec/2023:14:18:22 +0000] "GET / HTTP/1.1" 200 12704 "-" "Mozilla/5.0 (iPhone; CPU iPhone OS 16_6 like Mac OS X) AppleWebKit/605.1.15 (KHTML, like Gecko) CriOS/118.0.5993.69 Mobile/15E148 Safari/604.1"
1.72.0.73 - - [22/Dec/2023:14:18:23 +0000] "GET / HTTP/1.1" 200 12704 "-" "Mozilla/5.0 (iPhone; CPU iPhone OS 16_6 like Mac OS X) AppleWebKit/605.1.15 (KHTML, like Gecko) CriOS/118.0.5993.69 Mobile/15E148 Safari/604.1"
1.72.0.73 - - [22/Dec/2023:14:19:35 +0000] "GET / HTTP/1.1" 200 12777 "-" "Mozilla/5.0 (iPhone; CPU iPhone OS 16_6_1 like Mac OS X) AppleWebKit/605.1.15 (KHTML, like Gecko) FxiOS/118.1 Mobile/15E148 Safari/605.1.15"
1.72.0.73 - - [22/Dec/2023:14:19:35 +0000] "GET / HTTP/1.1" 200 12777 "-" "Mozilla/5.0 (iPhone; CPU iPhone OS 16_6_1 like Mac OS X) AppleWebKit/605.1.15 (KHTML, like Gecko) FxiOS/118.1 Mobile/15E148 Safari/605.1.15"
127.0.0.1 - - [22/Dec/2023:14:19:47 +0000] "GET / HTTP/1.0" 200 163 "-" "-"
127.0.0.1 - - [22/Dec/2023:14:20:01 +0000] "GET /whm-server-status HTTP/1.0" 200 22809 "-" "-"
127.0.0.1 - - [22/Dec/2023:14:25:02 +0000] "GET /whm-server-status HTTP/1.0" 200 23096 "-" "-"
127.0.0.1 - - [22/Dec/2023:14:29:48 +0000] "GET / HTTP/1.0" 200 163 "-" "-"
127.0.0.1 - - [22/Dec/2023:14:30:01 +0000] "GET /whm-server-status HTTP/1.0" 200 22987 "-" "-"
127.0.0.1 - - [22/Dec/2023:14:35:02 +0000] "GET /whm-server-status HTTP/1.0" 200 23099 "-" "-"
1.72.0.73 - - [22/Dec/2023:14:35:29 +0000] "GET / HTTP/1.1" 200 12704 "-" "Mozilla/5.0 (Linux; Android 10; K) AppleWebKit/537.36 (KHTML, like Gecko) Chrome/117.0.0.0 Mobile Safari/537.36"
1.72.0.73 - - [22/Dec/2023:14:35:30 +0000] "GET / HTTP/1.1" 200 12704 "-" "Mozilla/5.0 (Linux; Android 10; K) AppleWebKit/537.36 (KHTML, like Gecko) Chrome/117.0.0.0 Mobile Safari/537.36"
193.32.162.174 - - [22/Dec/2023:14:35:53 +0000] "GET /../../mnt/mtd/Config/Account1 HTTP/1.1" 400 10133 "-" "Mozilla/5.0 zgrab/0.x"
127.0.0.1 - - [22/Dec/2023:14:39:49 +0000] "GET / HTTP/1.0" 200 163 "-" "-"
127.0.0.1 - - [22/Dec/2023:14:40:01 +0000] "GET /whm-server-status HTTP/1.0" 200 22986 "-" "-"
49.106.207.61 - - [22/Dec/2023:14:42:35 +0000] "GET / HTTP/1.1" 200 12704 "-" "Mozilla/5.0 (Windows NT 10.0; Win64; x64) AppleWebKit/537.36 (KHTML, like Gecko) Chrome/117.0.0.0 Safari/537.36 Edg/117.0.2045.36"
49.106.207.61 - - [22/Dec/2023:14:42:36 +0000] "GET / HTTP/1.1" 200 12704 "-" "Mozilla/5.0 (Windows NT 10.0; Win64; x64) AppleWebKit/537.36 (KHTML, like Gecko) Chrome/117.0.0.0 Safari/537.36 Edg/117.0.2045.36"
1.72.0.73 - - [22/Dec/2023:14:43:10 +0000] "GET / HTTP/1.1" 200 12777 "-" "Mozilla/5.0 (iPhone; CPU iPhone OS 16_6_1 like Mac OS X) AppleWebKit/605.1.15 (KHTML, like Gecko) Version/16.6 Mobile/15E148 Safari/604.1"
1.72.0.73 - - [22/Dec/2023:14:43:10 +0000] "GET / HTTP/1.1" 200 12777 "-" "Mozilla/5.0 (iPhone; CPU iPhone OS 16_6_1 like Mac OS X) AppleWebKit/605.1.15 (KHTML, like Gecko) Version/16.6 Mobile/15E148 Safari/604.1"
49.106.207.61 - - [22/Dec/2023:14:44:40 +0000] "GET / HTTP/1.1" 200 12704 "-" "Mozilla/5.0 (Windows NT 10.0; Win64; x64) AppleWebKit/537.36 (KHTML, like Gecko) Chrome/117.0.0.0 Safari/537.36"
49.106.207.61 - - [22/Dec/2023:14:44:41 +0000] "GET / HTTP/1.1" 200 12704 "-" "Mozilla/5.0 (Windows NT 10.0; Win64; x64) AppleWebKit/537.36 (KHTML, like Gecko) Chrome/117.0.0.0 Safari/537.36"
::1 - - [22/Dec/2023:14:44:48 +0000] "OPTIONS * HTTP/1.0" 200 - "-" "Apache/2.4.58 (cPanel) OpenSSL/1.1.1k mod_bwlimited/1.4 (internal dummy connection)"
127.0.0.1 - - [22/Dec/2023:14:45:01 +0000] "GET /whm-server-status HTTP/1.0" 200 22905 "-" "-"
51.75.141.254 - - [22/Dec/2023:14:45:03 +0000] "GET / HTTP/1.1" 301 133 "http://whm.ornateshopinc.com.infinitibizsol.com/" "Mozilla/5.0 (Macintosh; Intel Mac OS X 10_15_7) AppleWebKit/537.36 (KHTML, like Gecko) Chrome/120.0.0.0 Safari/537.36"
185.232.22.204 - - [22/Dec/2023:14:45:03 +0000] "GET / HTTP/1.1" 301 133 "http://whm.ornateshopinc.com.infinitibizsol.com/" "Mozilla/5.0 (Windows NT 10.0; Win64; x64) AppleWebKit/537.36 (KHTML, like Gecko) Chrome/120.0.0.0 Safari/537.36 Edg/120.0.0.0"
82.135.80.31 - - [22/Dec/2023:14:45:03 +0000] "GET / HTTP/1.1" 301 133 "http://whm.ornateshopinc.com.infinitibizsol.com/" "Mozilla/5.0 (iPhone; CPU iPhone OS 16_1_1 like Mac OS X) AppleWebKit/605.1.15 (KHTML, like Gecko) Version/16.1 Mobile/15E148 Safari/604.1"
185.232.22.204 - - [22/Dec/2023:14:45:03 +0000] "GET / HTTP/1.1" 200 37217 "https://whm.ornateshopinc.com.infinitibizsol.com/" "Mozilla/5.0 (Windows NT 10.0; Win64; x64) AppleWebKit/537.36 (KHTML, like Gecko) Chrome/120.0.0.0 Safari/537.36 Edg/120.0.0.0"
51.75.141.254 - - [22/Dec/2023:14:45:03 +0000] "GET / HTTP/1.1" 200 37736 "https://whm.ornateshopinc.com.infinitibizsol.com/" "Mozilla/5.0 (Macintosh; Intel Mac OS X 10_15_7) AppleWebKit/537.36 (KHTML, like Gecko) Chrome/120.0.0.0 Safari/537.36"
23.83.130.177 - - [22/Dec/2023:14:45:03 +0000] "GET / HTTP/1.1" 200 37217 "https://whm.ornateshopinc.com.infinitibizsol.com/" "Mozilla/5.0 (Windows NT 10.0; Win64; x64) AppleWebKit/537.36 (KHTML, like Gecko) Chrome/120.0.0.0 Safari/537.36 Edg/120.0.0.0"
82.135.80.31 - - [22/Dec/2023:14:45:03 +0000] "GET / HTTP/1.1" 200 37643 "https://whm.ornateshopinc.com.infinitibizsol.com/" "Mozilla/5.0 (iPhone; CPU iPhone OS 16_1_1 like Mac OS X) AppleWebKit/605.1.15 (KHTML, like Gecko) Version/16.1 Mobile/15E148 Safari/604.1"
82.135.80.31 - - [22/Dec/2023:14:45:03 +0000] "GET / HTTP/1.1" 200 37643 "https://whm.ornateshopinc.com.infinitibizsol.com/" "Mozilla/5.0 (iPhone; CPU iPhone OS 16_1_1 like Mac OS X) AppleWebKit/605.1.15 (KHTML, like Gecko) Version/16.1 Mobile/15E148 Safari/604.1"
51.75.141.254 - - [22/Dec/2023:14:45:04 +0000] "GET / HTTP/1.1" 200 37736 "https://whm.ornateshopinc.com.infinitibizsol.com/" "Mozilla/5.0 (Macintosh; Intel Mac OS X 10_15_7) AppleWebKit/605.1.15 (KHTML, like Gecko) Version/15.6.1 Safari/605.1.15"
172.94.84.2 - - [22/Dec/2023:14:45:06 +0000] "GET / HTTP/1.1" 200 37217 "https://whm.ornateshopinc.com.infinitibizsol.com/" "Mozilla/5.0 (iPhone; CPU iPhone OS 16_7_2 like Mac OS X) AppleWebKit/605.1.15 (KHTML, like Gecko) Version/16.6 Mobile/15E148 Safari/604.1"
23.83.130.177 - - [22/Dec/2023:14:45:16 +0000] "GET /cPanel_magic_revision_1696277153/unprotected/cpanel/images/whm-logo_white.svg HTTP/1.1" 200 3309 "https://whm.ornateshopinc.com.infinitibizsol.com/cPanel_magic_revision_1696277153/unprotected/cpanel/images/whm-logo_white.svg" "Mozilla/5.0 (Windows NT 10.0; Win64; x64) AppleWebKit/537.36 (KHTML, like Gecko) Chrome/120.0.0.0 Safari/537.36 Edg/120.0.0.0"
82.135.80.31 - - [22/Dec/2023:14:45:16 +0000] "GET /cPanel_magic_revision_1696277153/unprotected/cpanel/images/whm-logo_white.svg HTTP/1.1" 200 3309 "https://whm.ornateshopinc.com.infinitibizsol.com/cPanel_magic_revision_1696277153/unprotected/cpanel/images/whm-logo_white.svg" "Mozilla/5.0 (iPhone; CPU iPhone OS 16_1_1 like Mac OS X) AppleWebKit/605.1.15 (KHTML, like Gecko) Version/16.1 Mobile/15E148 Safari/604.1"
197.242.156.56 - - [22/Dec/2023:14:45:20 +0000] "\x16\x03\x01\x02" 400 10075 "-" "-"
51.75.141.254 - - [22/Dec/2023:14:45:21 +0000] "GET /cPanel_magic_revision_1696277153/unprotected/cpanel/images/whm-logo_white.svg HTTP/1.1" 200 3309 "https://whm.ornateshopinc.com.infinitibizsol.com/cPanel_magic_revision_1696277153/unprotected/cpanel/images/whm-logo_white.svg" "Mozilla/5.0 (Macintosh; Intel Mac OS X 10_15_7) AppleWebKit/605.1.15 (KHTML, like Gecko) Version/15.6.1 Safari/605.1.15"
172.94.84.2 - - [22/Dec/2023:14:45:21 +0000] "GET /cPanel_magic_revision_1696277153/unprotected/cpanel/images/whm-logo_white.svg HTTP/1.1" 200 3309 "https://whm.ornateshopinc.com.infinitibizsol.com/cPanel_magic_revision_1696277153/unprotected/cpanel/images/whm-logo_white.svg" "Mozilla/5.0 (iPhone; CPU iPhone OS 16_7_2 like Mac OS X) AppleWebKit/605.1.15 (KHTML, like Gecko) Version/16.6 Mobile/15E148 Safari/604.1"
82.135.80.31 - - [22/Dec/2023:14:45:29 +0000] "GET /favicon.ico HTTP/1.1" 200 37643 "https://whm.ornateshopinc.com.infinitibizsol.com/favicon.ico" "Mozilla/5.0 (iPhone; CPU iPhone OS 16_1_1 like Mac OS X) AppleWebKit/605.1.15 (KHTML, like Gecko) Version/16.1 Mobile/15E148 Safari/604.1"
185.232.22.204 - - [22/Dec/2023:14:45:37 +0000] "GET / HTTP/1.1" 301 133 "http://whm.ornateshopinc.com.infinitibizsol.com/" "Mozilla/5.0 (Windows NT 10.0; Win64; x64) AppleWebKit/537.36 (KHTML, like Gecko) Chrome/51.0.2704.79 Safari/537.36 Edge/14.14393"
197.242.156.56 - - [22/Dec/2023:14:45:38 +0000] "OPTIONS / HTTP/1.1" 301 133 "http://whm.ornateshopinc.com.infinitibizsol.com/" "Mozilla/5.0 (Windows NT 10.0; Win64; x64) AppleWebKit/537.36 (KHTML, like Gecko) Chrome/120.0.0.0 Safari/537.36 Edg/120.0.0.0"
197.242.156.56 - - [22/Dec/2023:14:45:53 +0000] "GET /favicon.ico HTTP/1.1" 301 144 "http://whm.ornateshopinc.com.infinitibizsol.com/favicon.ico" "Mozilla/5.0 (iPhone; CPU iPhone OS 16_7_2 like Mac OS X) AppleWebKit/605.1.15 (KHTML, like Gecko) Version/16.6 Mobile/15E148 Safari/604.1"
197.242.156.56 - - [22/Dec/2023:14:46:05 +0000] "GET /favicon.ico HTTP/1.1" 200 37217 "https://whm.ornateshopinc.com.infinitibizsol.com/favicon.ico" "Mozilla/5.0 (iPhone; CPU iPhone OS 16_7_2 like Mac OS X) AppleWebKit/605.1.15 (KHTML, like Gecko) Version/16.6 Mobile/15E148 Safari/604.1"
127.0.0.1 - - [22/Dec/2023:14:48:18 +0000] "GET / HTTP/1.0" 200 163 "-" "-"
51.158.115.62 - - [22/Dec/2023:14:48:27 +0000] "GET / HTTP/1.1" 200 37736 "http://whm.ornateshopinc.com.infinitibizsol.com/" "Mozilla/5.0 (Windows NT 10.0; Win64; x64) AppleWebKit/537.36 (KHTML, like Gecko) Chrome/120.0.0.0 Safari/537.36 Edg/120.0.0.0"
104.244.209.75 - - [22/Dec/2023:14:48:27 +0000] "GET / HTTP/1.1" 200 37217 "http://whm.ornateshopinc.com.infinitibizsol.com/" "Mozilla/4.0 (compatible; MSIE 7.0; Windows NT 5.1; 360SE)"
146.70.101.54 - - [22/Dec/2023:14:48:27 +0000] "GET / HTTP/1.1" 200 37643 "http://whm.ornateshopinc.com.infinitibizsol.com/" "Mozilla/5.0 (iPhone; CPU iPhone OS 17_1 like Mac OS X) AppleWebKit/605.1.15 (KHTML, like Gecko) CriOS/119.0.6045.169 Mobile/15E148 Safari/604.1"
89.44.201.106 - - [22/Dec/2023:14:48:29 +0000] "GET / HTTP/1.1" 200 37217 "http://whm.ornateshopinc.com.infinitibizsol.com/" "Mozilla/5.0 (iPhone; CPU iPhone OS 17_1 like Mac OS X) AppleWebKit/605.1.15 (KHTML, like Gecko) CriOS/120.0.6099.101 Mobile/15E148 Safari/604.1"
104.244.209.75 - - [22/Dec/2023:14:48:34 +0000] "GET /cPanel_magic_revision_1696277153/unprotected/cpanel/images/whm-logo_white.svg HTTP/1.1" 200 3309 "http://whm.ornateshopinc.com.infinitibizsol.com/" "Mozilla/4.0 (compatible; MSIE 7.0; Windows NT 5.1; 360SE)"
146.70.101.54 - - [22/Dec/2023:14:48:34 +0000] "GET /cPanel_magic_revision_1696277153/unprotected/cpanel/images/whm-logo_white.svg HTTP/1.1" 200 3309 "http://whm.ornateshopinc.com.infinitibizsol.com/" "Mozilla/5.0 (iPhone; CPU iPhone OS 17_1 like Mac OS X) AppleWebKit/605.1.15 (KHTML, like Gecko) CriOS/119.0.6045.169 Mobile/15E148 Safari/604.1"
51.195.91.124 - - [22/Dec/2023:14:48:36 +0000] "GET /cPanel_magic_revision_1696277153/unprotected/cpanel/images/whm-logo_white.svg HTTP/1.1" 200 3309 "http://whm.ornateshopinc.com.infinitibizsol.com/" "Mozilla/5.0 (Windows NT 10.0; Win64; x64) AppleWebKit/537.36 (KHTML, like Gecko) Chrome/120.0.0.0 Safari/537.36 Edg/120.0.0.0"
89.44.201.106 - - [22/Dec/2023:14:48:39 +0000] "GET /cPanel_magic_revision_1696277153/unprotected/cpanel/images/whm-logo_white.svg HTTP/1.1" 200 3309 "http://whm.ornateshopinc.com.infinitibizsol.com/" "Mozilla/5.0 (iPhone; CPU iPhone OS 17_1 like Mac OS X) AppleWebKit/605.1.15 (KHTML, like Gecko) CriOS/120.0.6099.101 Mobile/15E148 Safari/604.1"
154.47.30.167 - - [22/Dec/2023:14:48:51 +0000] "GET / HTTP/1.1" 200 37217 "http://whm.ornateshopinc.com.infinitibizsol.com/" "Mozilla/5.0 (iPhone; CPU iPhone OS 17_1 like Mac OS X) AppleWebKit/605.1.15 (KHTML, like Gecko) CriOS/119.0.6045.169 Mobile/15E148 Safari/604.1"
89.44.201.106 - - [22/Dec/2023:14:49:12 +0000] "GET /favicon.ico HTTP/1.1" 200 37217 "http://whm.ornateshopinc.com.infinitibizsol.com/" "Mozilla/5.0 (iPhone; CPU iPhone OS 17_1 like Mac OS X) AppleWebKit/605.1.15 (KHTML, like Gecko) CriOS/120.0.6099.101 Mobile/15E148 Safari/604.1"
127.0.0.1 - - [22/Dec/2023:14:50:01 +0000] "GET /whm-server-status HTTP/1.0" 200 22913 "-" "-"
::1 - - [22/Dec/2023:14:53:23 +0000] "OPTIONS * HTTP/1.0" 200 - "-" "Apache/2.4.58 (cPanel) OpenSSL/1.1.1k mod_bwlimited/1.4 (internal dummy connection)"
127.0.0.1 - - [22/Dec/2023:14:54:51 +0000] "GET / HTTP/1.0" 200 163 "-" "-"
127.0.0.1 - - [22/Dec/2023:14:55:01 +0000] "GET /whm-server-status HTTP/1.0" 200 23118 "-" "-"
::1 - - [22/Dec/2023:14:58:36 +0000] "OPTIONS * HTTP/1.0" 200 - "-" "Apache/2.4.58 (cPanel) OpenSSL/1.1.1k mod_bwlimited/1.4 (internal dummy connection)"
::1 - - [22/Dec/2023:14:58:37 +0000] "OPTIONS * HTTP/1.0" 200 - "-" "Apache/2.4.58 (cPanel) OpenSSL/1.1.1k mod_bwlimited/1.4 (internal dummy connection)"
::1 - - [22/Dec/2023:14:58:38 +0000] "OPTIONS * HTTP/1.0" 200 - "-" "Apache/2.4.58 (cPanel) OpenSSL/1.1.1k mod_bwlimited/1.4 (internal dummy connection)"
::1 - - [22/Dec/2023:14:58:53 +0000] "OPTIONS * HTTP/1.0" 200 - "-" "Apache/2.4.58 (cPanel) OpenSSL/1.1.1k mod_bwlimited/1.4 (internal dummy connection)"
127.0.0.1 - - [22/Dec/2023:14:59:51 +0000] "GET / HTTP/1.0" 200 163 "-" "-"
127.0.0.1 - - [22/Dec/2023:15:00:02 +0000] "GET /whm-server-status HTTP/1.0" 200 22922 "-" "-"
::1 - - [22/Dec/2023:15:00:27 +0000] "OPTIONS * HTTP/1.0" 200 - "-" "Apache/2.4.58 (cPanel) OpenSSL/1.1.1k mod_bwlimited/1.4 (internal dummy connection)"
::1 - - [22/Dec/2023:15:01:56 +0000] "OPTIONS * HTTP/1.0" 200 - "-" "Apache/2.4.58 (cPanel) OpenSSL/1.1.1k mod_bwlimited/1.4 (internal dummy connection)"
1.72.4.181 - - [22/Dec/2023:15:03:08 +0000] "GET / HTTP/1.1" 200 12704 "-" "Mozilla/5.0 (Macintosh; Intel Mac OS X 10_15_7) AppleWebKit/537.36 (KHTML, like Gecko) Chrome/118.0.0.0 Safari/537.36"
1.72.4.181 - - [22/Dec/2023:15:03:09 +0000] "GET / HTTP/1.1" 200 12704 "-" "Mozilla/5.0 (Macintosh; Intel Mac OS X 10_15_7) AppleWebKit/537.36 (KHTML, like Gecko) Chrome/118.0.0.0 Safari/537.36"
106.154.142.185 - - [22/Dec/2023:15:03:25 +0000] "GET / HTTP/1.1" 200 12704 "-" "Mozilla/5.0 (Windows NT 10.0; Win64; x64; rv:109.0) Gecko/20100101 Firefox/117.0"
106.154.142.185 - - [22/Dec/2023:15:03:26 +0000] "GET / HTTP/1.1" 200 12704 "-" "Mozilla/5.0 (Windows NT 10.0; Win64; x64; rv:109.0) Gecko/20100101 Firefox/117.0"
127.0.0.1 - - [22/Dec/2023:15:05:01 +0000] "GET /whm-server-status HTTP/1.0" 200 22785 "-" "-"
20.65.194.101 - - [22/Dec/2023:15:06:47 +0000] "GET /.env.production HTTP/1.1" 404 10083 "-" "Mozilla/5.0 (Macintosh; Intel Mac OS X 10.15; rv:77.0) Gecko/20100101 Firefox/77.0"
20.65.194.101 - - [22/Dec/2023:15:06:47 +0000] "POST /.env.production HTTP/1.1" 404 10083 "-" "Mozilla/5.0 (Macintosh; Intel Mac OS X 10.15; rv:77.0) Gecko/20100101 Firefox/77.0"
20.65.194.101 - - [22/Dec/2023:15:06:47 +0000] "GET /.env.development HTTP/1.1" 404 10085 "-" "Mozilla/5.0 (Macintosh; Intel Mac OS X 10.15; rv:77.0) Gecko/20100101 Firefox/77.0"
20.65.194.101 - - [22/Dec/2023:15:06:47 +0000] "POST /.env.development HTTP/1.1" 404 10085 "-" "Mozilla/5.0 (Macintosh; Intel Mac OS X 10.15; rv:77.0) Gecko/20100101 Firefox/77.0"
20.65.194.101 - - [22/Dec/2023:15:06:47 +0000] "GET /.env.development.local HTTP/1.1" 404 10097 "-" "Mozilla/5.0 (Macintosh; Intel Mac OS X 10.15; rv:77.0) Gecko/20100101 Firefox/77.0"
20.65.194.101 - - [22/Dec/2023:15:06:47 +0000] "POST /.env.development.local HTTP/1.1" 404 10097 "-" "Mozilla/5.0 (Macintosh; Intel Mac OS X 10.15; rv:77.0) Gecko/20100101 Firefox/77.0"
20.65.194.101 - - [22/Dec/2023:15:06:47 +0000] "GET /.env.old HTTP/1.1" 404 10069 "-" "Mozilla/5.0 (Macintosh; Intel Mac OS X 10.15; rv:77.0) Gecko/20100101 Firefox/77.0"
20.65.194.101 - - [22/Dec/2023:15:06:48 +0000] "POST /.env.old HTTP/1.1" 404 10069 "-" "Mozilla/5.0 (Macintosh; Intel Mac OS X 10.15; rv:77.0) Gecko/20100101 Firefox/77.0"
20.65.194.101 - - [22/Dec/2023:15:06:48 +0000] "GET /.env.save HTTP/1.1" 404 10071 "-" "Mozilla/5.0 (Macintosh; Intel Mac OS X 10.15; rv:77.0) Gecko/20100101 Firefox/77.0"
20.65.194.101 - - [22/Dec/2023:15:06:48 +0000] "POST /.env.save HTTP/1.1" 404 10071 "-" "Mozilla/5.0 (Macintosh; Intel Mac OS X 10.15; rv:77.0) Gecko/20100101 Firefox/77.0"
20.65.194.101 - - [22/Dec/2023:15:06:48 +0000] "GET /.env HTTP/1.1" 404 10061 "-" "Mozilla/5.0 (Macintosh; Intel Mac OS X 10.15; rv:77.0) Gecko/20100101 Firefox/77.0"
20.65.194.101 - - [22/Dec/2023:15:06:48 +0000] "POST /.env HTTP/1.1" 404 10061 "-" "Mozilla/5.0 (Macintosh; Intel Mac OS X 10.15; rv:77.0) Gecko/20100101 Firefox/77.0"
20.65.194.101 - - [22/Dec/2023:15:06:48 +0000] "GET /.env.production.local HTTP/1.1" 404 10095 "-" "Mozilla/5.0 (Macintosh; Intel Mac OS X 10.15; rv:77.0) Gecko/20100101 Firefox/77.0"
20.65.194.101 - - [22/Dec/2023:15:06:48 +0000] "POST /.env.production.local HTTP/1.1" 404 10095 "-" "Mozilla/5.0 (Macintosh; Intel Mac OS X 10.15; rv:77.0) Gecko/20100101 Firefox/77.0"
20.65.194.101 - - [22/Dec/2023:15:06:48 +0000] "GET /.env.prod HTTP/1.1" 404 10071 "-" "Mozilla/5.0 (Macintosh; Intel Mac OS X 10.15; rv:77.0) Gecko/20100101 Firefox/77.0"
20.65.194.101 - - [22/Dec/2023:15:06:49 +0000] "POST /.env.prod HTTP/1.1" 404 10071 "-" "Mozilla/5.0 (Macintosh; Intel Mac OS X 10.15; rv:77.0) Gecko/20100101 Firefox/77.0"
20.65.194.101 - - [22/Dec/2023:15:06:49 +0000] "GET /.env HTTP/1.1" 404 10061 "-" "Mozilla/5.0 (Macintosh; Intel Mac OS X 10.15; rv:77.0) Gecko/20100101 Firefox/77.0"
20.65.194.101 - - [22/Dec/2023:15:06:49 +0000] "GET /frontend_dev.php/$ HTTP/1.1" 404 10089 "-" "Mozilla/5.0 (Macintosh; Intel Mac OS X 10.15; rv:77.0) Gecko/20100101 Firefox/77.0"
20.65.194.101 - - [22/Dec/2023:15:06:49 +0000] "GET /debug/default/view?panel=config HTTP/1.1" 404 10115 "-" "Mozilla/5.0 (Macintosh; Intel Mac OS X 10.15; rv:77.0) Gecko/20100101 Firefox/77.0"
20.65.194.101 - - [22/Dec/2023:15:06:49 +0000] "GET /config.json HTTP/1.1" 404 10075 "-" "Mozilla/5.0 (Macintosh; Intel Mac OS X 10.15; rv:77.0) Gecko/20100101 Firefox/77.0"
20.65.194.101 - - [22/Dec/2023:15:06:49 +0000] "GET /?phpinfo=1 HTTP/1.1" 200 163 "-" "Mozilla/5.0 (Macintosh; Intel Mac OS X 10.15; rv:77.0) Gecko/20100101 Firefox/77.0"
20.65.194.101 - - [22/Dec/2023:15:06:49 +0000] "GET /_profiler/phpinfo HTTP/1.1" 404 10087 "-" "Mozilla/5.0 (Macintosh; Intel Mac OS X 10.15; rv:77.0) Gecko/20100101 Firefox/77.0"
20.65.194.101 - - [22/Dec/2023:15:06:50 +0000] "GET /info.php HTTP/1.1" 404 10069 "-" "Mozilla/5.0 (Macintosh; Intel Mac OS X 10.15; rv:77.0) Gecko/20100101 Firefox/77.0"
20.65.194.101 - - [22/Dec/2023:15:06:50 +0000] "GET /phpinfo.php HTTP/1.1" 404 10075 "-" "Mozilla/5.0 (Macintosh; Intel Mac OS X 10.15; rv:77.0) Gecko/20100101 Firefox/77.0"
127.0.0.1 - - [22/Dec/2023:15:09:18 +0000] "GET / HTTP/1.0" 200 163 "-" "-"
127.0.0.1 - - [22/Dec/2023:15:10:02 +0000] "GET /whm-server-status HTTP/1.0" 200 23195 "-" "-"
::1 - - [22/Dec/2023:15:10:08 +0000] "OPTIONS * HTTP/1.0" 200 - "-" "Apache/2.4.58 (cPanel) OpenSSL/1.1.1k mod_bwlimited/1.4 (internal dummy connection)"
127.0.0.1 - - [22/Dec/2023:15:14:53 +0000] "GET / HTTP/1.0" 200 163 "-" "-"
127.0.0.1 - - [22/Dec/2023:15:15:01 +0000] "GET /whm-server-status HTTP/1.0" 200 23080 "-" "-"
::1 - - [22/Dec/2023:15:16:43 +0000] "OPTIONS * HTTP/1.0" 200 - "-" "Apache/2.4.58 (cPanel) OpenSSL/1.1.1k mod_bwlimited/1.4 (internal dummy connection)"
::1 - - [22/Dec/2023:15:16:44 +0000] "OPTIONS * HTTP/1.0" 200 - "-" "Apache/2.4.58 (cPanel) OpenSSL/1.1.1k mod_bwlimited/1.4 (internal dummy connection)"
::1 - - [22/Dec/2023:15:16:45 +0000] "OPTIONS * HTTP/1.0" 200 - "-" "Apache/2.4.58 (cPanel) OpenSSL/1.1.1k mod_bwlimited/1.4 (internal dummy connection)"
::1 - - [22/Dec/2023:15:16:46 +0000] "OPTIONS * HTTP/1.0" 200 - "-" "Apache/2.4.58 (cPanel) OpenSSL/1.1.1k mod_bwlimited/1.4 (internal dummy connection)"
::1 - - [22/Dec/2023:15:17:15 +0000] "OPTIONS * HTTP/1.0" 200 - "-" "Apache/2.4.58 (cPanel) OpenSSL/1.1.1k mod_bwlimited/1.4 (internal dummy connection)"
127.0.0.1 - - [22/Dec/2023:15:19:53 +0000] "GET / HTTP/1.0" 200 163 "-" "-"
127.0.0.1 - - [22/Dec/2023:15:20:01 +0000] "GET /whm-server-status HTTP/1.0" 200 22967 "-" "-"
::1 - - [22/Dec/2023:15:20:30 +0000] "OPTIONS * HTTP/1.0" 200 - "-" "Apache/2.4.58 (cPanel) OpenSSL/1.1.1k mod_bwlimited/1.4 (internal dummy connection)"
::1 - - [22/Dec/2023:15:22:31 +0000] "OPTIONS * HTTP/1.0" 200 - "-" "Apache/2.4.58 (cPanel) OpenSSL/1.1.1k mod_bwlimited/1.4 (internal dummy connection)"
::1 - - [22/Dec/2023:15:22:47 +0000] "OPTIONS * HTTP/1.0" 200 - "-" "Apache/2.4.58 (cPanel) OpenSSL/1.1.1k mod_bwlimited/1.4 (internal dummy connection)"
127.0.0.1 - - [22/Dec/2023:15:25:02 +0000] "GET /whm-server-status HTTP/1.0" 200 22949 "-" "-"
::1 - - [22/Dec/2023:15:25:39 +0000] "OPTIONS * HTTP/1.0" 200 - "-" "Apache/2.4.58 (cPanel) OpenSSL/1.1.1k mod_bwlimited/1.4 (internal dummy connection)"
127.0.0.1 - - [22/Dec/2023:15:29:54 +0000] "GET / HTTP/1.0" 200 163 "-" "-"
127.0.0.1 - - [22/Dec/2023:15:30:01 +0000] "GET /whm-server-status HTTP/1.0" 200 22860 "-" "-"
::1 - - [22/Dec/2023:15:33:17 +0000] "OPTIONS * HTTP/1.0" 200 - "-" "Apache/2.4.58 (cPanel) OpenSSL/1.1.1k mod_bwlimited/1.4 (internal dummy connection)"
::1 - - [22/Dec/2023:15:33:29 +0000] "OPTIONS * HTTP/1.0" 200 - "-" "Apache/2.4.58 (cPanel) OpenSSL/1.1.1k mod_bwlimited/1.4 (internal dummy connection)"
45.79.168.172 - - [22/Dec/2023:15:34:32 +0000] "GET / HTTP/1.1" 200 163 "-" "Mozilla/5.0 zgrab/0.x"
172.104.11.4 - - [22/Dec/2023:15:35:00 +0000] "GET / HTTP/1.1" 200 163 "-" "Mozilla/5.0 (Macintosh; Intel Mac OS X 13_1) AppleWebKit/537.36 (KHTML, like Gecko) Chrome/108.0.0.0 Safari/537.36"
127.0.0.1 - - [22/Dec/2023:15:35:01 +0000] "GET /whm-server-status HTTP/1.0" 200 22958 "-" "-"
::1 - - [22/Dec/2023:15:35:14 +0000] "OPTIONS * HTTP/1.0" 200 - "-" "Apache/2.4.58 (cPanel) OpenSSL/1.1.1k mod_bwlimited/1.4 (internal dummy connection)"
127.0.0.1 - - [22/Dec/2023:15:37:54 +0000] "GET / HTTP/1.0" 200 163 "-" "-"
139.162.204.149 - - [22/Dec/2023:15:39:13 +0000] "GET / HTTP/1.1" 200 163 "-" "Go-http-client/1.1"
106.75.90.129 - - [22/Dec/2023:15:39:58 +0000] "GET / HTTP/1.1" 200 163 "-" "-"
::1 - - [22/Dec/2023:15:40:01 +0000] "OPTIONS * HTTP/1.0" 200 - "-" "Apache/2.4.58 (cPanel) OpenSSL/1.1.1k mod_bwlimited/1.4 (internal dummy connection)"
127.0.0.1 - - [22/Dec/2023:15:40:02 +0000] "GET /whm-server-status HTTP/1.0" 200 23275 "-" "-"
::1 - - [22/Dec/2023:15:40:02 +0000] "OPTIONS * HTTP/1.0" 200 - "-" "Apache/2.4.58 (cPanel) OpenSSL/1.1.1k mod_bwlimited/1.4 (internal dummy connection)"
::1 - - [22/Dec/2023:15:40:03 +0000] "OPTIONS * HTTP/1.0" 200 - "-" "Apache/2.4.58 (cPanel) OpenSSL/1.1.1k mod_bwlimited/1.4 (internal dummy connection)"
::1 - - [22/Dec/2023:15:40:05 +0000] "OPTIONS * HTTP/1.0" 200 - "-" "Apache/2.4.58 (cPanel) OpenSSL/1.1.1k mod_bwlimited/1.4 (internal dummy connection)"
193.32.162.174 - - [22/Dec/2023:15:40:31 +0000] "GET /../../mnt/mtd/Config/Account2 HTTP/1.1" 400 10133 "-" "Mozilla/5.0 zgrab/0.x"
::1 - - [22/Dec/2023:15:41:47 +0000] "OPTIONS * HTTP/1.0" 200 - "-" "Apache/2.4.58 (cPanel) OpenSSL/1.1.1k mod_bwlimited/1.4 (internal dummy connection)"
127.0.0.1 - - [22/Dec/2023:15:44:56 +0000] "GET / HTTP/1.0" 200 163 "-" "-"
127.0.0.1 - - [22/Dec/2023:15:45:01 +0000] "GET /whm-server-status HTTP/1.0" 200 22764 "-" "-"
45.79.128.205 - - [22/Dec/2023:15:48:32 +0000] "\x16\x03\x01" 400 10075 "-" "-"
192.155.88.231 - - [22/Dec/2023:15:49:46 +0000] "GET / HTTP/1.1" 200 163 "-" "Mozilla/5.0 zgrab/0.x"
127.0.0.1 - - [22/Dec/2023:15:49:56 +0000] "GET / HTTP/1.0" 200 163 "-" "-"
127.0.0.1 - - [22/Dec/2023:15:50:02 +0000] "GET /whm-server-status HTTP/1.0" 200 23003 "-" "-"
45.79.128.205 - - [22/Dec/2023:15:50:30 +0000] "GET / HTTP/1.1" 200 163 "-" "Mozilla/5.0 (Macintosh; Intel Mac OS X 13_1) AppleWebKit/537.36 (KHTML, like Gecko) Chrome/108.0.0.0 Safari/537.36"
::1 - - [22/Dec/2023:15:53:05 +0000] "OPTIONS * HTTP/1.0" 200 - "-" "Apache/2.4.58 (cPanel) OpenSSL/1.1.1k mod_bwlimited/1.4 (internal dummy connection)"
127.0.0.1 - - [22/Dec/2023:15:54:57 +0000] "GET / HTTP/1.0" 200 163 "-" "-"
127.0.0.1 - - [22/Dec/2023:15:55:02 +0000] "GET /whm-server-status HTTP/1.0" 200 22958 "-" "-"
::1 - - [22/Dec/2023:15:56:13 +0000] "OPTIONS * HTTP/1.0" 200 - "-" "Apache/2.4.58 (cPanel) OpenSSL/1.1.1k mod_bwlimited/1.4 (internal dummy connection)"
::1 - - [22/Dec/2023:15:57:04 +0000] "OPTIONS * HTTP/1.0" 200 - "-" "Apache/2.4.58 (cPanel) OpenSSL/1.1.1k mod_bwlimited/1.4 (internal dummy connection)"
::1 - - [22/Dec/2023:15:57:12 +0000] "OPTIONS * HTTP/1.0" 200 - "-" "Apache/2.4.58 (cPanel) OpenSSL/1.1.1k mod_bwlimited/1.4 (internal dummy connection)"
::1 - - [22/Dec/2023:15:59:08 +0000] "OPTIONS * HTTP/1.0" 200 - "-" "Apache/2.4.58 (cPanel) OpenSSL/1.1.1k mod_bwlimited/1.4 (internal dummy connection)"
::1 - - [22/Dec/2023:15:59:09 +0000] "OPTIONS * HTTP/1.0" 200 - "-" "Apache/2.4.58 (cPanel) OpenSSL/1.1.1k mod_bwlimited/1.4 (internal dummy connection)"
::1 - - [22/Dec/2023:15:59:10 +0000] "OPTIONS * HTTP/1.0" 200 - "-" "Apache/2.4.58 (cPanel) OpenSSL/1.1.1k mod_bwlimited/1.4 (internal dummy connection)"
::1 - - [22/Dec/2023:15:59:11 +0000] "OPTIONS * HTTP/1.0" 200 - "-" "Apache/2.4.58 (cPanel) OpenSSL/1.1.1k mod_bwlimited/1.4 (internal dummy connection)"
::1 - - [22/Dec/2023:15:59:13 +0000] "OPTIONS * HTTP/1.0" 200 - "-" "Apache/2.4.58 (cPanel) OpenSSL/1.1.1k mod_bwlimited/1.4 (internal dummy connection)"
::1 - - [22/Dec/2023:15:59:15 +0000] "OPTIONS * HTTP/1.0" 200 - "-" "Apache/2.4.58 (cPanel) OpenSSL/1.1.1k mod_bwlimited/1.4 (internal dummy connection)"
::1 - - [22/Dec/2023:15:59:22 +0000] "OPTIONS * HTTP/1.0" 200 - "-" "Apache/2.4.58 (cPanel) OpenSSL/1.1.1k mod_bwlimited/1.4 (internal dummy connection)"
127.0.0.1 - - [22/Dec/2023:16:00:01 +0000] "GET /whm-server-status HTTP/1.0" 200 22958 "-" "-"
127.0.0.1 - - [22/Dec/2023:16:00:03 +0000] "GET / HTTP/1.0" 200 163 "-" "-"
::1 - - [22/Dec/2023:16:01:22 +0000] "OPTIONS * HTTP/1.0" 200 - "-" "Apache/2.4.58 (cPanel) OpenSSL/1.1.1k mod_bwlimited/1.4 (internal dummy connection)"
::1 - - [22/Dec/2023:16:03:08 +0000] "OPTIONS * HTTP/1.0" 200 - "-" "Apache/2.4.58 (cPanel) OpenSSL/1.1.1k mod_bwlimited/1.4 (internal dummy connection)"
::1 - - [22/Dec/2023:16:03:16 +0000] "OPTIONS * HTTP/1.0" 200 - "-" "Apache/2.4.58 (cPanel) OpenSSL/1.1.1k mod_bwlimited/1.4 (internal dummy connection)"
127.0.0.1 - - [22/Dec/2023:16:05:01 +0000] "GET /whm-server-status HTTP/1.0" 200 23122 "-" "-"
::1 - - [22/Dec/2023:16:05:04 +0000] "OPTIONS * HTTP/1.0" 200 - "-" "Apache/2.4.58 (cPanel) OpenSSL/1.1.1k mod_bwlimited/1.4 (internal dummy connection)"
::1 - - [22/Dec/2023:16:05:29 +0000] "OPTIONS * HTTP/1.0" 200 - "-" "Apache/2.4.58 (cPanel) OpenSSL/1.1.1k mod_bwlimited/1.4 (internal dummy connection)"
127.0.0.1 - - [22/Dec/2023:16:06:46 +0000] "GET / HTTP/1.0" 200 163 "-" "-"
127.0.0.1 - - [22/Dec/2023:16:10:01 +0000] "GET /whm-server-status HTTP/1.0" 200 23002 "-" "-"
