Sindbad~EG File Manager
185.61.152.136 - - [14/Dec/2023:18:32:20 +0000] "GET / HTTP/1.1" 200 163 "-" "Namecheap Monitoring Agent"
172.70.47.35 - - [14/Dec/2023:18:32:28 +0000] "GET / HTTP/1.1" 200 163 "-" "facebookexternalhit/1.1 (+http://www.facebook.com/externalhit_uatext.php)"
172.70.135.172 - - [14/Dec/2023:18:33:09 +0000] "GET /?fbclid=IwAR25xlM0OLx90fit-kaRGnTN7u_xHCXJYix1BrYhECLW4cqKcFT2vL01gdw HTTP/1.1" 200 163 "-" "Mozilla/5.0 (Windows NT 10.0; Win64; x64) AppleWebKit/537.36 (KHTML, like Gecko) Chrome/120.0.0.0 Safari/537.36"
172.70.135.172 - - [14/Dec/2023:18:33:10 +0000] "GET /cgi-sys/defaultwebpage.cgi HTTP/1.1" 200 6948 "https://maticstream.com/?fbclid=IwAR25xlM0OLx90fit-kaRGnTN7u_xHCXJYix1BrYhECLW4cqKcFT2vL01gdw" "Mozilla/5.0 (Windows NT 10.0; Win64; x64) AppleWebKit/537.36 (KHTML, like Gecko) Chrome/120.0.0.0 Safari/537.36"
172.70.135.5 - - [14/Dec/2023:18:33:11 +0000] "GET /favicon.ico HTTP/1.1" 404 10090 "https://maticstream.com/?fbclid=IwAR25xlM0OLx90fit-kaRGnTN7u_xHCXJYix1BrYhECLW4cqKcFT2vL01gdw" "Mozilla/5.0 (Windows NT 10.0; Win64; x64) AppleWebKit/537.36 (KHTML, like Gecko) Chrome/120.0.0.0 Safari/537.36"
172.70.135.24 - - [14/Dec/2023:18:33:11 +0000] "GET /img-sys/IP_changed.png HTTP/1.1" 200 2939 "https://maticstream.com/cgi-sys/defaultwebpage.cgi" "Mozilla/5.0 (Windows NT 10.0; Win64; x64) AppleWebKit/537.36 (KHTML, like Gecko) Chrome/120.0.0.0 Safari/537.36"
172.70.134.132 - - [14/Dec/2023:18:33:11 +0000] "GET /img-sys/server_misconfigured.png HTTP/1.1" 200 3164 "https://maticstream.com/cgi-sys/defaultwebpage.cgi" "Mozilla/5.0 (Windows NT 10.0; Win64; x64) AppleWebKit/537.36 (KHTML, like Gecko) Chrome/120.0.0.0 Safari/537.36"
172.70.134.39 - - [14/Dec/2023:18:33:11 +0000] "GET /img-sys/server_moved.png HTTP/1.1" 200 3327 "https://maticstream.com/cgi-sys/defaultwebpage.cgi" "Mozilla/5.0 (Windows NT 10.0; Win64; x64) AppleWebKit/537.36 (KHTML, like Gecko) Chrome/120.0.0.0 Safari/537.36"
172.70.134.68 - - [14/Dec/2023:18:33:11 +0000] "GET /img-sys/powered_by_cpanel.svg HTTP/1.1" 200 5617 "https://maticstream.com/cgi-sys/defaultwebpage.cgi" "Mozilla/5.0 (Windows NT 10.0; Win64; x64) AppleWebKit/537.36 (KHTML, like Gecko) Chrome/120.0.0.0 Safari/537.36"
172.70.135.5 - - [14/Dec/2023:18:33:11 +0000] "GET /favicon.ico HTTP/1.1" 404 10090 "https://maticstream.com/cgi-sys/defaultwebpage.cgi" "Mozilla/5.0 (Windows NT 10.0; Win64; x64) AppleWebKit/537.36 (KHTML, like Gecko) Chrome/120.0.0.0 Safari/537.36"
::1 - - [14/Dec/2023:18:33:16 +0000] "OPTIONS * HTTP/1.0" 200 - "-" "Apache/2.4.57 (cPanel) OpenSSL/1.1.1k mod_bwlimited/1.4 (internal dummy connection)"
198.54.118.134 - - [14/Dec/2023:18:33:39 +0000] "GET / HTTP/1.1" 200 163 "-" "Namecheap Monitoring Agent"
172.70.42.138 - - [14/Dec/2023:18:34:29 +0000] "GET / HTTP/1.1" 200 163 "https://www.bing.com/" "Mozilla/5.0 (Windows NT 10.0; Win64; x64) AppleWebKit/537.36 (KHTML, like Gecko) Chrome/120.0.0.0 Safari/537.36 Edg/120.0.0.0"
172.70.42.138 - - [14/Dec/2023:18:34:30 +0000] "GET /cgi-sys/defaultwebpage.cgi HTTP/1.1" 200 6948 "https://maticstream.com/" "Mozilla/5.0 (Windows NT 10.0; Win64; x64) AppleWebKit/537.36 (KHTML, like Gecko) Chrome/120.0.0.0 Safari/537.36 Edg/120.0.0.0"
172.70.42.115 - - [14/Dec/2023:18:34:30 +0000] "GET /favicon.ico HTTP/1.1" 404 10090 "https://maticstream.com/" "Mozilla/5.0 (Windows NT 10.0; Win64; x64) AppleWebKit/537.36 (KHTML, like Gecko) Chrome/120.0.0.0 Safari/537.36 Edg/120.0.0.0"
172.70.42.102 - - [14/Dec/2023:18:34:30 +0000] "GET /img-sys/IP_changed.png HTTP/1.1" 200 2939 "https://maticstream.com/cgi-sys/defaultwebpage.cgi" "Mozilla/5.0 (Windows NT 10.0; Win64; x64) AppleWebKit/537.36 (KHTML, like Gecko) Chrome/120.0.0.0 Safari/537.36 Edg/120.0.0.0"
172.70.43.169 - - [14/Dec/2023:18:34:30 +0000] "GET /img-sys/server_misconfigured.png HTTP/1.1" 200 3164 "https://maticstream.com/cgi-sys/defaultwebpage.cgi" "Mozilla/5.0 (Windows NT 10.0; Win64; x64) AppleWebKit/537.36 (KHTML, like Gecko) Chrome/120.0.0.0 Safari/537.36 Edg/120.0.0.0"
172.70.42.93 - - [14/Dec/2023:18:34:30 +0000] "GET /img-sys/server_moved.png HTTP/1.1" 200 3327 "https://maticstream.com/cgi-sys/defaultwebpage.cgi" "Mozilla/5.0 (Windows NT 10.0; Win64; x64) AppleWebKit/537.36 (KHTML, like Gecko) Chrome/120.0.0.0 Safari/537.36 Edg/120.0.0.0"
172.70.42.115 - - [14/Dec/2023:18:34:30 +0000] "GET /favicon.ico HTTP/1.1" 404 10090 "https://maticstream.com/cgi-sys/defaultwebpage.cgi" "Mozilla/5.0 (Windows NT 10.0; Win64; x64) AppleWebKit/537.36 (KHTML, like Gecko) Chrome/120.0.0.0 Safari/537.36 Edg/120.0.0.0"
185.61.152.136 - - [14/Dec/2023:18:35:14 +0000] "GET / HTTP/1.1" 200 163 "-" "Namecheap Monitoring Agent"
198.54.118.134 - - [14/Dec/2023:18:36:32 +0000] "GET / HTTP/1.1" 200 163 "-" "Namecheap Monitoring Agent"
172.71.146.124 - - [14/Dec/2023:18:37:26 +0000] "GET /cgi-sys/defaultwebpage.cgi HTTP/1.1" 200 6948 "-" "Mozilla/5.0 AppleWebKit/537.36 (KHTML, like Gecko; compatible; bingbot/2.0; +http://www.bing.com/bingbot.htm) Chrome/116.0.1938.76 Safari/537.36"
172.69.58.195 - - [14/Dec/2023:18:37:51 +0000] "GET /img-sys/powered_by_cpanel.svg HTTP/1.1" 200 5617 "-" "Mozilla/5.0 AppleWebKit/537.36 (KHTML, like Gecko; compatible; bingbot/2.0; +http://www.bing.com/bingbot.htm) Chrome/100.0.4896.127 Safari/537.36"
172.70.175.109 - - [14/Dec/2023:18:37:57 +0000] "GET /setup-iptv-on-android-with-iptv-smarters-player/ HTTP/1.1" 404 10164 "https://www.bing.com/" "Mozilla/5.0 (Windows NT 10.0; Win64; x64) AppleWebKit/537.36 (KHTML, like Gecko) Chrome/120.0.0.0 Safari/537.36 Edg/120.0.0.0"
172.70.131.73 - - [14/Dec/2023:18:38:05 +0000] "GET /img-sys/server_moved.png HTTP/1.1" 200 3327 "https://maticstream.com/cgi-sys/defaultwebpage.cgi" "Mozilla/5.0 (iPhone; CPU iPhone OS 17_1_2 like Mac OS X) AppleWebKit/605.1.15 (KHTML, like Gecko) Version/17.1.2 Mobile/15E148 Safari/604.1"
185.61.152.136 - - [14/Dec/2023:18:38:08 +0000] "GET / HTTP/1.1" 200 163 "-" "Namecheap Monitoring Agent"
198.54.118.134 - - [14/Dec/2023:18:41:21 +0000] "GET / HTTP/1.1" 200 163 "-" "Namecheap Monitoring Agent"
185.61.152.136 - - [14/Dec/2023:18:42:56 +0000] "GET / HTTP/1.1" 200 163 "-" "Namecheap Monitoring Agent"
198.54.118.134 - - [14/Dec/2023:18:44:15 +0000] "GET / HTTP/1.1" 200 163 "-" "Namecheap Monitoring Agent"
127.0.0.1 - - [14/Dec/2023:18:45:01 +0000] "GET /whm-server-status HTTP/1.0" 200 4254 "-" "-"
185.61.152.136 - - [14/Dec/2023:18:45:50 +0000] "GET / HTTP/1.1" 200 163 "-" "Namecheap Monitoring Agent"
198.54.118.134 - - [14/Dec/2023:18:47:08 +0000] "GET / HTTP/1.1" 200 163 "-" "Namecheap Monitoring Agent"
20.40.217.3 - - [14/Dec/2023:18:47:26 +0000] "GET /.env HTTP/1.1" 404 10067 "-" "Mozilla/5.0 (Linux; U; Android 4.4.2; en-US; HM NOTE 1W Build/KOT49H) AppleWebKit/534.30 (KHTML, like Gecko) Version/4.0 UCBrowser/11.0.5.850 U3/0.8.0 Mobile Safari/534.30"
20.40.217.3 - - [14/Dec/2023:18:47:26 +0000] "POST / HTTP/1.1" 200 163 "-" "Mozilla/5.0 (Linux; U; Android 4.4.2; en-US; HM NOTE 1W Build/KOT49H) AppleWebKit/534.30 (KHTML, like Gecko) Version/4.0 UCBrowser/11.0.5.850 U3/0.8.0 Mobile Safari/534.30"
20.40.217.3 - - [14/Dec/2023:18:47:27 +0000] "GET /.env HTTP/1.1" 404 10069 "-" "Mozilla/5.0 (Linux; U; Android 4.4.2; en-US; HM NOTE 1W Build/KOT49H) AppleWebKit/534.30 (KHTML, like Gecko) Version/4.0 UCBrowser/11.0.5.850 U3/0.8.0 Mobile Safari/534.30"
20.40.217.3 - - [14/Dec/2023:18:47:27 +0000] "POST / HTTP/1.1" 200 163 "-" "Mozilla/5.0 (Linux; U; Android 4.4.2; en-US; HM NOTE 1W Build/KOT49H) AppleWebKit/534.30 (KHTML, like Gecko) Version/4.0 UCBrowser/11.0.5.850 U3/0.8.0 Mobile Safari/534.30"
20.40.217.3 - - [14/Dec/2023:18:47:28 +0000] "GET /vendor/phpunit/phpunit/src/Util/PHP/eval-stdin.php HTTP/1.1" 404 10159 "-" "python-requests/2.25.1"
185.61.152.136 - - [14/Dec/2023:18:48:44 +0000] "GET / HTTP/1.1" 200 163 "-" "Namecheap Monitoring Agent"
198.54.118.134 - - [14/Dec/2023:18:50:01 +0000] "GET / HTTP/1.1" 200 163 "-" "Namecheap Monitoring Agent"
127.0.0.1 - - [14/Dec/2023:18:50:01 +0000] "GET /whm-server-status HTTP/1.0" 200 5202 "-" "-"
185.61.152.136 - - [14/Dec/2023:18:51:39 +0000] "GET / HTTP/1.1" 200 163 "-" "Namecheap Monitoring Agent"
185.224.128.191 - - [14/Dec/2023:18:52:33 +0000] "GET / HTTP/1.1" 200 163 "-" "Hello World"
198.54.118.134 - - [14/Dec/2023:18:52:54 +0000] "GET / HTTP/1.1" 200 163 "-" "Namecheap Monitoring Agent"
185.61.152.136 - - [14/Dec/2023:18:54:33 +0000] "GET / HTTP/1.1" 200 163 "-" "Namecheap Monitoring Agent"
127.0.0.1 - - [14/Dec/2023:18:54:59 +0000] "GET / HTTP/1.0" 200 163 "-" "-"
127.0.0.1 - - [14/Dec/2023:18:55:01 +0000] "GET /whm-server-status HTTP/1.0" 200 5065 "-" "-"
198.54.118.134 - - [14/Dec/2023:18:55:47 +0000] "GET / HTTP/1.1" 200 163 "-" "Namecheap Monitoring Agent"
185.61.152.136 - - [14/Dec/2023:18:57:27 +0000] "GET / HTTP/1.1" 200 163 "-" "Namecheap Monitoring Agent"
198.54.118.134 - - [14/Dec/2023:18:58:40 +0000] "GET / HTTP/1.1" 200 163 "-" "Namecheap Monitoring Agent"
127.0.0.1 - - [14/Dec/2023:19:00:01 +0000] "GET /whm-server-status HTTP/1.0" 200 5037 "-" "-"
127.0.0.1 - - [14/Dec/2023:19:00:02 +0000] "GET / HTTP/1.0" 200 163 "-" "-"
185.61.152.136 - - [14/Dec/2023:19:00:21 +0000] "GET / HTTP/1.1" 200 163 "-" "Namecheap Monitoring Agent"
198.54.118.134 - - [14/Dec/2023:19:01:33 +0000] "GET / HTTP/1.1" 200 163 "-" "Namecheap Monitoring Agent"
185.61.152.136 - - [14/Dec/2023:19:03:15 +0000] "GET / HTTP/1.1" 200 163 "-" "Namecheap Monitoring Agent"
198.54.118.134 - - [14/Dec/2023:19:04:26 +0000] "GET / HTTP/1.1" 200 163 "-" "Namecheap Monitoring Agent"
127.0.0.1 - - [14/Dec/2023:19:05:01 +0000] "GET /whm-server-status HTTP/1.0" 200 5031 "-" "-"
127.0.0.1 - - [14/Dec/2023:19:05:10 +0000] "GET / HTTP/1.0" 200 163 "-" "-"
185.61.152.136 - - [14/Dec/2023:19:06:09 +0000] "GET / HTTP/1.1" 200 163 "-" "Namecheap Monitoring Agent"
198.54.118.134 - - [14/Dec/2023:19:07:20 +0000] "GET / HTTP/1.1" 200 163 "-" "Namecheap Monitoring Agent"
185.61.152.136 - - [14/Dec/2023:19:09:03 +0000] "GET / HTTP/1.1" 200 163 "-" "Namecheap Monitoring Agent"
127.0.0.1 - - [14/Dec/2023:19:10:01 +0000] "GET /whm-server-status HTTP/1.0" 200 5021 "-" "-"
198.54.118.134 - - [14/Dec/2023:19:10:14 +0000] "GET / HTTP/1.1" 200 163 "-" "Namecheap Monitoring Agent"
172.70.174.110 - - [14/Dec/2023:19:10:31 +0000] "GET /contact-us/ HTTP/1.1" 404 10090 "-" "Mozilla/5.0 AppleWebKit/537.36 (KHTML, like Gecko; compatible; bingbot/2.0; +http://www.bing.com/bingbot.htm) Chrome/116.0.1938.76 Safari/537.36"
127.0.0.1 - - [14/Dec/2023:19:11:40 +0000] "GET / HTTP/1.0" 200 163 "-" "-"
185.61.152.136 - - [14/Dec/2023:19:11:58 +0000] "GET / HTTP/1.1" 200 163 "-" "Namecheap Monitoring Agent"
198.54.118.134 - - [14/Dec/2023:19:13:14 +0000] "GET / HTTP/1.1" 200 163 "-" "Namecheap Monitoring Agent"
185.61.152.136 - - [14/Dec/2023:19:14:52 +0000] "GET / HTTP/1.1" 200 163 "-" "Namecheap Monitoring Agent"
127.0.0.1 - - [14/Dec/2023:19:15:01 +0000] "GET /whm-server-status HTTP/1.0" 200 5024 "-" "-"
198.54.118.134 - - [14/Dec/2023:19:16:14 +0000] "GET / HTTP/1.1" 200 163 "-" "Namecheap Monitoring Agent"
127.0.0.1 - - [14/Dec/2023:19:16:47 +0000] "GET / HTTP/1.0" 200 163 "-" "-"
185.61.152.136 - - [14/Dec/2023:19:17:46 +0000] "GET / HTTP/1.1" 200 163 "-" "Namecheap Monitoring Agent"
176.126.66.219 - - [14/Dec/2023:19:17:59 +0000] "CONNECT www.sneakersnstuff.com:443 HTTP/1.1" 400 10137 "-" "-"
198.54.118.134 - - [14/Dec/2023:19:19:14 +0000] "GET / HTTP/1.1" 200 163 "-" "Namecheap Monitoring Agent"
127.0.0.1 - - [14/Dec/2023:19:20:02 +0000] "GET /whm-server-status HTTP/1.0" 200 5099 "-" "-"
108.162.237.124 - - [14/Dec/2023:19:20:38 +0000] "GET /?fbclid=IwAR3OJagdfzTU8fMSR1W9PRRQsAzjbooucBirHYh4o2CD89KUJJ2Gd6KXoG8 HTTP/1.1" 200 163 "-" "Mozilla/5.0 (iPhone; CPU iPhone OS 17_2 like Mac OS X) AppleWebKit/605.1.15 (KHTML, like Gecko) Version/17.2 Mobile/15E148 Safari/604.1"
108.162.237.124 - - [14/Dec/2023:19:20:38 +0000] "GET /cgi-sys/defaultwebpage.cgi HTTP/1.1" 200 6948 "https://maticstream.com/?fbclid=IwAR3OJagdfzTU8fMSR1W9PRRQsAzjbooucBirHYh4o2CD89KUJJ2Gd6KXoG8" "Mozilla/5.0 (iPhone; CPU iPhone OS 17_2 like Mac OS X) AppleWebKit/605.1.15 (KHTML, like Gecko) Version/17.2 Mobile/15E148 Safari/604.1"
108.162.238.70 - - [14/Dec/2023:19:20:38 +0000] "GET /apple-touch-icon-120x120-precomposed.png HTTP/1.1" 404 10148 "-" "MobileSafari/8617.1.17.10.9 CFNetwork/1490.0.4 Darwin/23.2.0"
108.162.237.59 - - [14/Dec/2023:19:20:39 +0000] "GET /apple-touch-icon-120x120.png HTTP/1.1" 404 10124 "-" "MobileSafari/8617.1.17.10.9 CFNetwork/1490.0.4 Darwin/23.2.0"
108.162.237.140 - - [14/Dec/2023:19:20:39 +0000] "GET /apple-touch-icon-precomposed.png HTTP/1.1" 404 10132 "-" "MobileSafari/8617.1.17.10.9 CFNetwork/1490.0.4 Darwin/23.2.0"
108.162.238.72 - - [14/Dec/2023:19:20:39 +0000] "GET /apple-touch-icon.png HTTP/1.1" 404 10108 "-" "MobileSafari/8617.1.17.10.9 CFNetwork/1490.0.4 Darwin/23.2.0"
108.162.238.57 - - [14/Dec/2023:19:20:39 +0000] "GET /favicon.ico HTTP/1.1" 404 10090 "-" "MobileSafari/8617.1.17.10.9 CFNetwork/1490.0.4 Darwin/23.2.0"
108.162.238.70 - - [14/Dec/2023:19:20:39 +0000] "GET /apple-touch-icon-120x120-precomposed.png HTTP/1.1" 404 10148 "-" "MobileSafari/8617.1.17.10.9 CFNetwork/1490.0.4 Darwin/23.2.0"
108.162.237.59 - - [14/Dec/2023:19:20:39 +0000] "GET /apple-touch-icon-120x120.png HTTP/1.1" 404 10124 "-" "MobileSafari/8617.1.17.10.9 CFNetwork/1490.0.4 Darwin/23.2.0"
108.162.237.140 - - [14/Dec/2023:19:20:39 +0000] "GET /apple-touch-icon-precomposed.png HTTP/1.1" 404 10132 "-" "MobileSafari/8617.1.17.10.9 CFNetwork/1490.0.4 Darwin/23.2.0"
108.162.238.72 - - [14/Dec/2023:19:20:40 +0000] "GET /apple-touch-icon.png HTTP/1.1" 404 10108 "-" "MobileSafari/8617.1.17.10.9 CFNetwork/1490.0.4 Darwin/23.2.0"
108.162.238.57 - - [14/Dec/2023:19:20:40 +0000] "GET /favicon.ico HTTP/1.1" 404 10090 "-" "MobileSafari/8617.1.17.10.9 CFNetwork/1490.0.4 Darwin/23.2.0"
185.61.152.136 - - [14/Dec/2023:19:20:40 +0000] "GET / HTTP/1.1" 200 163 "-" "Namecheap Monitoring Agent"
::1 - - [14/Dec/2023:19:20:45 +0000] "OPTIONS * HTTP/1.0" 200 - "-" "Apache/2.4.58 (cPanel) OpenSSL/1.1.1k mod_bwlimited/1.4 (internal dummy connection)"
::1 - - [14/Dec/2023:19:20:46 +0000] "OPTIONS * HTTP/1.0" 200 - "-" "Apache/2.4.58 (cPanel) OpenSSL/1.1.1k mod_bwlimited/1.4 (internal dummy connection)"
::1 - - [14/Dec/2023:19:20:47 +0000] "OPTIONS * HTTP/1.0" 200 - "-" "Apache/2.4.58 (cPanel) OpenSSL/1.1.1k mod_bwlimited/1.4 (internal dummy connection)"
198.54.118.134 - - [14/Dec/2023:19:22:14 +0000] "GET / HTTP/1.1" 200 163 "-" "Namecheap Monitoring Agent"
185.61.152.136 - - [14/Dec/2023:19:23:34 +0000] "GET / HTTP/1.1" 200 163 "-" "Namecheap Monitoring Agent"
127.0.0.1 - - [14/Dec/2023:19:23:58 +0000] "GET / HTTP/1.0" 200 163 "-" "-"
127.0.0.1 - - [14/Dec/2023:19:25:01 +0000] "GET /whm-server-status HTTP/1.0" 200 6792 "-" "-"
198.54.118.134 - - [14/Dec/2023:19:25:14 +0000] "GET / HTTP/1.1" 200 163 "-" "Namecheap Monitoring Agent"
185.61.152.136 - - [14/Dec/2023:19:26:28 +0000] "GET / HTTP/1.1" 200 163 "-" "Namecheap Monitoring Agent"
198.54.118.134 - - [14/Dec/2023:19:28:14 +0000] "GET / HTTP/1.1" 200 163 "-" "Namecheap Monitoring Agent"
185.61.152.136 - - [14/Dec/2023:19:29:22 +0000] "GET / HTTP/1.1" 200 163 "-" "Namecheap Monitoring Agent"
127.0.0.1 - - [14/Dec/2023:19:29:41 +0000] "GET / HTTP/1.0" 200 163 "-" "-"
107.170.252.47 - - [14/Dec/2023:19:29:42 +0000] "GET /version HTTP/1.1" 404 10075 "-" "Mozilla/5.0 zgrab/0.x"
127.0.0.1 - - [14/Dec/2023:19:30:01 +0000] "GET /whm-server-status HTTP/1.0" 200 6849 "-" "-"
45.142.182.77 - - [14/Dec/2023:19:31:08 +0000] "GET / HTTP/1.1" 200 163 "-" "-"
198.54.118.134 - - [14/Dec/2023:19:31:14 +0000] "GET / HTTP/1.1" 200 163 "-" "Namecheap Monitoring Agent"
45.142.182.77 - - [14/Dec/2023:19:31:19 +0000] "GET ../../proc/ HTTP" 400 10109 "-" "-"
185.61.152.136 - - [14/Dec/2023:19:32:17 +0000] "GET / HTTP/1.1" 200 163 "-" "Namecheap Monitoring Agent"
172.71.98.7 - - [14/Dec/2023:19:32:31 +0000] "GET / HTTP/1.1" 200 163 "-" "Mozilla/5.0 (X11; Linux x86_64) AppleWebKit/537.36 (KHTML, like Gecko) Chrome/108.0.0.0 Safari/537.36"
35.176.251.127 - - [14/Dec/2023:19:33:36 +0000] "GET /favicon.ico HTTP/1.1" 404 10083 "-" "'Cloud mapping experiment. Contact research@pdrlabs.net'"
198.54.118.134 - - [14/Dec/2023:19:34:14 +0000] "GET / HTTP/1.1" 200 163 "-" "Namecheap Monitoring Agent"
127.0.0.1 - - [14/Dec/2023:19:35:01 +0000] "GET /whm-server-status HTTP/1.0" 200 6945 "-" "-"
185.61.152.136 - - [14/Dec/2023:19:35:11 +0000] "GET / HTTP/1.1" 200 163 "-" "Namecheap Monitoring Agent"
35.176.251.127 - - [14/Dec/2023:19:36:18 +0000] "GET /manage/account/login HTTP/1.1" 404 10101 "-" "'Cloud mapping experiment. Contact research@pdrlabs.net'"
127.0.0.1 - - [14/Dec/2023:19:36:44 +0000] "GET / HTTP/1.0" 200 163 "-" "-"
198.54.118.134 - - [14/Dec/2023:19:37:14 +0000] "GET / HTTP/1.1" 200 163 "-" "Namecheap Monitoring Agent"
185.61.152.136 - - [14/Dec/2023:19:38:05 +0000] "GET / HTTP/1.1" 200 163 "-" "Namecheap Monitoring Agent"
127.0.0.1 - - [14/Dec/2023:19:40:01 +0000] "GET /whm-server-status HTTP/1.0" 200 7019 "-" "-"
198.54.118.134 - - [14/Dec/2023:19:40:14 +0000] "GET / HTTP/1.1" 200 163 "-" "Namecheap Monitoring Agent"
185.61.152.136 - - [14/Dec/2023:19:40:59 +0000] "GET / HTTP/1.1" 200 163 "-" "Namecheap Monitoring Agent"
127.0.0.1 - - [14/Dec/2023:19:41:50 +0000] "GET / HTTP/1.0" 200 163 "-" "-"
35.176.251.127 - - [14/Dec/2023:19:42:18 +0000] "GET /manage/account/login HTTP/1.1" 404 10101 "-" "'Cloud mapping experiment. Contact research@pdrlabs.net'"
198.54.118.134 - - [14/Dec/2023:19:43:14 +0000] "GET / HTTP/1.1" 200 163 "-" "Namecheap Monitoring Agent"
172.70.250.9 - - [14/Dec/2023:19:43:25 +0000] "GET / HTTP/1.1" 200 163 "-" "Mozilla/5.0 (Windows NT 10.0; Win64; x64) AppleWebKit/537.36 (KHTML, like Gecko) Chrome/120.0.6099.109 Safari/537.36"
172.70.250.9 - - [14/Dec/2023:19:43:25 +0000] "GET /cgi-sys/defaultwebpage.cgi HTTP/1.1" 200 6948 "https://maticstream.com/" "Mozilla/5.0 (Windows NT 10.0; Win64; x64) AppleWebKit/537.36 (KHTML, like Gecko) Chrome/120.0.6099.109 Safari/537.36"
172.71.134.39 - - [14/Dec/2023:19:43:25 +0000] "GET /img-sys/IP_changed.png HTTP/1.1" 200 2939 "https://maticstream.com/cgi-sys/defaultwebpage.cgi" "Mozilla/5.0 (Windows NT 10.0; Win64; x64) AppleWebKit/537.36 (KHTML, like Gecko) Chrome/120.0.6099.109 Safari/537.36"
172.71.135.114 - - [14/Dec/2023:19:43:25 +0000] "GET /img-sys/server_misconfigured.png HTTP/1.1" 200 3164 "https://maticstream.com/cgi-sys/defaultwebpage.cgi" "Mozilla/5.0 (Windows NT 10.0; Win64; x64) AppleWebKit/537.36 (KHTML, like Gecko) Chrome/120.0.6099.109 Safari/537.36"
172.71.135.115 - - [14/Dec/2023:19:43:25 +0000] "GET /img-sys/powered_by_cpanel.svg HTTP/1.1" 200 5617 "https://maticstream.com/cgi-sys/defaultwebpage.cgi" "Mozilla/5.0 (Windows NT 10.0; Win64; x64) AppleWebKit/537.36 (KHTML, like Gecko) Chrome/120.0.6099.109 Safari/537.36"
172.71.134.224 - - [14/Dec/2023:19:43:25 +0000] "GET /img-sys/error-bg-left.png HTTP/1.1" 200 8072 "https://maticstream.com/cgi-sys/defaultwebpage.cgi" "Mozilla/5.0 (Windows NT 10.0; Win64; x64) AppleWebKit/537.36 (KHTML, like Gecko) Chrome/120.0.6099.109 Safari/537.36"
172.71.134.185 - - [14/Dec/2023:19:43:25 +0000] "GET /img-sys/server_moved.png HTTP/1.1" 200 3327 "https://maticstream.com/cgi-sys/defaultwebpage.cgi" "Mozilla/5.0 (Windows NT 10.0; Win64; x64) AppleWebKit/537.36 (KHTML, like Gecko) Chrome/120.0.6099.109 Safari/537.36"
::1 - - [14/Dec/2023:19:43:31 +0000] "OPTIONS * HTTP/1.0" 200 - "-" "Apache/2.4.58 (cPanel) OpenSSL/1.1.1k mod_bwlimited/1.4 (internal dummy connection)"
185.61.152.136 - - [14/Dec/2023:19:43:53 +0000] "GET / HTTP/1.1" 200 163 "-" "Namecheap Monitoring Agent"
172.64.236.11 - - [14/Dec/2023:19:44:42 +0000] "GET / HTTP/1.1" 200 163 "-" "Mozilla/5.0 (X11; Linux x86_64) AppleWebKit/537.36 (KHTML, like Gecko) Chrome/71.0.3578.98 Safari/537.36"
172.64.236.11 - - [14/Dec/2023:19:44:42 +0000] "GET /cgi-sys/defaultwebpage.cgi HTTP/1.1" 200 6948 "https://maticstream.com/" "Mozilla/5.0 (X11; Linux x86_64) AppleWebKit/537.36 (KHTML, like Gecko) Chrome/71.0.3578.98 Safari/537.36"
127.0.0.1 - - [14/Dec/2023:19:45:02 +0000] "GET /whm-server-status HTTP/1.0" 200 7203 "-" "-"
35.176.251.127 - - [14/Dec/2023:19:46:03 +0000] "GET /admin/index.html HTTP/1.1" 404 10093 "-" "'Cloud mapping experiment. Contact research@pdrlabs.net'"
198.54.118.134 - - [14/Dec/2023:19:46:14 +0000] "GET / HTTP/1.1" 200 163 "-" "Namecheap Monitoring Agent"
172.71.178.28 - - [14/Dec/2023:19:46:27 +0000] "GET / HTTP/1.1" 200 163 "https://maticstream.com/" "Mozilla/5.0 (Windows NT 10.0; Win64; x64) AppleWebKit/537.36 (KHTML, like Gecko) Chrome/67.0.3396.87 Safari/537.36"
141.101.99.170 - - [14/Dec/2023:19:46:27 +0000] "GET /cgi-sys/defaultwebpage.cgi HTTP/1.1" 200 6948 "https://maticstream.com/cgi-sys/defaultwebpage.cgi" "Mozilla/5.0 (Windows NT 10.0; Win64; x64) AppleWebKit/537.36 (KHTML, like Gecko) Chrome/67.0.3396.87 Safari/537.36"
185.61.152.136 - - [14/Dec/2023:19:46:47 +0000] "GET / HTTP/1.1" 200 163 "-" "Namecheap Monitoring Agent"
127.0.0.1 - - [14/Dec/2023:19:48:13 +0000] "GET / HTTP/1.0" 200 163 "-" "-"
198.54.118.134 - - [14/Dec/2023:19:49:14 +0000] "GET / HTTP/1.1" 200 163 "-" "Namecheap Monitoring Agent"
185.61.152.136 - - [14/Dec/2023:19:49:42 +0000] "GET / HTTP/1.1" 200 163 "-" "Namecheap Monitoring Agent"
127.0.0.1 - - [14/Dec/2023:19:50:01 +0000] "GET /whm-server-status HTTP/1.0" 200 7030 "-" "-"
198.54.118.134 - - [14/Dec/2023:19:52:14 +0000] "GET / HTTP/1.1" 200 163 "-" "Namecheap Monitoring Agent"
35.176.251.127 - - [14/Dec/2023:19:52:18 +0000] "GET /admin/index.html HTTP/1.1" 404 10093 "-" "'Cloud mapping experiment. Contact research@pdrlabs.net'"
185.61.152.136 - - [14/Dec/2023:19:52:42 +0000] "GET / HTTP/1.1" 200 163 "-" "Namecheap Monitoring Agent"
127.0.0.1 - - [14/Dec/2023:19:54:11 +0000] "GET / HTTP/1.0" 200 163 "-" "-"
127.0.0.1 - - [14/Dec/2023:19:55:01 +0000] "GET /whm-server-status HTTP/1.0" 200 7017 "-" "-"
198.54.118.134 - - [14/Dec/2023:19:55:14 +0000] "GET / HTTP/1.1" 200 163 "-" "Namecheap Monitoring Agent"
185.61.152.136 - - [14/Dec/2023:19:55:42 +0000] "GET / HTTP/1.1" 200 163 "-" "Namecheap Monitoring Agent"
35.176.251.127 - - [14/Dec/2023:19:56:14 +0000] "GET /index.html HTTP/1.1" 200 163 "-" "'Cloud mapping experiment. Contact research@pdrlabs.net'"
198.54.118.134 - - [14/Dec/2023:19:58:14 +0000] "GET / HTTP/1.1" 200 163 "-" "Namecheap Monitoring Agent"
185.61.152.136 - - [14/Dec/2023:19:58:42 +0000] "GET / HTTP/1.1" 200 163 "-" "Namecheap Monitoring Agent"
127.0.0.1 - - [14/Dec/2023:20:00:01 +0000] "GET /whm-server-status HTTP/1.0" 200 6968 "-" "-"
127.0.0.1 - - [14/Dec/2023:20:00:03 +0000] "GET / HTTP/1.0" 200 163 "-" "-"
172.69.6.46 - - [14/Dec/2023:20:00:23 +0000] "GET / HTTP/1.1" 200 163 "-" "Mozilla/5.0 (iPhone; CPU iPhone OS 17_1_2 like Mac OS X) AppleWebKit/605.1.15 (KHTML, like Gecko) Version/17.1.2 Mobile/15E148 Safari/604.1"
172.69.6.46 - - [14/Dec/2023:20:00:23 +0000] "GET /cgi-sys/defaultwebpage.cgi HTTP/1.1" 200 6948 "https://maticstream.com/" "Mozilla/5.0 (iPhone; CPU iPhone OS 17_1_2 like Mac OS X) AppleWebKit/605.1.15 (KHTML, like Gecko) Version/17.1.2 Mobile/15E148 Safari/604.1"
198.54.118.134 - - [14/Dec/2023:20:01:14 +0000] "GET / HTTP/1.1" 200 163 "-" "Namecheap Monitoring Agent"
185.61.152.136 - - [14/Dec/2023:20:01:42 +0000] "GET / HTTP/1.1" 200 163 "-" "Namecheap Monitoring Agent"
35.176.251.127 - - [14/Dec/2023:20:02:58 +0000] "GET /index.html HTTP/1.1" 200 163 "-" "'Cloud mapping experiment. Contact research@pdrlabs.net'"
198.54.118.134 - - [14/Dec/2023:20:04:14 +0000] "GET / HTTP/1.1" 200 163 "-" "Namecheap Monitoring Agent"
185.61.152.136 - - [14/Dec/2023:20:04:42 +0000] "GET / HTTP/1.1" 200 163 "-" "Namecheap Monitoring Agent"
127.0.0.1 - - [14/Dec/2023:20:05:01 +0000] "GET /whm-server-status HTTP/1.0" 200 7040 "-" "-"
127.0.0.1 - - [14/Dec/2023:20:05:07 +0000] "GET / HTTP/1.0" 200 163 "-" "-"
198.54.118.134 - - [14/Dec/2023:20:07:14 +0000] "GET / HTTP/1.1" 200 163 "-" "Namecheap Monitoring Agent"
35.176.251.127 - - [14/Dec/2023:20:07:15 +0000] "GET /+CSCOE+/logon.html HTTP/1.1" 404 10097 "-" "'Cloud mapping experiment. Contact research@pdrlabs.net'"
185.61.152.136 - - [14/Dec/2023:20:07:42 +0000] "GET / HTTP/1.1" 200 163 "-" "Namecheap Monitoring Agent"
127.0.0.1 - - [14/Dec/2023:20:10:01 +0000] "GET /whm-server-status HTTP/1.0" 200 6981 "-" "-"
198.54.118.134 - - [14/Dec/2023:20:10:14 +0000] "GET / HTTP/1.1" 200 163 "-" "Namecheap Monitoring Agent"
185.61.152.136 - - [14/Dec/2023:20:10:42 +0000] "GET / HTTP/1.1" 200 163 "-" "Namecheap Monitoring Agent"
127.0.0.1 - - [14/Dec/2023:20:11:53 +0000] "GET / HTTP/1.0" 200 163 "-" "-"
198.54.118.134 - - [14/Dec/2023:20:13:14 +0000] "GET / HTTP/1.1" 200 163 "-" "Namecheap Monitoring Agent"
35.176.251.127 - - [14/Dec/2023:20:13:36 +0000] "GET /+CSCOE+/logon.html HTTP/1.1" 404 10097 "-" "'Cloud mapping experiment. Contact research@pdrlabs.net'"
185.61.152.136 - - [14/Dec/2023:20:13:42 +0000] "GET / HTTP/1.1" 200 163 "-" "Namecheap Monitoring Agent"
127.0.0.1 - - [14/Dec/2023:20:15:01 +0000] "GET /whm-server-status HTTP/1.0" 200 6981 "-" "-"
172.70.85.31 - - [14/Dec/2023:20:15:42 +0000] "GET / HTTP/1.1" 200 163 "http://maticstream.com" "Mozilla/5.0 (iPhone; CPU iPhone OS 13_2_3 like Mac OS X) AppleWebKit/605.1.15 (KHTML, like Gecko) Version/13.0.3 Mobile/15E148 Safari/604.1"
198.54.118.134 - - [14/Dec/2023:20:16:14 +0000] "GET / HTTP/1.1" 200 163 "-" "Namecheap Monitoring Agent"
185.61.152.136 - - [14/Dec/2023:20:16:42 +0000] "GET / HTTP/1.1" 200 163 "-" "Namecheap Monitoring Agent"
127.0.0.1 - - [14/Dec/2023:20:16:54 +0000] "GET / HTTP/1.0" 200 163 "-" "-"
35.176.251.127 - - [14/Dec/2023:20:17:23 +0000] "GET /cgi-bin/login.cgi HTTP/1.1" 404 10095 "-" "'Cloud mapping experiment. Contact research@pdrlabs.net'"
198.54.118.134 - - [14/Dec/2023:20:19:14 +0000] "GET / HTTP/1.1" 200 163 "-" "Namecheap Monitoring Agent"
185.61.152.136 - - [14/Dec/2023:20:19:42 +0000] "GET / HTTP/1.1" 200 163 "-" "Namecheap Monitoring Agent"
127.0.0.1 - - [14/Dec/2023:20:20:01 +0000] "GET /whm-server-status HTTP/1.0" 200 7027 "-" "-"
127.0.0.1 - - [14/Dec/2023:20:22:09 +0000] "GET / HTTP/1.0" 200 163 "-" "-"
198.54.118.134 - - [14/Dec/2023:20:22:14 +0000] "GET / HTTP/1.1" 200 163 "-" "Namecheap Monitoring Agent"
185.61.152.136 - - [14/Dec/2023:20:22:42 +0000] "GET / HTTP/1.1" 200 163 "-" "Namecheap Monitoring Agent"
35.176.251.127 - - [14/Dec/2023:20:23:16 +0000] "GET /cgi-bin/login.cgi HTTP/1.1" 404 10095 "-" "'Cloud mapping experiment. Contact research@pdrlabs.net'"
127.0.0.1 - - [14/Dec/2023:20:25:02 +0000] "GET /whm-server-status HTTP/1.0" 200 6988 "-" "-"
198.54.118.134 - - [14/Dec/2023:20:25:14 +0000] "GET / HTTP/1.1" 200 163 "-" "Namecheap Monitoring Agent"
185.61.152.136 - - [14/Dec/2023:20:25:42 +0000] "GET / HTTP/1.1" 200 163 "-" "Namecheap Monitoring Agent"
35.176.251.127 - - [14/Dec/2023:20:27:00 +0000] "GET /logon.htm HTTP/1.1" 404 10079 "-" "'Cloud mapping experiment. Contact research@pdrlabs.net'"
198.54.118.134 - - [14/Dec/2023:20:28:14 +0000] "GET / HTTP/1.1" 200 163 "-" "Namecheap Monitoring Agent"
127.0.0.1 - - [14/Dec/2023:20:28:30 +0000] "GET / HTTP/1.0" 200 163 "-" "-"
185.61.152.136 - - [14/Dec/2023:20:28:42 +0000] "GET / HTTP/1.1" 200 163 "-" "Namecheap Monitoring Agent"
127.0.0.1 - - [14/Dec/2023:20:30:01 +0000] "GET /whm-server-status HTTP/1.0" 200 6980 "-" "-"
176.126.66.219 - - [14/Dec/2023:20:30:56 +0000] "CONNECT www.sneakersnstuff.com:443 HTTP/1.1" 400 10137 "-" "-"
198.54.118.134 - - [14/Dec/2023:20:31:14 +0000] "GET / HTTP/1.1" 200 163 "-" "Namecheap Monitoring Agent"
185.61.152.136 - - [14/Dec/2023:20:31:42 +0000] "GET / HTTP/1.1" 200 163 "-" "Namecheap Monitoring Agent"
35.176.251.127 - - [14/Dec/2023:20:33:31 +0000] "GET /logon.htm HTTP/1.1" 404 10079 "-" "'Cloud mapping experiment. Contact research@pdrlabs.net'"
198.54.118.134 - - [14/Dec/2023:20:34:14 +0000] "GET / HTTP/1.1" 200 163 "-" "Namecheap Monitoring Agent"
127.0.0.1 - - [14/Dec/2023:20:34:27 +0000] "GET / HTTP/1.0" 200 163 "-" "-"
185.61.152.136 - - [14/Dec/2023:20:34:42 +0000] "GET / HTTP/1.1" 200 163 "-" "Namecheap Monitoring Agent"
127.0.0.1 - - [14/Dec/2023:20:35:01 +0000] "GET /whm-server-status HTTP/1.0" 200 7049 "-" "-"
198.54.118.134 - - [14/Dec/2023:20:37:14 +0000] "GET / HTTP/1.1" 200 163 "-" "Namecheap Monitoring Agent"
35.176.251.127 - - [14/Dec/2023:20:37:36 +0000] "GET /login.jsp HTTP/1.1" 404 10079 "-" "'Cloud mapping experiment. Contact research@pdrlabs.net'"
185.61.152.136 - - [14/Dec/2023:20:37:42 +0000] "GET / HTTP/1.1" 200 163 "-" "Namecheap Monitoring Agent"
127.0.0.1 - - [14/Dec/2023:20:40:01 +0000] "GET /whm-server-status HTTP/1.0" 200 6982 "-" "-"
198.54.118.134 - - [14/Dec/2023:20:40:14 +0000] "GET / HTTP/1.1" 200 163 "-" "Namecheap Monitoring Agent"
185.61.152.136 - - [14/Dec/2023:20:40:42 +0000] "GET / HTTP/1.1" 200 163 "-" "Namecheap Monitoring Agent"
127.0.0.1 - - [14/Dec/2023:20:41:38 +0000] "GET / HTTP/1.0" 200 163 "-" "-"
172.69.214.47 - - [14/Dec/2023:20:41:48 +0000] "GET / HTTP/1.1" 200 163 "-" "-"
198.54.118.134 - - [14/Dec/2023:20:43:14 +0000] "GET / HTTP/1.1" 200 163 "-" "Namecheap Monitoring Agent"
185.61.152.136 - - [14/Dec/2023:20:43:42 +0000] "GET / HTTP/1.1" 200 163 "-" "Namecheap Monitoring Agent"
35.176.251.127 - - [14/Dec/2023:20:43:55 +0000] "GET /login.jsp HTTP/1.1" 404 10079 "-" "'Cloud mapping experiment. Contact research@pdrlabs.net'"
127.0.0.1 - - [14/Dec/2023:20:45:02 +0000] "GET /whm-server-status HTTP/1.0" 200 7021 "-" "-"
198.54.118.134 - - [14/Dec/2023:20:46:14 +0000] "GET / HTTP/1.1" 200 163 "-" "Namecheap Monitoring Agent"
185.61.152.136 - - [14/Dec/2023:20:46:42 +0000] "GET / HTTP/1.1" 200 163 "-" "Namecheap Monitoring Agent"
127.0.0.1 - - [14/Dec/2023:20:46:57 +0000] "GET / HTTP/1.0" 200 163 "-" "-"
35.176.251.127 - - [14/Dec/2023:20:47:42 +0000] "GET / HTTP/1.1" 200 163 "-" "'Cloud mapping experiment. Contact research@pdrlabs.net'"
198.54.118.134 - - [14/Dec/2023:20:49:14 +0000] "GET / HTTP/1.1" 200 163 "-" "Namecheap Monitoring Agent"
185.61.152.136 - - [14/Dec/2023:20:49:42 +0000] "GET / HTTP/1.1" 200 163 "-" "Namecheap Monitoring Agent"
127.0.0.1 - - [14/Dec/2023:20:50:01 +0000] "GET /whm-server-status HTTP/1.0" 200 6972 "-" "-"
172.70.235.135 - - [14/Dec/2023:20:50:13 +0000] "GET / HTTP/1.1" 200 163 "http://maticstream.com" "Mozilla/5.0 (X11; Linux x86_64) AppleWebKit/537.36 (KHTML, like Gecko) Chrome/114.0.0.0 Safari/537.36 Vivaldi/5.3.2679.68"
172.70.235.135 - - [14/Dec/2023:20:50:13 +0000] "GET /cgi-sys/defaultwebpage.cgi HTTP/1.1" 200 6948 "https://maticstream.com/" "Mozilla/5.0 (X11; Linux x86_64) AppleWebKit/537.36 (KHTML, like Gecko) Chrome/114.0.0.0 Safari/537.36 Vivaldi/5.3.2679.68"
45.80.209.169 - - [14/Dec/2023:20:51:34 +0000] "POST / HTTP/1.1" 200 163 "-" "Go-http-client/1.1"
127.0.0.1 - - [14/Dec/2023:20:51:57 +0000] "GET / HTTP/1.0" 200 163 "-" "-"
172.70.175.145 - - [14/Dec/2023:20:52:11 +0000] "GET /sitemap.xml HTTP/1.1" 404 10090 "-" "Mozilla/5.0 AppleWebKit/537.36 (KHTML, like Gecko; compatible; bingbot/2.0; +http://www.bing.com/bingbot.htm) Chrome/116.0.1938.76 Safari/537.36"
198.54.118.134 - - [14/Dec/2023:20:52:14 +0000] "GET / HTTP/1.1" 200 163 "-" "Namecheap Monitoring Agent"
108.162.245.234 - - [14/Dec/2023:20:52:18 +0000] "GET /sitemap.rss HTTP/1.1" 404 10090 "-" "Mozilla/5.0 AppleWebKit/537.36 (KHTML, like Gecko; compatible; bingbot/2.0; +http://www.bing.com/bingbot.htm) Chrome/116.0.1938.76 Safari/537.36"
185.61.152.136 - - [14/Dec/2023:20:52:42 +0000] "GET / HTTP/1.1" 200 163 "-" "Namecheap Monitoring Agent"
172.70.214.150 - - [14/Dec/2023:20:52:47 +0000] "GET / HTTP/1.1" 200 163 "-" "Mozilla/5.0 (iPhone; CPU iPhone OS 17_0_1 like Mac OS X) AppleWebKit/605.1.15 (KHTML, like Gecko) Version/17.0 Mobile/15E148 Safari/604.1"
172.70.214.150 - - [14/Dec/2023:20:52:47 +0000] "GET /cgi-sys/defaultwebpage.cgi HTTP/1.1" 200 6948 "https://maticstream.com/" "Mozilla/5.0 (iPhone; CPU iPhone OS 17_0_1 like Mac OS X) AppleWebKit/605.1.15 (KHTML, like Gecko) Version/17.0 Mobile/15E148 Safari/604.1"
172.70.214.206 - - [14/Dec/2023:20:52:47 +0000] "GET /img-sys/IP_changed.png HTTP/1.1" 200 2939 "https://maticstream.com/cgi-sys/defaultwebpage.cgi" "Mozilla/5.0 (iPhone; CPU iPhone OS 17_0_1 like Mac OS X) AppleWebKit/605.1.15 (KHTML, like Gecko) Version/17.0 Mobile/15E148 Safari/604.1"
172.70.214.216 - - [14/Dec/2023:20:52:47 +0000] "GET /img-sys/server_moved.png HTTP/1.1" 200 3327 "https://maticstream.com/cgi-sys/defaultwebpage.cgi" "Mozilla/5.0 (iPhone; CPU iPhone OS 17_0_1 like Mac OS X) AppleWebKit/605.1.15 (KHTML, like Gecko) Version/17.0 Mobile/15E148 Safari/604.1"
172.70.214.231 - - [14/Dec/2023:20:52:47 +0000] "GET /img-sys/powered_by_cpanel.svg HTTP/1.1" 200 5617 "https://maticstream.com/cgi-sys/defaultwebpage.cgi" "Mozilla/5.0 (iPhone; CPU iPhone OS 17_0_1 like Mac OS X) AppleWebKit/605.1.15 (KHTML, like Gecko) Version/17.0 Mobile/15E148 Safari/604.1"
172.70.214.180 - - [14/Dec/2023:20:52:47 +0000] "GET /img-sys/server_misconfigured.png HTTP/1.1" 200 3164 "https://maticstream.com/cgi-sys/defaultwebpage.cgi" "Mozilla/5.0 (iPhone; CPU iPhone OS 17_0_1 like Mac OS X) AppleWebKit/605.1.15 (KHTML, like Gecko) Version/17.0 Mobile/15E148 Safari/604.1"
127.0.0.1 - - [14/Dec/2023:20:55:01 +0000] "GET /whm-server-status HTTP/1.0" 200 7085 "-" "-"
198.54.118.134 - - [14/Dec/2023:20:55:14 +0000] "GET / HTTP/1.1" 200 163 "-" "Namecheap Monitoring Agent"
185.61.152.136 - - [14/Dec/2023:20:55:42 +0000] "GET / HTTP/1.1" 200 163 "-" "Namecheap Monitoring Agent"
35.176.251.127 - - [14/Dec/2023:20:55:45 +0000] "GET / HTTP/1.1" 200 163 "-" "'Cloud mapping experiment. Contact research@pdrlabs.net'"
127.0.0.1 - - [14/Dec/2023:20:57:55 +0000] "GET / HTTP/1.0" 200 163 "-" "-"
198.54.118.134 - - [14/Dec/2023:20:58:14 +0000] "GET / HTTP/1.1" 200 163 "-" "Namecheap Monitoring Agent"
185.61.152.136 - - [14/Dec/2023:20:58:42 +0000] "GET / HTTP/1.1" 200 163 "-" "Namecheap Monitoring Agent"
127.0.0.1 - - [14/Dec/2023:21:00:01 +0000] "GET /whm-server-status HTTP/1.0" 200 6975 "-" "-"
198.54.118.134 - - [14/Dec/2023:21:01:14 +0000] "GET / HTTP/1.1" 200 163 "-" "Namecheap Monitoring Agent"
185.61.152.136 - - [14/Dec/2023:21:01:42 +0000] "GET / HTTP/1.1" 200 163 "-" "Namecheap Monitoring Agent"
127.0.0.1 - - [14/Dec/2023:21:03:45 +0000] "GET / HTTP/1.0" 200 163 "-" "-"
198.54.118.134 - - [14/Dec/2023:21:04:14 +0000] "GET / HTTP/1.1" 200 163 "-" "Namecheap Monitoring Agent"
185.61.152.136 - - [14/Dec/2023:21:04:42 +0000] "GET / HTTP/1.1" 200 163 "-" "Namecheap Monitoring Agent"
127.0.0.1 - - [14/Dec/2023:21:05:02 +0000] "GET /whm-server-status HTTP/1.0" 200 6887 "-" "-"
198.54.118.134 - - [14/Dec/2023:21:07:14 +0000] "GET / HTTP/1.1" 200 163 "-" "Namecheap Monitoring Agent"
185.61.152.136 - - [14/Dec/2023:21:07:42 +0000] "GET / HTTP/1.1" 200 163 "-" "Namecheap Monitoring Agent"
127.0.0.1 - - [14/Dec/2023:21:10:02 +0000] "GET /whm-server-status HTTP/1.0" 200 6894 "-" "-"
198.54.118.134 - - [14/Dec/2023:21:10:14 +0000] "GET / HTTP/1.1" 200 163 "-" "Namecheap Monitoring Agent"
185.61.152.136 - - [14/Dec/2023:21:10:42 +0000] "GET / HTTP/1.1" 200 163 "-" "Namecheap Monitoring Agent"
127.0.0.1 - - [14/Dec/2023:21:11:03 +0000] "GET / HTTP/1.0" 200 163 "-" "-"
67.220.86.160 - - [14/Dec/2023:21:11:59 +0000] "GET / HTTP/1.1" 200 163 "-" "Mozilla/5.0 (Macintosh; Intel Mac OS X 10_15_4) AppleWebKit/537.36 (KHTML, like Gecko) Chrome/101.0.4951.64 Safari/537.36"
172.69.33.40 - - [14/Dec/2023:21:12:52 +0000] "GET /?fbclid=IwAR3t8u6LmIxJq_NvkT4L19iYs9BPP1BM84jYTM4dcWcl-eEwTMTJfLnwFTc HTTP/1.1" 200 163 "-" "Mozilla/5.0 (Macintosh; Intel Mac OS X 10_15_7) AppleWebKit/537.36 (KHTML, like Gecko) Chrome/119.0.0.0 Safari/537.36 Edg/119.0.0.0"
172.69.33.40 - - [14/Dec/2023:21:12:52 +0000] "GET /cgi-sys/defaultwebpage.cgi HTTP/1.1" 200 6948 "https://maticstream.com/?fbclid=IwAR3t8u6LmIxJq_NvkT4L19iYs9BPP1BM84jYTM4dcWcl-eEwTMTJfLnwFTc" "Mozilla/5.0 (Macintosh; Intel Mac OS X 10_15_7) AppleWebKit/537.36 (KHTML, like Gecko) Chrome/119.0.0.0 Safari/537.36 Edg/119.0.0.0"
172.69.34.80 - - [14/Dec/2023:21:12:52 +0000] "GET /favicon.ico HTTP/1.1" 404 10090 "https://maticstream.com/?fbclid=IwAR3t8u6LmIxJq_NvkT4L19iYs9BPP1BM84jYTM4dcWcl-eEwTMTJfLnwFTc" "Mozilla/5.0 (Macintosh; Intel Mac OS X 10_15_7) AppleWebKit/537.36 (KHTML, like Gecko) Chrome/119.0.0.0 Safari/537.36 Edg/119.0.0.0"
172.69.34.76 - - [14/Dec/2023:21:12:52 +0000] "GET /img-sys/IP_changed.png HTTP/1.1" 200 2939 "https://maticstream.com/cgi-sys/defaultwebpage.cgi" "Mozilla/5.0 (Macintosh; Intel Mac OS X 10_15_7) AppleWebKit/537.36 (KHTML, like Gecko) Chrome/119.0.0.0 Safari/537.36 Edg/119.0.0.0"
172.69.33.35 - - [14/Dec/2023:21:12:52 +0000] "GET /img-sys/error-bg-left.png HTTP/1.1" 200 8072 "https://maticstream.com/cgi-sys/defaultwebpage.cgi" "Mozilla/5.0 (Macintosh; Intel Mac OS X 10_15_7) AppleWebKit/537.36 (KHTML, like Gecko) Chrome/119.0.0.0 Safari/537.36 Edg/119.0.0.0"
172.69.34.132 - - [14/Dec/2023:21:12:52 +0000] "GET /img-sys/server_moved.png HTTP/1.1" 200 3327 "https://maticstream.com/cgi-sys/defaultwebpage.cgi" "Mozilla/5.0 (Macintosh; Intel Mac OS X 10_15_7) AppleWebKit/537.36 (KHTML, like Gecko) Chrome/119.0.0.0 Safari/537.36 Edg/119.0.0.0"
172.69.33.181 - - [14/Dec/2023:21:12:52 +0000] "GET /img-sys/server_misconfigured.png HTTP/1.1" 200 3164 "https://maticstream.com/cgi-sys/defaultwebpage.cgi" "Mozilla/5.0 (Macintosh; Intel Mac OS X 10_15_7) AppleWebKit/537.36 (KHTML, like Gecko) Chrome/119.0.0.0 Safari/537.36 Edg/119.0.0.0"
172.69.34.148 - - [14/Dec/2023:21:12:52 +0000] "GET /img-sys/powered_by_cpanel.svg HTTP/1.1" 200 5617 "https://maticstream.com/cgi-sys/defaultwebpage.cgi" "Mozilla/5.0 (Macintosh; Intel Mac OS X 10_15_7) AppleWebKit/537.36 (KHTML, like Gecko) Chrome/119.0.0.0 Safari/537.36 Edg/119.0.0.0"
172.69.34.80 - - [14/Dec/2023:21:12:52 +0000] "GET /favicon.ico HTTP/1.1" 404 10090 "https://maticstream.com/cgi-sys/defaultwebpage.cgi" "Mozilla/5.0 (Macintosh; Intel Mac OS X 10_15_7) AppleWebKit/537.36 (KHTML, like Gecko) Chrome/119.0.0.0 Safari/537.36 Edg/119.0.0.0"
::1 - - [14/Dec/2023:21:12:58 +0000] "OPTIONS * HTTP/1.0" 200 - "-" "Apache/2.4.58 (cPanel) OpenSSL/1.1.1k mod_bwlimited/1.4 (internal dummy connection)"
::1 - - [14/Dec/2023:21:12:59 +0000] "OPTIONS * HTTP/1.0" 200 - "-" "Apache/2.4.58 (cPanel) OpenSSL/1.1.1k mod_bwlimited/1.4 (internal dummy connection)"
::1 - - [14/Dec/2023:21:13:00 +0000] "OPTIONS * HTTP/1.0" 200 - "-" "Apache/2.4.58 (cPanel) OpenSSL/1.1.1k mod_bwlimited/1.4 (internal dummy connection)"
172.69.33.40 - - [14/Dec/2023:21:13:00 +0000] "GET /?fbclid=IwAR3t8u6LmIxJq_NvkT4L19iYs9BPP1BM84jYTM4dcWcl-eEwTMTJfLnwFTc HTTP/1.1" 200 163 "-" "Mozilla/5.0 (Macintosh; Intel Mac OS X 10_15_7) AppleWebKit/537.36 (KHTML, like Gecko) Chrome/119.0.0.0 Safari/537.36 Edg/119.0.0.0"
172.69.33.40 - - [14/Dec/2023:21:13:00 +0000] "GET /cgi-sys/defaultwebpage.cgi HTTP/1.1" 200 6948 "https://maticstream.com/?fbclid=IwAR3t8u6LmIxJq_NvkT4L19iYs9BPP1BM84jYTM4dcWcl-eEwTMTJfLnwFTc" "Mozilla/5.0 (Macintosh; Intel Mac OS X 10_15_7) AppleWebKit/537.36 (KHTML, like Gecko) Chrome/119.0.0.0 Safari/537.36 Edg/119.0.0.0"
198.54.118.134 - - [14/Dec/2023:21:13:14 +0000] "GET / HTTP/1.1" 200 163 "-" "Namecheap Monitoring Agent"
162.158.78.65 - - [14/Dec/2023:21:13:31 +0000] "GET /img-sys/server_misconfigured.png HTTP/1.1" 200 3164 "https://maticstream.com/cgi-sys/defaultwebpage.cgi" "Mozilla/5.0 (Windows NT 10.0; Win64; x64) AppleWebKit/537.36 (KHTML, like Gecko) Chrome/70.0.3538.102 Safari/537.36"
185.61.152.136 - - [14/Dec/2023:21:13:42 +0000] "GET / HTTP/1.1" 200 163 "-" "Namecheap Monitoring Agent"
127.0.0.1 - - [14/Dec/2023:21:15:01 +0000] "GET /whm-server-status HTTP/1.0" 200 7156 "-" "-"
198.54.118.134 - - [14/Dec/2023:21:16:14 +0000] "GET / HTTP/1.1" 200 163 "-" "Namecheap Monitoring Agent"
127.0.0.1 - - [14/Dec/2023:21:16:37 +0000] "GET / HTTP/1.0" 200 163 "-" "-"
185.61.152.136 - - [14/Dec/2023:21:16:42 +0000] "GET / HTTP/1.1" 200 163 "-" "Namecheap Monitoring Agent"
198.54.118.134 - - [14/Dec/2023:21:19:14 +0000] "GET / HTTP/1.1" 200 163 "-" "Namecheap Monitoring Agent"
185.61.152.136 - - [14/Dec/2023:21:19:42 +0000] "GET / HTTP/1.1" 200 163 "-" "Namecheap Monitoring Agent"
127.0.0.1 - - [14/Dec/2023:21:20:01 +0000] "GET /whm-server-status HTTP/1.0" 200 6844 "-" "-"
127.0.0.1 - - [14/Dec/2023:21:22:00 +0000] "GET / HTTP/1.0" 200 163 "-" "-"
198.54.118.134 - - [14/Dec/2023:21:22:14 +0000] "GET / HTTP/1.1" 200 163 "-" "Namecheap Monitoring Agent"
185.61.152.136 - - [14/Dec/2023:21:22:42 +0000] "GET / HTTP/1.1" 200 163 "-" "Namecheap Monitoring Agent"
127.0.0.1 - - [14/Dec/2023:21:25:01 +0000] "GET /whm-server-status HTTP/1.0" 200 6845 "-" "-"
198.54.118.134 - - [14/Dec/2023:21:25:14 +0000] "GET / HTTP/1.1" 200 163 "-" "Namecheap Monitoring Agent"
172.71.158.80 - - [14/Dec/2023:21:25:36 +0000] "GET / HTTP/1.1" 200 163 "-" "Mozilla/5.0 (Linux; Android 10; K) AppleWebKit/537.36 (KHTML, like Gecko) Chrome/120.0.0.0 Mobile Safari/537.36"
172.71.158.80 - - [14/Dec/2023:21:25:36 +0000] "GET /cgi-sys/defaultwebpage.cgi HTTP/1.1" 200 6948 "https://maticstream.com/" "Mozilla/5.0 (Linux; Android 10; K) AppleWebKit/537.36 (KHTML, like Gecko) Chrome/120.0.0.0 Mobile Safari/537.36"
172.71.159.57 - - [14/Dec/2023:21:25:36 +0000] "GET /favicon.ico HTTP/1.1" 404 10090 "https://maticstream.com/" "Mozilla/5.0 (Linux; Android 10; K) AppleWebKit/537.36 (KHTML, like Gecko) Chrome/120.0.0.0 Mobile Safari/537.36"
172.71.158.37 - - [14/Dec/2023:21:25:37 +0000] "GET /img-sys/IP_changed.png HTTP/1.1" 200 2939 "https://maticstream.com/cgi-sys/defaultwebpage.cgi" "Mozilla/5.0 (Linux; Android 10; K) AppleWebKit/537.36 (KHTML, like Gecko) Chrome/120.0.0.0 Mobile Safari/537.36"
172.71.158.219 - - [14/Dec/2023:21:25:37 +0000] "GET /img-sys/server_misconfigured.png HTTP/1.1" 200 3164 "https://maticstream.com/cgi-sys/defaultwebpage.cgi" "Mozilla/5.0 (Linux; Android 10; K) AppleWebKit/537.36 (KHTML, like Gecko) Chrome/120.0.0.0 Mobile Safari/537.36"
172.71.158.104 - - [14/Dec/2023:21:25:37 +0000] "GET /img-sys/server_moved.png HTTP/1.1" 200 3327 "https://maticstream.com/cgi-sys/defaultwebpage.cgi" "Mozilla/5.0 (Linux; Android 10; K) AppleWebKit/537.36 (KHTML, like Gecko) Chrome/120.0.0.0 Mobile Safari/537.36"
172.71.159.41 - - [14/Dec/2023:21:25:37 +0000] "GET /img-sys/powered_by_cpanel.svg HTTP/1.1" 200 5617 "https://maticstream.com/cgi-sys/defaultwebpage.cgi" "Mozilla/5.0 (Linux; Android 10; K) AppleWebKit/537.36 (KHTML, like Gecko) Chrome/120.0.0.0 Mobile Safari/537.36"
::1 - - [14/Dec/2023:21:25:42 +0000] "OPTIONS * HTTP/1.0" 200 - "-" "Apache/2.4.58 (cPanel) OpenSSL/1.1.1k mod_bwlimited/1.4 (internal dummy connection)"
185.61.152.136 - - [14/Dec/2023:21:25:42 +0000] "GET / HTTP/1.1" 200 163 "-" "Namecheap Monitoring Agent"
127.0.0.1 - - [14/Dec/2023:21:27:01 +0000] "GET / HTTP/1.0" 200 163 "-" "-"
198.54.118.134 - - [14/Dec/2023:21:28:14 +0000] "GET / HTTP/1.1" 200 163 "-" "Namecheap Monitoring Agent"
185.61.152.136 - - [14/Dec/2023:21:28:42 +0000] "GET / HTTP/1.1" 200 163 "-" "Namecheap Monitoring Agent"
127.0.0.1 - - [14/Dec/2023:21:30:01 +0000] "GET /whm-server-status HTTP/1.0" 200 7029 "-" "-"
198.54.118.134 - - [14/Dec/2023:21:31:14 +0000] "GET / HTTP/1.1" 200 163 "-" "Namecheap Monitoring Agent"
185.61.152.136 - - [14/Dec/2023:21:31:42 +0000] "GET / HTTP/1.1" 200 163 "-" "Namecheap Monitoring Agent"
127.0.0.1 - - [14/Dec/2023:21:32:14 +0000] "GET / HTTP/1.0" 200 163 "-" "-"
198.199.101.22 - - [14/Dec/2023:21:33:27 +0000] "GET / HTTP/1.1" 200 163 "-" "Mozilla/5.0 zgrab/0.x"
198.54.118.134 - - [14/Dec/2023:21:34:14 +0000] "GET / HTTP/1.1" 200 163 "-" "Namecheap Monitoring Agent"
185.61.152.136 - - [14/Dec/2023:21:34:42 +0000] "GET / HTTP/1.1" 200 163 "-" "Namecheap Monitoring Agent"
167.94.145.56 - - [14/Dec/2023:21:34:50 +0000] "GET / HTTP/1.1" 200 163 "-" "-"
167.94.145.56 - - [14/Dec/2023:21:34:54 +0000] "GET / HTTP/1.1" 200 163 "-" "Mozilla/5.0 (compatible; CensysInspect/1.1; +https://about.censys.io/)"
167.94.145.56 - - [14/Dec/2023:21:34:55 +0000] "GET /favicon.ico HTTP/1.1" 404 10083 "-" "Mozilla/5.0 (compatible; CensysInspect/1.1; +https://about.censys.io/)"
127.0.0.1 - - [14/Dec/2023:21:35:01 +0000] "GET /whm-server-status HTTP/1.0" 200 6968 "-" "-"
198.54.118.134 - - [14/Dec/2023:21:37:14 +0000] "GET / HTTP/1.1" 200 163 "-" "Namecheap Monitoring Agent"
185.61.152.136 - - [14/Dec/2023:21:37:42 +0000] "GET / HTTP/1.1" 200 163 "-" "Namecheap Monitoring Agent"
127.0.0.1 - - [14/Dec/2023:21:40:01 +0000] "GET /whm-server-status HTTP/1.0" 200 6910 "-" "-"
198.54.118.134 - - [14/Dec/2023:21:40:14 +0000] "GET / HTTP/1.1" 200 163 "-" "Namecheap Monitoring Agent"
185.61.152.136 - - [14/Dec/2023:21:40:42 +0000] "GET / HTTP/1.1" 200 163 "-" "Namecheap Monitoring Agent"
127.0.0.1 - - [14/Dec/2023:21:41:37 +0000] "GET / HTTP/1.0" 200 163 "-" "-"
198.54.118.134 - - [14/Dec/2023:21:43:14 +0000] "GET / HTTP/1.1" 200 163 "-" "Namecheap Monitoring Agent"
185.61.152.136 - - [14/Dec/2023:21:43:42 +0000] "GET / HTTP/1.1" 200 163 "-" "Namecheap Monitoring Agent"
176.126.66.219 - - [14/Dec/2023:21:43:54 +0000] "CONNECT www.sneakersnstuff.com:443 HTTP/1.1" 400 10137 "-" "-"
127.0.0.1 - - [14/Dec/2023:21:45:01 +0000] "GET /whm-server-status HTTP/1.0" 200 6923 "-" "-"
198.54.118.134 - - [14/Dec/2023:21:46:14 +0000] "GET / HTTP/1.1" 200 163 "-" "Namecheap Monitoring Agent"
185.61.152.136 - - [14/Dec/2023:21:46:42 +0000] "GET / HTTP/1.1" 200 163 "-" "Namecheap Monitoring Agent"
127.0.0.1 - - [14/Dec/2023:21:46:56 +0000] "GET / HTTP/1.0" 200 163 "-" "-"
198.54.118.134 - - [14/Dec/2023:21:49:14 +0000] "GET / HTTP/1.1" 200 163 "-" "Namecheap Monitoring Agent"
185.61.152.136 - - [14/Dec/2023:21:49:42 +0000] "GET / HTTP/1.1" 200 163 "-" "Namecheap Monitoring Agent"
127.0.0.1 - - [14/Dec/2023:21:50:01 +0000] "GET /whm-server-status HTTP/1.0" 200 6965 "-" "-"
34.78.6.216 - - [14/Dec/2023:21:50:08 +0000] "GET / HTTP/1.1" 200 163 "-" "python-requests/2.31.0"
127.0.0.1 - - [14/Dec/2023:21:52:03 +0000] "GET / HTTP/1.0" 200 163 "-" "-"
198.54.118.134 - - [14/Dec/2023:21:52:14 +0000] "GET / HTTP/1.1" 200 163 "-" "Namecheap Monitoring Agent"
185.61.152.136 - - [14/Dec/2023:21:52:42 +0000] "GET / HTTP/1.1" 200 163 "-" "Namecheap Monitoring Agent"
127.0.0.1 - - [14/Dec/2023:21:55:01 +0000] "GET /whm-server-status HTTP/1.0" 200 6895 "-" "-"
198.54.118.134 - - [14/Dec/2023:21:55:14 +0000] "GET / HTTP/1.1" 200 163 "-" "Namecheap Monitoring Agent"
185.61.152.136 - - [14/Dec/2023:21:55:42 +0000] "GET / HTTP/1.1" 200 163 "-" "Namecheap Monitoring Agent"
127.0.0.1 - - [14/Dec/2023:21:57:04 +0000] "GET / HTTP/1.0" 200 163 "-" "-"
198.54.118.134 - - [14/Dec/2023:21:58:14 +0000] "GET / HTTP/1.1" 200 163 "-" "Namecheap Monitoring Agent"
185.61.152.136 - - [14/Dec/2023:21:58:42 +0000] "GET / HTTP/1.1" 200 163 "-" "Namecheap Monitoring Agent"
127.0.0.1 - - [14/Dec/2023:22:00:01 +0000] "GET /whm-server-status HTTP/1.0" 200 6897 "-" "-"
198.54.118.134 - - [14/Dec/2023:22:01:14 +0000] "GET / HTTP/1.1" 200 163 "-" "Namecheap Monitoring Agent"
185.61.152.136 - - [14/Dec/2023:22:01:42 +0000] "GET / HTTP/1.1" 200 163 "-" "Namecheap Monitoring Agent"
127.0.0.1 - - [14/Dec/2023:22:04:08 +0000] "GET / HTTP/1.0" 200 163 "-" "-"
198.54.118.134 - - [14/Dec/2023:22:04:14 +0000] "GET / HTTP/1.1" 200 163 "-" "Namecheap Monitoring Agent"
185.61.152.136 - - [14/Dec/2023:22:04:42 +0000] "GET / HTTP/1.1" 200 163 "-" "Namecheap Monitoring Agent"
127.0.0.1 - - [14/Dec/2023:22:05:02 +0000] "GET /whm-server-status HTTP/1.0" 200 6937 "-" "-"
172.71.210.138 - - [14/Dec/2023:22:05:41 +0000] "GET /.env HTTP/1.1" 404 10076 "-" "Mozilla/5.0 (Macintosh; Intel Mac OS X 10.15; rv:77.0) Gecko/20100101 Firefox/77.0"
198.54.118.134 - - [14/Dec/2023:22:07:14 +0000] "GET / HTTP/1.1" 200 163 "-" "Namecheap Monitoring Agent"
185.61.152.136 - - [14/Dec/2023:22:07:42 +0000] "GET / HTTP/1.1" 200 163 "-" "Namecheap Monitoring Agent"
60.217.75.70 - - [14/Dec/2023:22:09:15 +0000] "GET / HTTP/1.1" 200 163 "-" "Mozilla/5.0"
127.0.0.1 - - [14/Dec/2023:22:10:01 +0000] "GET /whm-server-status HTTP/1.0" 200 6941 "-" "-"
198.54.118.134 - - [14/Dec/2023:22:10:14 +0000] "GET / HTTP/1.1" 200 163 "-" "Namecheap Monitoring Agent"
185.61.152.136 - - [14/Dec/2023:22:10:42 +0000] "GET / HTTP/1.1" 200 163 "-" "Namecheap Monitoring Agent"
127.0.0.1 - - [14/Dec/2023:22:11:37 +0000] "GET / HTTP/1.0" 200 163 "-" "-"
198.54.118.134 - - [14/Dec/2023:22:13:14 +0000] "GET / HTTP/1.1" 200 163 "-" "Namecheap Monitoring Agent"
185.61.152.136 - - [14/Dec/2023:22:13:42 +0000] "GET / HTTP/1.1" 200 163 "-" "Namecheap Monitoring Agent"
127.0.0.1 - - [14/Dec/2023:22:15:02 +0000] "GET /whm-server-status HTTP/1.0" 200 6895 "-" "-"
198.54.118.134 - - [14/Dec/2023:22:16:14 +0000] "GET / HTTP/1.1" 200 163 "-" "Namecheap Monitoring Agent"
185.61.152.136 - - [14/Dec/2023:22:16:42 +0000] "GET / HTTP/1.1" 200 163 "-" "Namecheap Monitoring Agent"
127.0.0.1 - - [14/Dec/2023:22:16:52 +0000] "GET / HTTP/1.0" 200 163 "-" "-"
198.54.118.134 - - [14/Dec/2023:22:19:14 +0000] "GET / HTTP/1.1" 200 163 "-" "Namecheap Monitoring Agent"
185.61.152.136 - - [14/Dec/2023:22:19:42 +0000] "GET / HTTP/1.1" 200 163 "-" "Namecheap Monitoring Agent"
127.0.0.1 - - [14/Dec/2023:22:20:01 +0000] "GET /whm-server-status HTTP/1.0" 200 6940 "-" "-"
45.94.31.66 - - [14/Dec/2023:22:20:03 +0000] "GET / HTTP/1.1" 200 163 "-" "Mozilla/5.0 (Windows NT 6.1) AppleWebKit/537.36 (KHTML, like Gecko) Chrome/63.0.3474.157 Safari/537.36"
45.94.31.66 - - [14/Dec/2023:22:20:03 +0000] "GET /wordpress/ HTTP/1.1" 404 10085 "-" "Mozilla/5.0 (Windows NT 6.1) AppleWebKit/537.36 (KHTML, like Gecko) Chrome/63.0.3474.157 Safari/537.36"
127.0.0.1 - - [14/Dec/2023:22:21:55 +0000] "GET / HTTP/1.0" 200 163 "-" "-"
198.54.118.134 - - [14/Dec/2023:22:22:14 +0000] "GET / HTTP/1.1" 200 163 "-" "Namecheap Monitoring Agent"
185.61.152.136 - - [14/Dec/2023:22:22:42 +0000] "GET / HTTP/1.1" 200 163 "-" "Namecheap Monitoring Agent"
