64.57.140.93 - - [22/Dec/2023:13:08:21 +0000] "GET /cPanel_magic_revision_1696277153/unprotected/cpanel/images/notice-error.png HTTP/1.1" 200 1026 "https://cpanel.ornateshopinc.com.infinitibizsol.com/cPanel_magic_revision_1696278722/unprotected/cpanel/style_v2_optimized.css" "Mozilla/5.0 (Windows NT 10.0; WOW64) AppleWebKit/537.36 (KHTML, like Gecko) Chrome/110.0.0.0 Safari/537.36"
64.57.140.93 - - [22/Dec/2023:13:08:21 +0000] "GET /cPanel_magic_revision_1648610195/unprotected/cpanel/fonts/open_sans/OpenSans-Regular-webfont.woff HTTP/1.1" 200 22521 "https://cpanel.ornateshopinc.com.infinitibizsol.com/cPanel_magic_revision_1648610195/unprotected/cpanel/fonts/open_sans/open_sans.min.css" "Mozilla/5.0 (Windows NT 10.0; WOW64) AppleWebKit/537.36 (KHTML, like Gecko) Chrome/110.0.0.0 Safari/537.36"
64.57.140.93 - - [22/Dec/2023:13:08:21 +0000] "GET /cPanel_magic_revision_1696277153/unprotected/cpanel/images/icon-username.png HTTP/1.1" 200 320 "https://cpanel.ornateshopinc.com.infinitibizsol.com/cPanel_magic_revision_1696278722/unprotected/cpanel/style_v2_optimized.css" "Mozilla/5.0 (Windows NT 10.0; WOW64) AppleWebKit/537.36 (KHTML, like Gecko) Chrome/110.0.0.0 Safari/537.36"
64.57.140.93 - - [22/Dec/2023:13:08:21 +0000] "GET /cPanel_magic_revision_1696277153/unprotected/cpanel/images/icon-password.png HTTP/1.1" 200 450 "https://cpanel.ornateshopinc.com.infinitibizsol.com/cPanel_magic_revision_1696278722/unprotected/cpanel/style_v2_optimized.css" "Mozilla/5.0 (Windows NT 10.0; WOW64) AppleWebKit/537.36 (KHTML, like Gecko) Chrome/110.0.0.0 Safari/537.36"
64.57.140.93 - - [22/Dec/2023:13:08:21 +0000] "GET /cPanel_magic_revision_1648610195/unprotected/cpanel/fonts/open_sans/OpenSans-Semibold-webfont.woff HTTP/1.1" 200 22776 "https://cpanel.ornateshopinc.com.infinitibizsol.com/cPanel_magic_revision_1648610195/unprotected/cpanel/fonts/open_sans/open_sans.min.css" "Mozilla/5.0 (Windows NT 10.0; WOW64) AppleWebKit/537.36 (KHTML, like Gecko) Chrome/110.0.0.0 Safari/537.36"
64.57.140.93 - - [22/Dec/2023:13:08:21 +0000] "GET /cPanel_magic_revision_1648610195/unprotected/cpanel/fonts/open_sans/OpenSans-Bold-webfont.woff HTTP/1.1" 200 22295 "https://cpanel.ornateshopinc.com.infinitibizsol.com/cPanel_magic_revision_1648610195/unprotected/cpanel/fonts/open_sans/open_sans.min.css" "Mozilla/5.0 (Windows NT 10.0; WOW64) AppleWebKit/537.36 (KHTML, like Gecko) Chrome/110.0.0.0 Safari/537.36"
64.57.140.93 - - [22/Dec/2023:13:08:21 +0000] "GET /cPanel_magic_revision_1696277153/unprotected/cpanel/images/notice-info.png HTTP/1.1" 200 976 "https://cpanel.ornateshopinc.com.infinitibizsol.com/cPanel_magic_revision_1696278722/unprotected/cpanel/style_v2_optimized.css" "Mozilla/5.0 (Windows NT 10.0; WOW64) AppleWebKit/537.36 (KHTML, like Gecko) Chrome/110.0.0.0 Safari/537.36"
64.57.140.93 - - [22/Dec/2023:13:08:21 +0000] "GET /cPanel_magic_revision_1696277153/unprotected/cpanel/images/notice-success.png HTTP/1.1" 200 962 "https://cpanel.ornateshopinc.com.infinitibizsol.com/cPanel_magic_revision_1696278722/unprotected/cpanel/style_v2_optimized.css" "Mozilla/5.0 (Windows NT 10.0; WOW64) AppleWebKit/537.36 (KHTML, like Gecko) Chrome/110.0.0.0 Safari/537.36"
64.57.140.93 - - [22/Dec/2023:13:08:21 +0000] "GET /cPanel_magic_revision_1696277153/unprotected/cpanel/images/warning.png HTTP/1.1" 200 1060 "https://cpanel.ornateshopinc.com.infinitibizsol.com/cPanel_magic_revision_1696278722/unprotected/cpanel/style_v2_optimized.css" "Mozilla/5.0 (Windows NT 10.0; WOW64) AppleWebKit/537.36 (KHTML, like Gecko) Chrome/110.0.0.0 Safari/537.36"
64.57.140.93 - - [22/Dec/2023:13:08:21 +0000] "GET /cPanel_magic_revision_1696277153/unprotected/cpanel/images/cp-logo.svg HTTP/1.1" 200 900 "https://cpanel.ornateshopinc.com.infinitibizsol.com/cPanel_magic_revision_1696278722/unprotected/cpanel/style_v2_optimized.css" "Mozilla/5.0 (Windows NT 10.0; WOW64) AppleWebKit/537.36 (KHTML, like Gecko) Chrome/110.0.0.0 Safari/537.36"
::1 - - [22/Dec/2023:13:08:51 +0000] "OPTIONS * HTTP/1.0" 200 - "-" "Apache/2.4.58 (cPanel) OpenSSL/1.1.1k mod_bwlimited/1.4 (internal dummy connection)"
127.0.0.1 - - [22/Dec/2023:13:09:40 +0000] "GET / HTTP/1.0" 200 163 "-" "-"
127.0.0.1 - - [22/Dec/2023:13:10:01 +0000] "GET /whm-server-status HTTP/1.0" 200 22599 "-" "-"
127.0.0.1 - - [22/Dec/2023:13:15:01 +0000] "GET /whm-server-status HTTP/1.0" 200 22866 "-" "-"
67.21.32.152 - - [22/Dec/2023:13:17:28 +0000] "GET / HTTP/1.1" 200 37550 "https://cpanel.erofdallastx.com.infinitibizsol.com/" "Mozilla/5.0 (iPhone; CPU iPhone OS 16_7_2 like Mac OS X) AppleWebKit/605.1.15 (KHTML, like Gecko) Version/16.6 Mobile/15E148 Safari/604.1"
106.161.65.206 - - [22/Dec/2023:13:17:30 +0000] "GET / HTTP/1.1" 200 38283 "https://cpanel.erofdallastx.com.infinitibizsol.com/" "Mozilla/5.0 (iPhone; CPU iPhone OS 17_1 like Mac OS X) AppleWebKit/605.1.15 (KHTML, like Gecko) CriOS/120.0.6099.101 Mobile/15E148 Safari/604.1"
103.27.227.238 - - [22/Dec/2023:13:17:30 +0000] "GET / HTTP/1.1" 200 37550 "https://cpanel.erofdallastx.com.infinitibizsol.com/" "Mozilla/5.0 (iPhone; CPU iPhone OS 17_1 like Mac OS X) AppleWebKit/605.1.15 (KHTML, like Gecko) CriOS/119.0.6045.169 Mobile/15E148 Safari/604.1"
206.189.247.132 - - [22/Dec/2023:13:17:32 +0000] "GET / HTTP/1.1" 200 37550 "https://cpanel.erofdallastx.com.infinitibizsol.com/" "Mozilla/5.0 (iPhone; CPU iPhone OS 17_1 like Mac OS X) AppleWebKit/605.1.15 (KHTML, like Gecko) CriOS/120.0.6099.101 Mobile/15E148 Safari/604.1"
203.57.50.250 - - [22/Dec/2023:13:17:34 +0000] "GET / HTTP/1.1" 200 37550 "https://cpanel.erofdallastx.com.infinitibizsol.com/" "Mozilla/5.0 (Macintosh; Intel Mac OS X 10_15_7) AppleWebKit/605.1.15 (KHTML, like Gecko) Version/15.6.1 Safari/605.1.15"
127.0.0.1 - - [22/Dec/2023:13:18:18 +0000] "GET / HTTP/1.0" 200 163 "-" "-"
103.27.227.238 - - [22/Dec/2023:13:18:32 +0000] "GET /cPanel_magic_revision_1696277153/unprotected/cpanel/images/cpanel-logo.svg HTTP/1.1" 200 5617 "https://cpanel.erofdallastx.com.infinitibizsol.com/cPanel_magic_revision_1696277153/unprotected/cpanel/images/cpanel-logo.svg" "Mozilla/5.0 (iPhone; CPU iPhone OS 17_1 like Mac OS X) AppleWebKit/605.1.15 (KHTML, like Gecko) CriOS/119.0.6045.169 Mobile/15E148 Safari/604.1"
206.189.247.132 - - [22/Dec/2023:13:18:40 +0000] "GET /cPanel_magic_revision_1696277153/unprotected/cpanel/images/cpanel-logo.svg HTTP/1.1" 200 5617 "https://cpanel.erofdallastx.com.infinitibizsol.com/cPanel_magic_revision_1696277153/unprotected/cpanel/images/cpanel-logo.svg" "Mozilla/5.0 (iPhone; CPU iPhone OS 17_1 like Mac OS X) AppleWebKit/605.1.15 (KHTML, like Gecko) CriOS/120.0.6099.101 Mobile/15E148 Safari/604.1"
67.21.32.152 - - [22/Dec/2023:13:18:55 +0000] "GET /cPanel_magic_revision_1696277153/unprotected/cpanel/images/cpanel-logo.svg HTTP/1.1" 200 5617 "https://cpanel.erofdallastx.com.infinitibizsol.com/cPanel_magic_revision_1696277153/unprotected/cpanel/images/cpanel-logo.svg" "Mozilla/5.0 (iPhone; CPU iPhone OS 16_7_2 like Mac OS X) AppleWebKit/605.1.15 (KHTML, like Gecko) Version/16.6 Mobile/15E148 Safari/604.1"
106.161.65.206 - - [22/Dec/2023:13:19:02 +0000] "GET /cPanel_magic_revision_1696277153/unprotected/cpanel/images/cpanel-logo.svg HTTP/1.1" 200 5617 "https://cpanel.erofdallastx.com.infinitibizsol.com/cPanel_magic_revision_1696277153/unprotected/cpanel/images/cpanel-logo.svg" "Mozilla/5.0 (iPhone; CPU iPhone OS 17_1 like Mac OS X) AppleWebKit/605.1.15 (KHTML, like Gecko) CriOS/120.0.6099.101 Mobile/15E148 Safari/604.1"
103.27.227.238 - - [22/Dec/2023:13:19:19 +0000] "GET /favicon.ico HTTP/1.1" 200 37550 "https://cpanel.erofdallastx.com.infinitibizsol.com/favicon.ico" "Mozilla/5.0 (iPhone; CPU iPhone OS 17_1 like Mac OS X) AppleWebKit/605.1.15 (KHTML, like Gecko) CriOS/119.0.6045.169 Mobile/15E148 Safari/604.1"
167.160.167.212 - - [22/Dec/2023:13:19:57 +0000] "GET / HTTP/1.1" 200 37550 "https://cpanel.ornateshopinc.com.infinitibizsol.com/" "Mozilla/5.0 (iPhone; CPU iPhone OS 17_1 like Mac OS X) AppleWebKit/605.1.15 (KHTML, like Gecko) CriOS/119.0.6045.169 Mobile/15E148 Safari/604.1"
164.90.241.135 - - [22/Dec/2023:13:19:57 +0000] "GET / HTTP/1.1" 200 37977 "https://cpanel.ornateshopinc.com.infinitibizsol.com/" "Mozilla/5.0 (iPhone; CPU iPhone OS 17_1 like Mac OS X) AppleWebKit/605.1.15 (KHTML, like Gecko) CriOS/119.0.6045.169 Mobile/15E148 Safari/604.1"
161.35.246.138 - - [22/Dec/2023:13:19:58 +0000] "GET / HTTP/1.1" 200 37881 "https://cpanel.ornateshopinc.com.infinitibizsol.com/" "Mozilla/5.0 (Windows NT 10.0; Win64; x64) AppleWebKit/537.36 (KHTML, like Gecko) Chrome/119.0.0.0 Safari/537.36 Edg/119.0.0.0"
51.75.141.254 - - [22/Dec/2023:13:19:59 +0000] "GET / HTTP/1.1" 200 38084 "https://cpanel.ornateshopinc.com.infinitibizsol.com/" "Mozilla/5.0 (iPhone; CPU iPhone OS 17_1 like Mac OS X) AppleWebKit/605.1.15 (KHTML, like Gecko) CriOS/119.0.6045.169 Mobile/15E148 Safari/604.1"
127.0.0.1 - - [22/Dec/2023:13:20:02 +0000] "GET /whm-server-status HTTP/1.0" 200 22894 "-" "-"
51.75.141.254 - - [22/Dec/2023:13:20:07 +0000] "GET /cPanel_magic_revision_1696277153/unprotected/cpanel/images/cpanel-logo.svg HTTP/1.1" 200 5617 "https://cpanel.ornateshopinc.com.infinitibizsol.com/cPanel_magic_revision_1696277153/unprotected/cpanel/images/cpanel-logo.svg" "Mozilla/5.0 (iPhone; CPU iPhone OS 17_1 like Mac OS X) AppleWebKit/605.1.15 (KHTML, like Gecko) CriOS/119.0.6045.169 Mobile/15E148 Safari/604.1"
161.35.246.138 - - [22/Dec/2023:13:20:07 +0000] "GET /cPanel_magic_revision_1696277153/unprotected/cpanel/images/cpanel-logo.svg HTTP/1.1" 200 5617 "https://cpanel.ornateshopinc.com.infinitibizsol.com/cPanel_magic_revision_1696277153/unprotected/cpanel/images/cpanel-logo.svg" "Mozilla/5.0 (Windows NT 10.0; Win64; x64) AppleWebKit/537.36 (KHTML, like Gecko) Chrome/119.0.0.0 Safari/537.36 Edg/119.0.0.0"
164.90.241.135 - - [22/Dec/2023:13:20:07 +0000] "GET /cPanel_magic_revision_1696277153/unprotected/cpanel/images/cpanel-logo.svg HTTP/1.1" 200 5617 "https://cpanel.ornateshopinc.com.infinitibizsol.com/cPanel_magic_revision_1696277153/unprotected/cpanel/images/cpanel-logo.svg" "Mozilla/5.0 (iPhone; CPU iPhone OS 17_1 like Mac OS X) AppleWebKit/605.1.15 (KHTML, like Gecko) CriOS/119.0.6045.169 Mobile/15E148 Safari/604.1"
167.160.167.212 - - [22/Dec/2023:13:20:12 +0000] "GET /cPanel_magic_revision_1696277153/unprotected/cpanel/images/cpanel-logo.svg HTTP/1.1" 200 5617 "https://cpanel.ornateshopinc.com.infinitibizsol.com/cPanel_magic_revision_1696277153/unprotected/cpanel/images/cpanel-logo.svg" "Mozilla/5.0 (iPhone; CPU iPhone OS 17_1 like Mac OS X) AppleWebKit/605.1.15 (KHTML, like Gecko) CriOS/119.0.6045.169 Mobile/15E148 Safari/604.1"
164.90.241.135 - - [22/Dec/2023:13:20:23 +0000] "GET /favicon.ico HTTP/1.1" 200 37977 "https://cpanel.ornateshopinc.com.infinitibizsol.com/favicon.ico" "Mozilla/5.0 (iPhone; CPU iPhone OS 17_1 like Mac OS X) AppleWebKit/605.1.15 (KHTML, like Gecko) CriOS/119.0.6045.169 Mobile/15E148 Safari/604.1"
54.66.245.129 - - [22/Dec/2023:13:20:49 +0000] "GET / HTTP/1.1" 200 12358 "-" "Mozilla/5.0 (X11; Linux x86_64) AppleWebKit/537.36 (KHTML, like Gecko) HeadlessChrome/109.0.5414.46 Safari/537.36"
54.66.245.129 - - [22/Dec/2023:13:20:49 +0000] "GET /cPanel_magic_revision_1648610195/unprotected/cpanel/fonts/open_sans/open_sans.min.css HTTP/1.1" 200 522 "https://cpanel.erofdallastx.com.infinitibizsol.com/" "Mozilla/5.0 (X11; Linux x86_64) AppleWebKit/537.36 (KHTML, like Gecko) HeadlessChrome/109.0.5414.46 Safari/537.36"
54.66.245.129 - - [22/Dec/2023:13:20:49 +0000] "GET /cPanel_magic_revision_1696278722/unprotected/cpanel/style_v2_optimized.css HTTP/1.1" 200 33186 "https://cpanel.erofdallastx.com.infinitibizsol.com/" "Mozilla/5.0 (X11; Linux x86_64) AppleWebKit/537.36 (KHTML, like Gecko) HeadlessChrome/109.0.5414.46 Safari/537.36"
54.66.245.129 - - [22/Dec/2023:13:20:50 +0000] "GET /cPanel_magic_revision_1696277153/unprotected/cpanel/images/cpanel-logo.svg HTTP/1.1" 200 2632 "https://cpanel.erofdallastx.com.infinitibizsol.com/" "Mozilla/5.0 (X11; Linux x86_64) AppleWebKit/537.36 (KHTML, like Gecko) HeadlessChrome/109.0.5414.46 Safari/537.36"
54.66.245.129 - - [22/Dec/2023:13:20:50 +0000] "GET /cPanel_magic_revision_1696277153/unprotected/cpanel/images/notice-error.png HTTP/1.1" 200 1026 "https://cpanel.erofdallastx.com.infinitibizsol.com/cPanel_magic_revision_1696278722/unprotected/cpanel/style_v2_optimized.css" "Mozilla/5.0 (X11; Linux x86_64) AppleWebKit/537.36 (KHTML, like Gecko) HeadlessChrome/109.0.5414.46 Safari/537.36"
54.66.245.129 - - [22/Dec/2023:13:20:50 +0000] "GET /cPanel_magic_revision_1696277153/unprotected/cpanel/images/icon-username.png HTTP/1.1" 200 320 "https://cpanel.erofdallastx.com.infinitibizsol.com/cPanel_magic_revision_1696278722/unprotected/cpanel/style_v2_optimized.css" "Mozilla/5.0 (X11; Linux x86_64) AppleWebKit/537.36 (KHTML, like Gecko) HeadlessChrome/109.0.5414.46 Safari/537.36"
54.66.245.129 - - [22/Dec/2023:13:20:50 +0000] "GET /cPanel_magic_revision_1648610195/unprotected/cpanel/fonts/open_sans/OpenSans-Semibold-webfont.woff HTTP/1.1" 200 22776 "https://cpanel.erofdallastx.com.infinitibizsol.com/cPanel_magic_revision_1648610195/unprotected/cpanel/fonts/open_sans/open_sans.min.css" "Mozilla/5.0 (X11; Linux x86_64) AppleWebKit/537.36 (KHTML, like Gecko) HeadlessChrome/109.0.5414.46 Safari/537.36"
54.66.245.129 - - [22/Dec/2023:13:20:50 +0000] "GET /cPanel_magic_revision_1648610195/unprotected/cpanel/fonts/open_sans/OpenSans-Regular-webfont.woff HTTP/1.1" 200 22521 "https://cpanel.erofdallastx.com.infinitibizsol.com/cPanel_magic_revision_1648610195/unprotected/cpanel/fonts/open_sans/open_sans.min.css" "Mozilla/5.0 (X11; Linux x86_64) AppleWebKit/537.36 (KHTML, like Gecko) HeadlessChrome/109.0.5414.46 Safari/537.36"
54.66.245.129 - - [22/Dec/2023:13:20:50 +0000] "GET /cPanel_magic_revision_1648610195/unprotected/cpanel/fonts/open_sans/OpenSans-Bold-webfont.woff HTTP/1.1" 200 22295 "https://cpanel.erofdallastx.com.infinitibizsol.com/cPanel_magic_revision_1648610195/unprotected/cpanel/fonts/open_sans/open_sans.min.css" "Mozilla/5.0 (X11; Linux x86_64) AppleWebKit/537.36 (KHTML, like Gecko) HeadlessChrome/109.0.5414.46 Safari/537.36"
54.66.245.129 - - [22/Dec/2023:13:20:51 +0000] "GET /cPanel_magic_revision_1696277153/unprotected/cpanel/images/cp-logo.svg HTTP/1.1" 200 900 "https://cpanel.erofdallastx.com.infinitibizsol.com/cPanel_magic_revision_1696278722/unprotected/cpanel/style_v2_optimized.css" "Mozilla/5.0 (X11; Linux x86_64) AppleWebKit/537.36 (KHTML, like Gecko) HeadlessChrome/109.0.5414.46 Safari/537.36"
54.66.245.129 - - [22/Dec/2023:13:20:51 +0000] "GET /cPanel_magic_revision_1696277153/unprotected/cpanel/images/icon-password.png HTTP/1.1" 200 450 "https://cpanel.erofdallastx.com.infinitibizsol.com/cPanel_magic_revision_1696278722/unprotected/cpanel/style_v2_optimized.css" "Mozilla/5.0 (X11; Linux x86_64) AppleWebKit/537.36 (KHTML, like Gecko) HeadlessChrome/109.0.5414.46 Safari/537.36"
54.66.245.129 - - [22/Dec/2023:13:20:51 +0000] "GET /cPanel_magic_revision_1696277153/unprotected/cpanel/images/notice-info.png HTTP/1.1" 200 976 "https://cpanel.erofdallastx.com.infinitibizsol.com/cPanel_magic_revision_1696278722/unprotected/cpanel/style_v2_optimized.css" "Mozilla/5.0 (X11; Linux x86_64) AppleWebKit/537.36 (KHTML, like Gecko) HeadlessChrome/109.0.5414.46 Safari/537.36"
54.66.245.129 - - [22/Dec/2023:13:20:51 +0000] "GET /cPanel_magic_revision_1696277153/unprotected/cpanel/images/notice-success.png HTTP/1.1" 200 962 "https://cpanel.erofdallastx.com.infinitibizsol.com/cPanel_magic_revision_1696278722/unprotected/cpanel/style_v2_optimized.css" "Mozilla/5.0 (X11; Linux x86_64) AppleWebKit/537.36 (KHTML, like Gecko) HeadlessChrome/109.0.5414.46 Safari/537.36"
54.66.245.129 - - [22/Dec/2023:13:20:51 +0000] "GET /cPanel_magic_revision_1696277153/unprotected/cpanel/images/warning.png HTTP/1.1" 200 1060 "https://cpanel.erofdallastx.com.infinitibizsol.com/cPanel_magic_revision_1696278722/unprotected/cpanel/style_v2_optimized.css" "Mozilla/5.0 (X11; Linux x86_64) AppleWebKit/537.36 (KHTML, like Gecko) HeadlessChrome/109.0.5414.46 Safari/537.36"
::1 - - [22/Dec/2023:13:21:18 +0000] "OPTIONS * HTTP/1.0" 200 - "-" "Apache/2.4.58 (cPanel) OpenSSL/1.1.1k mod_bwlimited/1.4 (internal dummy connection)"
149.40.50.74 - - [22/Dec/2023:13:21:18 +0000] "GET / HTTP/1.1" 200 37550 "https://cpanel.erofdallastx.com.infinitibizsol.com/" "Mozilla/5.0 (iPhone; CPU iPhone OS 16_3_1 like Mac OS X) AppleWebKit/605.1.15 (KHTML, like Gecko) Version/16.3 Mobile/15E148 Safari/604.1"
82.135.80.31 - - [22/Dec/2023:13:21:19 +0000] "GET / HTTP/1.1" 200 37977 "https://cpanel.erofdallastx.com.infinitibizsol.com/" "Mozilla/5.0 (Windows NT 10.0; Win64; x64) AppleWebKit/537.36 (KHTML, like Gecko) Chrome/120.0.0.0 Safari/537.36 Edg/120.0.0.0"
23.82.137.82 - - [22/Dec/2023:13:21:19 +0000] "GET / HTTP/1.1" 200 37550 "https://cpanel.erofdallastx.com.infinitibizsol.com/" "Mozilla/5.0 (iPhone; CPU iPhone OS 17_1 like Mac OS X) AppleWebKit/605.1.15 (KHTML, like Gecko) CriOS/120.0.6099.101 Mobile/15E148 Safari/604.1"
89.44.201.107 - - [22/Dec/2023:13:21:19 +0000] "GET / HTTP/1.1" 200 37550 "https://cpanel.erofdallastx.com.infinitibizsol.com/" "Mozilla/4.0 (compatible; MSIE 7.0; Windows NT 5.1; 360SE)"
185.253.96.38 - - [22/Dec/2023:13:21:22 +0000] "GET / HTTP/1.1" 200 37881 "https://cpanel.erofdallastx.com.infinitibizsol.com/" "Mozilla/5.0 (iPhone; CPU iPhone OS 16_1_1 like Mac OS X) AppleWebKit/605.1.15 (KHTML, like Gecko) Version/16.1 Mobile/15E148 Safari/604.1"
89.44.201.107 - - [22/Dec/2023:13:21:29 +0000] "GET /cPanel_magic_revision_1696277153/unprotected/cpanel/images/cpanel-logo.svg HTTP/1.1" 200 5617 "https://cpanel.erofdallastx.com.infinitibizsol.com/cPanel_magic_revision_1696277153/unprotected/cpanel/images/cpanel-logo.svg" "Mozilla/4.0 (compatible; MSIE 7.0; Windows NT 5.1; 360SE)"
149.40.50.74 - - [22/Dec/2023:13:21:29 +0000] "GET /cPanel_magic_revision_1696277153/unprotected/cpanel/images/cpanel-logo.svg HTTP/1.1" 200 5617 "https://cpanel.erofdallastx.com.infinitibizsol.com/cPanel_magic_revision_1696277153/unprotected/cpanel/images/cpanel-logo.svg" "Mozilla/5.0 (iPhone; CPU iPhone OS 16_3_1 like Mac OS X) AppleWebKit/605.1.15 (KHTML, like Gecko) Version/16.3 Mobile/15E148 Safari/604.1"
82.135.80.31 - - [22/Dec/2023:13:21:29 +0000] "GET /cPanel_magic_revision_1696277153/unprotected/cpanel/images/cpanel-logo.svg HTTP/1.1" 200 5617 "https://cpanel.erofdallastx.com.infinitibizsol.com/cPanel_magic_revision_1696277153/unprotected/cpanel/images/cpanel-logo.svg" "Mozilla/5.0 (Windows NT 10.0; Win64; x64) AppleWebKit/537.36 (KHTML, like Gecko) Chrome/120.0.0.0 Safari/537.36 Edg/120.0.0.0"
23.82.137.82 - - [22/Dec/2023:13:21:31 +0000] "GET /cPanel_magic_revision_1696277153/unprotected/cpanel/images/cpanel-logo.svg HTTP/1.1" 200 5617 "https://cpanel.erofdallastx.com.infinitibizsol.com/cPanel_magic_revision_1696277153/unprotected/cpanel/images/cpanel-logo.svg" "Mozilla/5.0 (iPhone; CPU iPhone OS 17_1 like Mac OS X) AppleWebKit/605.1.15 (KHTML, like Gecko) CriOS/120.0.6099.101 Mobile/15E148 Safari/604.1"
185.253.96.38 - - [22/Dec/2023:13:21:50 +0000] "GET /cPanel_magic_revision_1696277153/unprotected/cpanel/images/cpanel-logo.svg HTTP/1.1" 200 5617 "https://cpanel.erofdallastx.com.infinitibizsol.com/cPanel_magic_revision_1696277153/unprotected/cpanel/images/cpanel-logo.svg" "Mozilla/5.0 (iPhone; CPU iPhone OS 16_1_1 like Mac OS X) AppleWebKit/605.1.15 (KHTML, like Gecko) Version/16.1 Mobile/15E148 Safari/604.1"
185.253.96.38 - - [22/Dec/2023:13:21:57 +0000] "GET /favicon.ico HTTP/1.1" 200 37881 "https://cpanel.erofdallastx.com.infinitibizsol.com/favicon.ico" "Mozilla/5.0 (iPhone; CPU iPhone OS 16_1_1 like Mac OS X) AppleWebKit/605.1.15 (KHTML, like Gecko) Version/16.1 Mobile/15E148 Safari/604.1"
127.0.0.1 - - [22/Dec/2023:13:24:41 +0000] "GET / HTTP/1.0" 200 163 "-" "-"
127.0.0.1 - - [22/Dec/2023:13:25:01 +0000] "GET /whm-server-status HTTP/1.0" 200 23026 "-" "-"
::1 - - [22/Dec/2023:13:28:08 +0000] "OPTIONS * HTTP/1.0" 200 - "-" "Apache/2.4.58 (cPanel) OpenSSL/1.1.1k mod_bwlimited/1.4 (internal dummy connection)"
129.153.125.162 - - [22/Dec/2023:13:29:24 +0000] "GET / HTTP/1.1" 200 115 "-" "Mozilla/5.0 (Windows NT 10.0; Win64; x64; rv:98.0) Gecko/20100101 Firefox/98.0"
129.153.125.162 - - [22/Dec/2023:13:29:24 +0000] "GET /favicon.ico HTTP/1.1" 404 4323 "-" "Mozilla/5.0 (Windows NT 10.0; Win64; x64; rv:98.0) Gecko/20100101 Firefox/98.0"
129.153.125.162 - - [22/Dec/2023:13:29:24 +0000] "GET / HTTP/1.1" 200 115 "-" "Mozilla/5.0 (X11; Linux x86_64) AppleWebKit/537.36 (KHTML, like Gecko) HeadlessChrome/120.0.6099.28 Safari/537.36"
129.153.125.162 - - [22/Dec/2023:13:29:25 +0000] "GET /cgi-sys/defaultwebpage.cgi HTTP/1.1" 200 1529 "https://server1.infinitibizsol.com/" "Mozilla/5.0 (X11; Linux x86_64) AppleWebKit/537.36 (KHTML, like Gecko) HeadlessChrome/120.0.6099.28 Safari/537.36"
129.153.125.162 - - [22/Dec/2023:13:29:25 +0000] "GET /img-sys/IP_changed.png HTTP/1.1" 200 2939 "https://server1.infinitibizsol.com/cgi-sys/defaultwebpage.cgi" "Mozilla/5.0 (X11; Linux x86_64) AppleWebKit/537.36 (KHTML, like Gecko) HeadlessChrome/120.0.6099.28 Safari/537.36"
129.153.125.162 - - [22/Dec/2023:13:29:25 +0000] "GET /img-sys/server_misconfigured.png HTTP/1.1" 200 3164 "https://server1.infinitibizsol.com/cgi-sys/defaultwebpage.cgi" "Mozilla/5.0 (X11; Linux x86_64) AppleWebKit/537.36 (KHTML, like Gecko) HeadlessChrome/120.0.6099.28 Safari/537.36"
129.153.125.162 - - [22/Dec/2023:13:29:25 +0000] "GET /favicon.ico HTTP/1.1" 404 4323 "-" "Mozilla/5.0 (Windows NT 10.0; Win64; x64; rv:98.0) Gecko/20100101 Firefox/98.0"
96.9.249.45 - - [22/Dec/2023:13:29:30 +0000] "GET / HTTP/1.1" 200 12357 "-" "Mozilla/5.0 (Windows NT 10.0; Win64; x64) AppleWebKit/537.36 (KHTML, like Gecko) Chrome/120.0.6099.109 Safari/537.36"
96.9.249.45 - - [22/Dec/2023:13:29:30 +0000] "GET /cPanel_magic_revision_1648610195/unprotected/cpanel/fonts/open_sans/open_sans.min.css HTTP/1.1" 200 522 "https://webmail.erofdallastx.com.infinitibizsol.com/" "Mozilla/5.0 (Windows NT 10.0; Win64; x64) AppleWebKit/537.36 (KHTML, like Gecko) Chrome/120.0.6099.109 Safari/537.36"
96.9.249.45 - - [22/Dec/2023:13:29:30 +0000] "GET /cPanel_magic_revision_1696277153/unprotected/cpanel/images/webmail-logo.svg HTTP/1.1" 200 2399 "https://webmail.erofdallastx.com.infinitibizsol.com/" "Mozilla/5.0 (Windows NT 10.0; Win64; x64) AppleWebKit/537.36 (KHTML, like Gecko) Chrome/120.0.6099.109 Safari/537.36"
96.9.249.45 - - [22/Dec/2023:13:29:30 +0000] "GET /cPanel_magic_revision_1696278722/unprotected/cpanel/style_v2_optimized.css HTTP/1.1" 200 33186 "https://webmail.erofdallastx.com.infinitibizsol.com/" "Mozilla/5.0 (Windows NT 10.0; Win64; x64) AppleWebKit/537.36 (KHTML, like Gecko) Chrome/120.0.6099.109 Safari/537.36"
96.9.249.45 - - [22/Dec/2023:13:29:30 +0000] "GET /cPanel_magic_revision_1696277153/unprotected/cpanel/images/icon-username.png HTTP/1.1" 200 320 "https://webmail.erofdallastx.com.infinitibizsol.com/cPanel_magic_revision_1696278722/unprotected/cpanel/style_v2_optimized.css" "Mozilla/5.0 (Windows NT 10.0; Win64; x64) AppleWebKit/537.36 (KHTML, like Gecko) Chrome/120.0.6099.109 Safari/537.36"
96.9.249.45 - - [22/Dec/2023:13:29:30 +0000] "GET /cPanel_magic_revision_1696277153/unprotected/cpanel/images/notice-error.png HTTP/1.1" 200 1026 "https://webmail.erofdallastx.com.infinitibizsol.com/cPanel_magic_revision_1696278722/unprotected/cpanel/style_v2_optimized.css" "Mozilla/5.0 (Windows NT 10.0; Win64; x64) AppleWebKit/537.36 (KHTML, like Gecko) Chrome/120.0.6099.109 Safari/537.36"
96.9.249.45 - - [22/Dec/2023:13:29:30 +0000] "GET /cPanel_magic_revision_1648610195/unprotected/cpanel/fonts/open_sans/OpenSans-Regular-webfont.woff HTTP/1.1" 200 22521 "https://webmail.erofdallastx.com.infinitibizsol.com/cPanel_magic_revision_1648610195/unprotected/cpanel/fonts/open_sans/open_sans.min.css" "Mozilla/5.0 (Windows NT 10.0; Win64; x64) AppleWebKit/537.36 (KHTML, like Gecko) Chrome/120.0.6099.109 Safari/537.36"
96.9.249.45 - - [22/Dec/2023:13:29:30 +0000] "GET /cPanel_magic_revision_1696277153/unprotected/cpanel/images/icon-password.png HTTP/1.1" 200 450 "https://webmail.erofdallastx.com.infinitibizsol.com/cPanel_magic_revision_1696278722/unprotected/cpanel/style_v2_optimized.css" "Mozilla/5.0 (Windows NT 10.0; Win64; x64) AppleWebKit/537.36 (KHTML, like Gecko) Chrome/120.0.6099.109 Safari/537.36"
96.9.249.45 - - [22/Dec/2023:13:29:31 +0000] "GET /cPanel_magic_revision_1648610195/unprotected/cpanel/fonts/open_sans/OpenSans-Semibold-webfont.woff HTTP/1.1" 200 22776 "https://webmail.erofdallastx.com.infinitibizsol.com/cPanel_magic_revision_1648610195/unprotected/cpanel/fonts/open_sans/open_sans.min.css" "Mozilla/5.0 (Windows NT 10.0; Win64; x64) AppleWebKit/537.36 (KHTML, like Gecko) Chrome/120.0.6099.109 Safari/537.36"
96.9.249.45 - - [22/Dec/2023:13:29:31 +0000] "GET /cPanel_magic_revision_1648610195/unprotected/cpanel/fonts/open_sans/OpenSans-Bold-webfont.woff HTTP/1.1" 200 22295 "https://webmail.erofdallastx.com.infinitibizsol.com/cPanel_magic_revision_1648610195/unprotected/cpanel/fonts/open_sans/open_sans.min.css" "Mozilla/5.0 (Windows NT 10.0; Win64; x64) AppleWebKit/537.36 (KHTML, like Gecko) Chrome/120.0.6099.109 Safari/537.36"
96.9.249.45 - - [22/Dec/2023:13:29:31 +0000] "GET /cPanel_magic_revision_1696277153/unprotected/cpanel/images/notice-info.png HTTP/1.1" 200 976 "https://webmail.erofdallastx.com.infinitibizsol.com/cPanel_magic_revision_1696278722/unprotected/cpanel/style_v2_optimized.css" "Mozilla/5.0 (Windows NT 10.0; Win64; x64) AppleWebKit/537.36 (KHTML, like Gecko) Chrome/120.0.6099.109 Safari/537.36"
96.9.249.45 - - [22/Dec/2023:13:29:31 +0000] "GET /cPanel_magic_revision_1696277153/unprotected/cpanel/images/warning.png HTTP/1.1" 200 1060 "https://webmail.erofdallastx.com.infinitibizsol.com/cPanel_magic_revision_1696278722/unprotected/cpanel/style_v2_optimized.css" "Mozilla/5.0 (Windows NT 10.0; Win64; x64) AppleWebKit/537.36 (KHTML, like Gecko) Chrome/120.0.6099.109 Safari/537.36"
96.9.249.45 - - [22/Dec/2023:13:29:31 +0000] "GET /cPanel_magic_revision_1696277153/unprotected/cpanel/images/notice-success.png HTTP/1.1" 200 962 "https://webmail.erofdallastx.com.infinitibizsol.com/cPanel_magic_revision_1696278722/unprotected/cpanel/style_v2_optimized.css" "Mozilla/5.0 (Windows NT 10.0; Win64; x64) AppleWebKit/537.36 (KHTML, like Gecko) Chrome/120.0.6099.109 Safari/537.36"
::1 - - [22/Dec/2023:13:29:36 +0000] "OPTIONS * HTTP/1.0" 200 - "-" "Apache/2.4.58 (cPanel) OpenSSL/1.1.1k mod_bwlimited/1.4 (internal dummy connection)"
127.0.0.1 - - [22/Dec/2023:13:29:42 +0000] "GET / HTTP/1.0" 200 163 "-" "-"
::1 - - [22/Dec/2023:13:29:51 +0000] "OPTIONS * HTTP/1.0" 200 - "-" "Apache/2.4.58 (cPanel) OpenSSL/1.1.1k mod_bwlimited/1.4 (internal dummy connection)"
127.0.0.1 - - [22/Dec/2023:13:30:02 +0000] "GET /whm-server-status HTTP/1.0" 200 22992 "-" "-"
1.66.103.17 - - [22/Dec/2023:13:30:33 +0000] "GET / HTTP/1.1" 200 12777 "-" "Mozilla/5.0 (iPhone; CPU iPhone OS 16_6_1 like Mac OS X) AppleWebKit/605.1.15 (KHTML, like Gecko) FxiOS/118.1 Mobile/15E148 Safari/605.1.15"
1.66.103.17 - - [22/Dec/2023:13:30:33 +0000] "GET / HTTP/1.1" 200 12777 "-" "Mozilla/5.0 (iPhone; CPU iPhone OS 16_6_1 like Mac OS X) AppleWebKit/605.1.15 (KHTML, like Gecko) FxiOS/118.1 Mobile/15E148 Safari/605.1.15"
129.153.125.162 - - [22/Dec/2023:13:30:40 +0000] "GET / HTTP/1.1" 200 115 "-" "Mozilla/5.0 (Windows NT 10.0; Win64; x64; rv:98.0) Gecko/20100101 Firefox/98.0"
129.153.125.162 - - [22/Dec/2023:13:30:40 +0000] "GET /favicon.ico HTTP/1.1" 404 4323 "-" "Mozilla/5.0 (Windows NT 10.0; Win64; x64; rv:98.0) Gecko/20100101 Firefox/98.0"
129.153.125.162 - - [22/Dec/2023:13:30:42 +0000] "GET / HTTP/1.1" 200 115 "-" "Mozilla/5.0 (X11; Linux x86_64) AppleWebKit/537.36 (KHTML, like Gecko) HeadlessChrome/120.0.6099.28 Safari/537.36"
129.153.125.162 - - [22/Dec/2023:13:30:43 +0000] "GET /cgi-sys/defaultwebpage.cgi HTTP/1.1" 200 1529 "https://server1.infinitibizsol.com/" "Mozilla/5.0 (X11; Linux x86_64) AppleWebKit/537.36 (KHTML, like Gecko) HeadlessChrome/120.0.6099.28 Safari/537.36"
129.153.125.162 - - [22/Dec/2023:13:30:43 +0000] "GET /img-sys/IP_changed.png HTTP/1.1" 200 2939 "https://server1.infinitibizsol.com/cgi-sys/defaultwebpage.cgi" "Mozilla/5.0 (X11; Linux x86_64) AppleWebKit/537.36 (KHTML, like Gecko) HeadlessChrome/120.0.6099.28 Safari/537.36"
129.153.125.162 - - [22/Dec/2023:13:30:43 +0000] "GET /img-sys/server_misconfigured.png HTTP/1.1" 200 3164 "https://server1.infinitibizsol.com/cgi-sys/defaultwebpage.cgi" "Mozilla/5.0 (X11; Linux x86_64) AppleWebKit/537.36 (KHTML, like Gecko) HeadlessChrome/120.0.6099.28 Safari/537.36"
129.153.125.162 - - [22/Dec/2023:13:30:43 +0000] "GET /img-sys/server_moved.png HTTP/1.1" 200 3327 "https://server1.infinitibizsol.com/cgi-sys/defaultwebpage.cgi" "Mozilla/5.0 (X11; Linux x86_64) AppleWebKit/537.36 (KHTML, like Gecko) HeadlessChrome/120.0.6099.28 Safari/537.36"
129.153.125.162 - - [22/Dec/2023:13:30:43 +0000] "GET /img-sys/powered_by_cpanel.svg HTTP/1.1" 200 2515 "https://server1.infinitibizsol.com/cgi-sys/defaultwebpage.cgi" "Mozilla/5.0 (X11; Linux x86_64) AppleWebKit/537.36 (KHTML, like Gecko) HeadlessChrome/120.0.6099.28 Safari/537.36"
129.153.125.162 - - [22/Dec/2023:13:30:43 +0000] "GET /img-sys/error-bg-left.png HTTP/1.1" 200 8072 "https://server1.infinitibizsol.com/cgi-sys/defaultwebpage.cgi" "Mozilla/5.0 (X11; Linux x86_64) AppleWebKit/537.36 (KHTML, like Gecko) HeadlessChrome/120.0.6099.28 Safari/537.36"
129.153.125.162 - - [22/Dec/2023:13:30:45 +0000] "GET /favicon.ico HTTP/1.1" 404 4323 "-" "Mozilla/5.0 (Windows NT 10.0; Win64; x64; rv:98.0) Gecko/20100101 Firefox/98.0"
38.132.118.71 - - [22/Dec/2023:13:32:11 +0000] "GET / HTTP/1.1" 200 12357 "-" "Mozilla/5.0 (Windows NT 10.0; Win64; x64) AppleWebKit/537.36 (KHTML, like Gecko) Chrome/120.0.6099.109 Safari/537.36"
38.132.118.71 - - [22/Dec/2023:13:32:11 +0000] "GET /cPanel_magic_revision_1648610195/unprotected/cpanel/fonts/open_sans/open_sans.min.css HTTP/1.1" 200 522 "https://webmail.ornateshopinc.com.infinitibizsol.com/" "Mozilla/5.0 (Windows NT 10.0; Win64; x64) AppleWebKit/537.36 (KHTML, like Gecko) Chrome/120.0.6099.109 Safari/537.36"
38.132.118.71 - - [22/Dec/2023:13:32:11 +0000] "GET /cPanel_magic_revision_1696278722/unprotected/cpanel/style_v2_optimized.css HTTP/1.1" 200 33186 "https://webmail.ornateshopinc.com.infinitibizsol.com/" "Mozilla/5.0 (Windows NT 10.0; Win64; x64) AppleWebKit/537.36 (KHTML, like Gecko) Chrome/120.0.6099.109 Safari/537.36"
38.132.118.71 - - [22/Dec/2023:13:32:11 +0000] "GET /cPanel_magic_revision_1696277153/unprotected/cpanel/images/webmail-logo.svg HTTP/1.1" 200 2399 "https://webmail.ornateshopinc.com.infinitibizsol.com/" "Mozilla/5.0 (Windows NT 10.0; Win64; x64) AppleWebKit/537.36 (KHTML, like Gecko) Chrome/120.0.6099.109 Safari/537.36"
38.132.118.71 - - [22/Dec/2023:13:32:12 +0000] "GET /cPanel_magic_revision_1696277153/unprotected/cpanel/images/icon-username.png HTTP/1.1" 200 320 "https://webmail.ornateshopinc.com.infinitibizsol.com/cPanel_magic_revision_1696278722/unprotected/cpanel/style_v2_optimized.css" "Mozilla/5.0 (Windows NT 10.0; Win64; x64) AppleWebKit/537.36 (KHTML, like Gecko) Chrome/120.0.6099.109 Safari/537.36"
38.132.118.71 - - [22/Dec/2023:13:32:12 +0000] "GET /cPanel_magic_revision_1696277153/unprotected/cpanel/images/notice-error.png HTTP/1.1" 200 1026 "https://webmail.ornateshopinc.com.infinitibizsol.com/cPanel_magic_revision_1696278722/unprotected/cpanel/style_v2_optimized.css" "Mozilla/5.0 (Windows NT 10.0; Win64; x64) AppleWebKit/537.36 (KHTML, like Gecko) Chrome/120.0.6099.109 Safari/537.36"
38.132.118.71 - - [22/Dec/2023:13:32:12 +0000] "GET /cPanel_magic_revision_1696277153/unprotected/cpanel/images/icon-password.png HTTP/1.1" 200 450 "https://webmail.ornateshopinc.com.infinitibizsol.com/cPanel_magic_revision_1696278722/unprotected/cpanel/style_v2_optimized.css" "Mozilla/5.0 (Windows NT 10.0; Win64; x64) AppleWebKit/537.36 (KHTML, like Gecko) Chrome/120.0.6099.109 Safari/537.36"
38.132.118.71 - - [22/Dec/2023:13:32:12 +0000] "GET /cPanel_magic_revision_1648610195/unprotected/cpanel/fonts/open_sans/OpenSans-Regular-webfont.woff HTTP/1.1" 200 22521 "https://webmail.ornateshopinc.com.infinitibizsol.com/cPanel_magic_revision_1648610195/unprotected/cpanel/fonts/open_sans/open_sans.min.css" "Mozilla/5.0 (Windows NT 10.0; Win64; x64) AppleWebKit/537.36 (KHTML, like Gecko) Chrome/120.0.6099.109 Safari/537.36"
38.132.118.71 - - [22/Dec/2023:13:32:12 +0000] "GET /cPanel_magic_revision_1648610195/unprotected/cpanel/fonts/open_sans/OpenSans-Bold-webfont.woff HTTP/1.1" 200 22295 "https://webmail.ornateshopinc.com.infinitibizsol.com/cPanel_magic_revision_1648610195/unprotected/cpanel/fonts/open_sans/open_sans.min.css" "Mozilla/5.0 (Windows NT 10.0; Win64; x64) AppleWebKit/537.36 (KHTML, like Gecko) Chrome/120.0.6099.109 Safari/537.36"
38.132.118.71 - - [22/Dec/2023:13:32:12 +0000] "GET /cPanel_magic_revision_1648610195/unprotected/cpanel/fonts/open_sans/OpenSans-Semibold-webfont.woff HTTP/1.1" 200 22776 "https://webmail.ornateshopinc.com.infinitibizsol.com/cPanel_magic_revision_1648610195/unprotected/cpanel/fonts/open_sans/open_sans.min.css" "Mozilla/5.0 (Windows NT 10.0; Win64; x64) AppleWebKit/537.36 (KHTML, like Gecko) Chrome/120.0.6099.109 Safari/537.36"
38.132.118.71 - - [22/Dec/2023:13:32:12 +0000] "GET /cPanel_magic_revision_1696277153/unprotected/cpanel/images/notice-info.png HTTP/1.1" 200 976 "https://webmail.ornateshopinc.com.infinitibizsol.com/cPanel_magic_revision_1696278722/unprotected/cpanel/style_v2_optimized.css" "Mozilla/5.0 (Windows NT 10.0; Win64; x64) AppleWebKit/537.36 (KHTML, like Gecko) Chrome/120.0.6099.109 Safari/537.36"
38.132.118.71 - - [22/Dec/2023:13:32:12 +0000] "GET /cPanel_magic_revision_1696277153/unprotected/cpanel/images/notice-success.png HTTP/1.1" 200 962 "https://webmail.ornateshopinc.com.infinitibizsol.com/cPanel_magic_revision_1696278722/unprotected/cpanel/style_v2_optimized.css" "Mozilla/5.0 (Windows NT 10.0; Win64; x64) AppleWebKit/537.36 (KHTML, like Gecko) Chrome/120.0.6099.109 Safari/537.36"
38.132.118.71 - - [22/Dec/2023:13:32:12 +0000] "GET /cPanel_magic_revision_1696277153/unprotected/cpanel/images/warning.png HTTP/1.1" 200 1060 "https://webmail.ornateshopinc.com.infinitibizsol.com/cPanel_magic_revision_1696278722/unprotected/cpanel/style_v2_optimized.css" "Mozilla/5.0 (Windows NT 10.0; Win64; x64) AppleWebKit/537.36 (KHTML, like Gecko) Chrome/120.0.6099.109 Safari/537.36"
::1 - - [22/Dec/2023:13:32:17 +0000] "OPTIONS * HTTP/1.0" 200 - "-" "Apache/2.4.58 (cPanel) OpenSSL/1.1.1k mod_bwlimited/1.4 (internal dummy connection)"
::1 - - [22/Dec/2023:13:32:18 +0000] "OPTIONS * HTTP/1.0" 200 - "-" "Apache/2.4.58 (cPanel) OpenSSL/1.1.1k mod_bwlimited/1.4 (internal dummy connection)"
127.0.0.1 - - [22/Dec/2023:13:35:02 +0000] "GET /whm-server-status HTTP/1.0" 200 23052 "-" "-"
38.132.118.77 - - [22/Dec/2023:13:37:08 +0000] "GET / HTTP/1.1" 200 12293 "-" "Mozilla/5.0 (Windows NT 10.0; Win64; x64) AppleWebKit/537.36 (KHTML, like Gecko) Chrome/120.0.6099.109 Safari/537.36"
38.132.118.77 - - [22/Dec/2023:13:37:08 +0000] "GET /cPanel_magic_revision_1648610195/unprotected/cpanel/fonts/open_sans/open_sans.min.css HTTP/1.1" 200 522 "https://whm.erofdallastx.com.infinitibizsol.com/" "Mozilla/5.0 (Windows NT 10.0; Win64; x64) AppleWebKit/537.36 (KHTML, like Gecko) Chrome/120.0.6099.109 Safari/537.36"
38.132.118.77 - - [22/Dec/2023:13:37:08 +0000] "GET /cPanel_magic_revision_1696277153/unprotected/cpanel/images/whm-logo_white.svg HTTP/1.1" 200 1516 "https://whm.erofdallastx.com.infinitibizsol.com/" "Mozilla/5.0 (Windows NT 10.0; Win64; x64) AppleWebKit/537.36 (KHTML, like Gecko) Chrome/120.0.6099.109 Safari/537.36"
38.132.118.77 - - [22/Dec/2023:13:37:08 +0000] "GET /cPanel_magic_revision_1696278722/unprotected/cpanel/style_v2_optimized.css HTTP/1.1" 200 33186 "https://whm.erofdallastx.com.infinitibizsol.com/" "Mozilla/5.0 (Windows NT 10.0; Win64; x64) AppleWebKit/537.36 (KHTML, like Gecko) Chrome/120.0.6099.109 Safari/537.36"
38.132.118.77 - - [22/Dec/2023:13:37:08 +0000] "GET /cPanel_magic_revision_1696277153/unprotected/cpanel/images/icon-username.png HTTP/1.1" 200 320 "https://whm.erofdallastx.com.infinitibizsol.com/cPanel_magic_revision_1696278722/unprotected/cpanel/style_v2_optimized.css" "Mozilla/5.0 (Windows NT 10.0; Win64; x64) AppleWebKit/537.36 (KHTML, like Gecko) Chrome/120.0.6099.109 Safari/537.36"
38.132.118.77 - - [22/Dec/2023:13:37:08 +0000] "GET /cPanel_magic_revision_1696277153/unprotected/cpanel/images/notice-error.png HTTP/1.1" 200 1026 "https://whm.erofdallastx.com.infinitibizsol.com/cPanel_magic_revision_1696278722/unprotected/cpanel/style_v2_optimized.css" "Mozilla/5.0 (Windows NT 10.0; Win64; x64) AppleWebKit/537.36 (KHTML, like Gecko) Chrome/120.0.6099.109 Safari/537.36"
38.132.118.77 - - [22/Dec/2023:13:37:08 +0000] "GET /cPanel_magic_revision_1648610195/unprotected/cpanel/fonts/open_sans/OpenSans-Regular-webfont.woff HTTP/1.1" 200 22521 "https://whm.erofdallastx.com.infinitibizsol.com/cPanel_magic_revision_1648610195/unprotected/cpanel/fonts/open_sans/open_sans.min.css" "Mozilla/5.0 (Windows NT 10.0; Win64; x64) AppleWebKit/537.36 (KHTML, like Gecko) Chrome/120.0.6099.109 Safari/537.36"
38.132.118.77 - - [22/Dec/2023:13:37:08 +0000] "GET /cPanel_magic_revision_1696277153/unprotected/cpanel/images/icon-password.png HTTP/1.1" 200 450 "https://whm.erofdallastx.com.infinitibizsol.com/cPanel_magic_revision_1696278722/unprotected/cpanel/style_v2_optimized.css" "Mozilla/5.0 (Windows NT 10.0; Win64; x64) AppleWebKit/537.36 (KHTML, like Gecko) Chrome/120.0.6099.109 Safari/537.36"
38.132.118.77 - - [22/Dec/2023:13:37:08 +0000] "GET /cPanel_magic_revision_1648610195/unprotected/cpanel/fonts/open_sans/OpenSans-Bold-webfont.woff HTTP/1.1" 200 22295 "https://whm.erofdallastx.com.infinitibizsol.com/cPanel_magic_revision_1648610195/unprotected/cpanel/fonts/open_sans/open_sans.min.css" "Mozilla/5.0 (Windows NT 10.0; Win64; x64) AppleWebKit/537.36 (KHTML, like Gecko) Chrome/120.0.6099.109 Safari/537.36"
38.132.118.77 - - [22/Dec/2023:13:37:08 +0000] "GET /cPanel_magic_revision_1696277153/unprotected/cpanel/images/cp-logo_white.svg HTTP/1.1" 200 894 "https://whm.erofdallastx.com.infinitibizsol.com/cPanel_magic_revision_1696278722/unprotected/cpanel/style_v2_optimized.css" "Mozilla/5.0 (Windows NT 10.0; Win64; x64) AppleWebKit/537.36 (KHTML, like Gecko) Chrome/120.0.6099.109 Safari/537.36"
38.132.118.77 - - [22/Dec/2023:13:37:08 +0000] "GET /cPanel_magic_revision_1648610195/unprotected/cpanel/fonts/open_sans/OpenSans-Semibold-webfont.woff HTTP/1.1" 200 22776 "https://whm.erofdallastx.com.infinitibizsol.com/cPanel_magic_revision_1648610195/unprotected/cpanel/fonts/open_sans/open_sans.min.css" "Mozilla/5.0 (Windows NT 10.0; Win64; x64) AppleWebKit/537.36 (KHTML, like Gecko) Chrome/120.0.6099.109 Safari/537.36"
38.132.118.77 - - [22/Dec/2023:13:37:08 +0000] "GET /cPanel_magic_revision_1696277153/unprotected/cpanel/images/notice-info.png HTTP/1.1" 200 976 "https://whm.erofdallastx.com.infinitibizsol.com/cPanel_magic_revision_1696278722/unprotected/cpanel/style_v2_optimized.css" "Mozilla/5.0 (Windows NT 10.0; Win64; x64) AppleWebKit/537.36 (KHTML, like Gecko) Chrome/120.0.6099.109 Safari/537.36"
38.132.118.77 - - [22/Dec/2023:13:37:08 +0000] "GET /cPanel_magic_revision_1696277153/unprotected/cpanel/images/notice-success.png HTTP/1.1" 200 962 "https://whm.erofdallastx.com.infinitibizsol.com/cPanel_magic_revision_1696278722/unprotected/cpanel/style_v2_optimized.css" "Mozilla/5.0 (Windows NT 10.0; Win64; x64) AppleWebKit/537.36 (KHTML, like Gecko) Chrome/120.0.6099.109 Safari/537.36"
38.132.118.77 - - [22/Dec/2023:13:37:09 +0000] "GET /cPanel_magic_revision_1696277153/unprotected/cpanel/images/warning.png HTTP/1.1" 200 1060 "https://whm.erofdallastx.com.infinitibizsol.com/cPanel_magic_revision_1696278722/unprotected/cpanel/style_v2_optimized.css" "Mozilla/5.0 (Windows NT 10.0; Win64; x64) AppleWebKit/537.36 (KHTML, like Gecko) Chrome/120.0.6099.109 Safari/537.36"
::1 - - [22/Dec/2023:13:37:13 +0000] "OPTIONS * HTTP/1.0" 200 - "-" "Apache/2.4.58 (cPanel) OpenSSL/1.1.1k mod_bwlimited/1.4 (internal dummy connection)"
::1 - - [22/Dec/2023:13:37:55 +0000] "OPTIONS * HTTP/1.0" 200 - "-" "Apache/2.4.58 (cPanel) OpenSSL/1.1.1k mod_bwlimited/1.4 (internal dummy connection)"
::1 - - [22/Dec/2023:13:38:57 +0000] "OPTIONS * HTTP/1.0" 200 - "-" "Apache/2.4.58 (cPanel) OpenSSL/1.1.1k mod_bwlimited/1.4 (internal dummy connection)"
5.181.234.132 - - [22/Dec/2023:13:39:25 +0000] "GET / HTTP/1.1" 200 12293 "-" "Mozilla/5.0 (Windows NT 10.0; Win64; x64) AppleWebKit/537.36 (KHTML, like Gecko) Chrome/120.0.6099.109 Safari/537.36"
5.181.234.132 - - [22/Dec/2023:13:39:25 +0000] "GET /cPanel_magic_revision_1648610195/unprotected/cpanel/fonts/open_sans/open_sans.min.css HTTP/1.1" 200 522 "https://whm.ornateshopinc.com.infinitibizsol.com/" "Mozilla/5.0 (Windows NT 10.0; Win64; x64) AppleWebKit/537.36 (KHTML, like Gecko) Chrome/120.0.6099.109 Safari/537.36"
5.181.234.132 - - [22/Dec/2023:13:39:25 +0000] "GET /cPanel_magic_revision_1696278722/unprotected/cpanel/style_v2_optimized.css HTTP/1.1" 200 33186 "https://whm.ornateshopinc.com.infinitibizsol.com/" "Mozilla/5.0 (Windows NT 10.0; Win64; x64) AppleWebKit/537.36 (KHTML, like Gecko) Chrome/120.0.6099.109 Safari/537.36"
5.181.234.132 - - [22/Dec/2023:13:39:25 +0000] "GET /cPanel_magic_revision_1696277153/unprotected/cpanel/images/whm-logo_white.svg HTTP/1.1" 200 1516 "https://whm.ornateshopinc.com.infinitibizsol.com/" "Mozilla/5.0 (Windows NT 10.0; Win64; x64) AppleWebKit/537.36 (KHTML, like Gecko) Chrome/120.0.6099.109 Safari/537.36"
5.181.234.132 - - [22/Dec/2023:13:39:26 +0000] "GET /cPanel_magic_revision_1696277153/unprotected/cpanel/images/icon-username.png HTTP/1.1" 200 320 "https://whm.ornateshopinc.com.infinitibizsol.com/cPanel_magic_revision_1696278722/unprotected/cpanel/style_v2_optimized.css" "Mozilla/5.0 (Windows NT 10.0; Win64; x64) AppleWebKit/537.36 (KHTML, like Gecko) Chrome/120.0.6099.109 Safari/537.36"
5.181.234.132 - - [22/Dec/2023:13:39:26 +0000] "GET /cPanel_magic_revision_1696277153/unprotected/cpanel/images/notice-error.png HTTP/1.1" 200 1026 "https://whm.ornateshopinc.com.infinitibizsol.com/cPanel_magic_revision_1696278722/unprotected/cpanel/style_v2_optimized.css" "Mozilla/5.0 (Windows NT 10.0; Win64; x64) AppleWebKit/537.36 (KHTML, like Gecko) Chrome/120.0.6099.109 Safari/537.36"
5.181.234.132 - - [22/Dec/2023:13:39:26 +0000] "GET /cPanel_magic_revision_1648610195/unprotected/cpanel/fonts/open_sans/OpenSans-Regular-webfont.woff HTTP/1.1" 200 22521 "https://whm.ornateshopinc.com.infinitibizsol.com/cPanel_magic_revision_1648610195/unprotected/cpanel/fonts/open_sans/open_sans.min.css" "Mozilla/5.0 (Windows NT 10.0; Win64; x64) AppleWebKit/537.36 (KHTML, like Gecko) Chrome/120.0.6099.109 Safari/537.36"
5.181.234.132 - - [22/Dec/2023:13:39:26 +0000] "GET /cPanel_magic_revision_1696277153/unprotected/cpanel/images/icon-password.png HTTP/1.1" 200 450 "https://whm.ornateshopinc.com.infinitibizsol.com/cPanel_magic_revision_1696278722/unprotected/cpanel/style_v2_optimized.css" "Mozilla/5.0 (Windows NT 10.0; Win64; x64) AppleWebKit/537.36 (KHTML, like Gecko) Chrome/120.0.6099.109 Safari/537.36"
5.181.234.132 - - [22/Dec/2023:13:39:26 +0000] "GET /cPanel_magic_revision_1648610195/unprotected/cpanel/fonts/open_sans/OpenSans-Semibold-webfont.woff HTTP/1.1" 200 22776 "https://whm.ornateshopinc.com.infinitibizsol.com/cPanel_magic_revision_1648610195/unprotected/cpanel/fonts/open_sans/open_sans.min.css" "Mozilla/5.0 (Windows NT 10.0; Win64; x64) AppleWebKit/537.36 (KHTML, like Gecko) Chrome/120.0.6099.109 Safari/537.36"
5.181.234.132 - - [22/Dec/2023:13:39:26 +0000] "GET /cPanel_magic_revision_1696277153/unprotected/cpanel/images/cp-logo_white.svg HTTP/1.1" 200 894 "https://whm.ornateshopinc.com.infinitibizsol.com/cPanel_magic_revision_1696278722/unprotected/cpanel/style_v2_optimized.css" "Mozilla/5.0 (Windows NT 10.0; Win64; x64) AppleWebKit/537.36 (KHTML, like Gecko) Chrome/120.0.6099.109 Safari/537.36"
5.181.234.132 - - [22/Dec/2023:13:39:26 +0000] "GET /cPanel_magic_revision_1648610195/unprotected/cpanel/fonts/open_sans/OpenSans-Bold-webfont.woff HTTP/1.1" 200 22295 "https://whm.ornateshopinc.com.infinitibizsol.com/cPanel_magic_revision_1648610195/unprotected/cpanel/fonts/open_sans/open_sans.min.css" "Mozilla/5.0 (Windows NT 10.0; Win64; x64) AppleWebKit/537.36 (KHTML, like Gecko) Chrome/120.0.6099.109 Safari/537.36"
5.181.234.132 - - [22/Dec/2023:13:39:26 +0000] "GET /cPanel_magic_revision_1696277153/unprotected/cpanel/images/notice-info.png HTTP/1.1" 200 976 "https://whm.ornateshopinc.com.infinitibizsol.com/cPanel_magic_revision_1696278722/unprotected/cpanel/style_v2_optimized.css" "Mozilla/5.0 (Windows NT 10.0; Win64; x64) AppleWebKit/537.36 (KHTML, like Gecko) Chrome/120.0.6099.109 Safari/537.36"
5.181.234.132 - - [22/Dec/2023:13:39:26 +0000] "GET /cPanel_magic_revision_1696277153/unprotected/cpanel/images/warning.png HTTP/1.1" 200 1060 "https://whm.ornateshopinc.com.infinitibizsol.com/cPanel_magic_revision_1696278722/unprotected/cpanel/style_v2_optimized.css" "Mozilla/5.0 (Windows NT 10.0; Win64; x64) AppleWebKit/537.36 (KHTML, like Gecko) Chrome/120.0.6099.109 Safari/537.36"
5.181.234.132 - - [22/Dec/2023:13:39:26 +0000] "GET /cPanel_magic_revision_1696277153/unprotected/cpanel/images/notice-success.png HTTP/1.1" 200 962 "https://whm.ornateshopinc.com.infinitibizsol.com/cPanel_magic_revision_1696278722/unprotected/cpanel/style_v2_optimized.css" "Mozilla/5.0 (Windows NT 10.0; Win64; x64) AppleWebKit/537.36 (KHTML, like Gecko) Chrome/120.0.6099.109 Safari/537.36"
::1 - - [22/Dec/2023:13:39:30 +0000] "OPTIONS * HTTP/1.0" 200 - "-" "Apache/2.4.58 (cPanel) OpenSSL/1.1.1k mod_bwlimited/1.4 (internal dummy connection)"
::1 - - [22/Dec/2023:13:39:31 +0000] "OPTIONS * HTTP/1.0" 200 - "-" "Apache/2.4.58 (cPanel) OpenSSL/1.1.1k mod_bwlimited/1.4 (internal dummy connection)"
::1 - - [22/Dec/2023:13:39:34 +0000] "OPTIONS * HTTP/1.0" 200 - "-" "Apache/2.4.58 (cPanel) OpenSSL/1.1.1k mod_bwlimited/1.4 (internal dummy connection)"
127.0.0.1 - - [22/Dec/2023:13:39:43 +0000] "GET / HTTP/1.0" 200 163 "-" "-"
::1 - - [22/Dec/2023:13:39:47 +0000] "OPTIONS * HTTP/1.0" 200 - "-" "Apache/2.4.58 (cPanel) OpenSSL/1.1.1k mod_bwlimited/1.4 (internal dummy connection)"
::1 - - [22/Dec/2023:13:39:48 +0000] "OPTIONS * HTTP/1.0" 200 - "-" "Apache/2.4.58 (cPanel) OpenSSL/1.1.1k mod_bwlimited/1.4 (internal dummy connection)"
::1 - - [22/Dec/2023:13:39:51 +0000] "OPTIONS * HTTP/1.0" 200 - "-" "Apache/2.4.58 (cPanel) OpenSSL/1.1.1k mod_bwlimited/1.4 (internal dummy connection)"
::1 - - [22/Dec/2023:13:39:52 +0000] "OPTIONS * HTTP/1.0" 200 - "-" "Apache/2.4.58 (cPanel) OpenSSL/1.1.1k mod_bwlimited/1.4 (internal dummy connection)"
::1 - - [22/Dec/2023:13:39:53 +0000] "OPTIONS * HTTP/1.0" 200 - "-" "Apache/2.4.58 (cPanel) OpenSSL/1.1.1k mod_bwlimited/1.4 (internal dummy connection)"
::1 - - [22/Dec/2023:13:39:54 +0000] "OPTIONS * HTTP/1.0" 200 - "-" "Apache/2.4.58 (cPanel) OpenSSL/1.1.1k mod_bwlimited/1.4 (internal dummy connection)"
::1 - - [22/Dec/2023:13:39:55 +0000] "OPTIONS * HTTP/1.0" 200 - "-" "Apache/2.4.58 (cPanel) OpenSSL/1.1.1k mod_bwlimited/1.4 (internal dummy connection)"
::1 - - [22/Dec/2023:13:39:56 +0000] "OPTIONS * HTTP/1.0" 200 - "-" "Apache/2.4.58 (cPanel) OpenSSL/1.1.1k mod_bwlimited/1.4 (internal dummy connection)"
127.0.0.1 - - [22/Dec/2023:13:40:01 +0000] "GET /whm-server-status HTTP/1.0" 200 23195 "-" "-"
63.246.149.117 - - [22/Dec/2023:13:41:07 +0000] "GET / HTTP/1.1" 200 12293 "-" "Mozilla/5.0 (Windows NT 10.0; WOW64) AppleWebKit/537.36 (KHTML, like Gecko) Chrome/110.0.0.0 Safari/537.36"
63.246.149.117 - - [22/Dec/2023:13:41:07 +0000] "GET /cPanel_magic_revision_1648610195/unprotected/cpanel/fonts/open_sans/open_sans.min.css HTTP/1.1" 200 522 "https://whm.ornateshopinc.com.infinitibizsol.com/" "Mozilla/5.0 (Windows NT 10.0; WOW64) AppleWebKit/537.36 (KHTML, like Gecko) Chrome/110.0.0.0 Safari/537.36"
63.246.149.117 - - [22/Dec/2023:13:41:07 +0000] "GET /cPanel_magic_revision_1696278722/unprotected/cpanel/style_v2_optimized.css HTTP/1.1" 200 33186 "https://whm.ornateshopinc.com.infinitibizsol.com/" "Mozilla/5.0 (Windows NT 10.0; WOW64) AppleWebKit/537.36 (KHTML, like Gecko) Chrome/110.0.0.0 Safari/537.36"
63.246.149.117 - - [22/Dec/2023:13:41:07 +0000] "GET /cPanel_magic_revision_1696277153/unprotected/cpanel/images/whm-logo_white.svg HTTP/1.1" 200 1516 "https://whm.ornateshopinc.com.infinitibizsol.com/" "Mozilla/5.0 (Windows NT 10.0; WOW64) AppleWebKit/537.36 (KHTML, like Gecko) Chrome/110.0.0.0 Safari/537.36"
63.246.149.117 - - [22/Dec/2023:13:41:07 +0000] "GET /cPanel_magic_revision_1696277153/unprotected/cpanel/images/notice-error.png HTTP/1.1" 200 1026 "https://whm.ornateshopinc.com.infinitibizsol.com/cPanel_magic_revision_1696278722/unprotected/cpanel/style_v2_optimized.css" "Mozilla/5.0 (Windows NT 10.0; WOW64) AppleWebKit/537.36 (KHTML, like Gecko) Chrome/110.0.0.0 Safari/537.36"
63.246.149.117 - - [22/Dec/2023:13:41:07 +0000] "GET /cPanel_magic_revision_1696277153/unprotected/cpanel/images/icon-username.png HTTP/1.1" 200 320 "https://whm.ornateshopinc.com.infinitibizsol.com/cPanel_magic_revision_1696278722/unprotected/cpanel/style_v2_optimized.css" "Mozilla/5.0 (Windows NT 10.0; WOW64) AppleWebKit/537.36 (KHTML, like Gecko) Chrome/110.0.0.0 Safari/537.36"
63.246.149.117 - - [22/Dec/2023:13:41:07 +0000] "GET /cPanel_magic_revision_1648610195/unprotected/cpanel/fonts/open_sans/OpenSans-Regular-webfont.woff HTTP/1.1" 200 22521 "https://whm.ornateshopinc.com.infinitibizsol.com/cPanel_magic_revision_1648610195/unprotected/cpanel/fonts/open_sans/open_sans.min.css" "Mozilla/5.0 (Windows NT 10.0; WOW64) AppleWebKit/537.36 (KHTML, like Gecko) Chrome/110.0.0.0 Safari/537.36"
